{"id":98,"date":"2011-03-15T19:52:34","date_gmt":"2011-03-15T18:52:34","guid":{"rendered":"http:\/\/transsib.j-breuer.de\/?page_id=98"},"modified":"2011-03-15T19:52:34","modified_gmt":"2011-03-15T18:52:34","slug":"wagenklassen","status":"publish","type":"page","link":"https:\/\/reisetier.de\/transsib\/reise-im-zug\/wagenklassen\/","title":{"rendered":"Transsibirische Eisenbahn Wagenklassen"},"content":{"rendered":"<div id=\"attachment_111\" style=\"width: 310px\" class=\"wp-caption alignright\"><img loading=\"lazy\" decoding=\"async\" aria-describedby=\"caption-attachment-111\" class=\"size-full wp-image-111\" title=\"wagenklassen\" src=\"https:\/\/reisetier.de\/transsib\/wp-content\/uploads\/sites\/2\/2011\/03\/wagenklassen.jpg\" alt=\"Blick in einen Wagen der 3. Klasse der Transsibirischen Eisenbahn\" width=\"300\" height=\"400\" srcset=\"https:\/\/reisetier.de\/transsib\/wp-content\/uploads\/sites\/2\/2011\/03\/wagenklassen.jpg 300w, https:\/\/reisetier.de\/transsib\/wp-content\/uploads\/sites\/2\/2011\/03\/wagenklassen-225x300.jpg 225w\" sizes=\"auto, (max-width: 300px) 100vw, 300px\" \/><p id=\"caption-attachment-111\" class=\"wp-caption-text\">Blick in einen Wagen der 3. Klasse der Transsibirischen Eisenbahn<\/p><\/div>\n<p>Die Transsibirische Eisenbahn verf\u00fcgt \u00fcber drei verschiedene Wagenklassen. Je nachdem, welche dieser Klassen man w\u00e4hlt, wird man eine v\u00f6llig andere Fahrt erleben. Dabei ist ein Aspekt nat\u00fcrlich der deutlich unterschiedliche Preis. Fast noch wichtiger sind aber die pers\u00f6nlichen Vorlieben. M\u00f6chte man Land und Leute kennen lernen oder lieber in Ruhe die Fahrt genie\u00dfen? Wie hoch sind die hygienischen Anspr\u00fcche?<\/p>\n<h2>Platzkartny &#8211; Die 3. Klasse der Transsibirischen Eisenbahn<\/h2>\n<p>In der billigsten 3. Klasse gibt es keine eigenen Abteils, sondern nur einen Gro\u00dfraum-Wagen. Auf dem Bild auf der rechten Seite kann man sehen, wie es im Inneren eines solchen Wagens aussieht. <\/p>\n<p>Es befinden sich immer zwei Betten \u00fcbereinander. Auf der einen Seite des Gangs sind zwei Etagenbetten nebeneinander und es gibt einen kleinen Tisch am Fenster zwischen den Betten. Die unteren Betten kann man hoch klappen und hat darunter eine Truhe f\u00fcr sein Gep\u00e4ck. Diese Seite ist also wie ein offenes Abteil aufgebaut. Auf der anderen Seite des Gangs sind die Betten parallel zur Gangrichtung. Das untere Bett kann tags\u00fcber zusammengeklappt und so zu einem Tisch umfunktioniert werden. Insgesamt befinden sich in einem Wagen neun solcher Kombinationen, also insgesamt 54 Betten.<\/p>\n<p>Mit so vielen fremden Menschen dicht an dicht zu n\u00e4chtigen ist sicherlich nicht f\u00fcr jeden etwas. Auf der anderen Seite ist ein Ticket dieser sogenannten &#8222;Platznykarty&#8220; viel billiger. Zudem ist es die beste Art Land und Leute bei einer Runde <a href=\"\/transsib\/russland\/durak\/\">Durak<\/a> kennen zu lernen. Die meisten Russen sind sehr freundlich und interessiert an Ausl\u00e4ndern und bieten einem st\u00e4ndig Essen und Trinken an. Wer seine Ruhe braucht und nicht st\u00e4ndig angesprochen werden will, ist hier eher falsch. Solltet ihr euch f\u00fcr diese Wagenklasse entscheiden, versucht m\u00f6glichst ein Bett auf der Abteil-Seite zu bekommen. Dort hat man nachts halbwegs seine Ruhe, weil man mit dem Kopf zum Fenster schl\u00e4ft. Zudem kann man sein Bett auch tags\u00fcber ausgeklappt lassen und sich gem\u00fctlich hinlegen. Die Betten auf der Abteil-Seite haben die Nummern 1-36. Die Betten auf der Gang-Seite haben die Nummern 37-54.<\/p>\n<h3>Kupe und Lux &#8211; Die besseren Klassen der Transsibirischen Eisenbahn<\/h3>\n<p>Die 2. Klasse (Kupe) ist da schon erheblich privater. Hier befinden sich jeweils vier Betten in einem abschlie\u00dfbaren Abteil. Die Aufteilung im Abteil ist wie die der offenen Abteils der 3. Klasse. Es wird dabei keine Unterscheidung zwischen M\u00e4nnern und Frauen gemacht, die Abteils werden einfach belegt. Hier hat man mehr Ruhe, hat aber auch keinen Kontakt zu den Einheimischen. Die 2. Klasse wird haupts\u00e4chlich von Touristen benutzt.<\/p>\n<p>In der 1. Klasse (Lux) befinden sich nur noch zwei Betten in einem Abteil, das obere Bett entf\u00e4llt jeweils. Angeblich sind diese auch sauberer und besser gepflegt. Ein paar gute Eindr\u00fcck \u00fcberwiegend aus der 1. Klasse gibt es \u00fcbrigens auch im Youtube Kanal von <a href=\"https:\/\/www.youtube.com\/user\/LongTimeOut2011\/videos\" target=\"_blank\" rel=\"noopener\">Long Time Out<\/a>.<\/p>\n<h4>Fazit<\/h4>\n<p>Eine eindeutige Empfehlung kann man auch hier nicht abgeben. Wer das wahre Transsib-Abenteuer-Leben haben will, muss die dritte Klasse w\u00e4hlen. Wer glaubt, dass ihm das zu viel ist, ist mit der 2. Klasse besser bedient. Die 1. Klasse kommt wohl f\u00fcr die wenigsten von euch in Frage. Um ein Gef\u00fchl daf\u00fcr zu bekommen, wie sich die Klassen preislich unterscheiden, empfehle ich meine Seite \u00fcber die <a href=\"\/transsib\/preise-transsib-tickets\/gesamtkosten\/\">Preise der Transsibirischen Eisenbahn<\/a>. Denkt daran, dass es die Tickets f\u00fcr die 3. Klasse der Transsibirischen Eisenbahn nicht \u00fcberall zu kaufen gibt. Mehr Infos dazu gibt es auf der <a href=\"\/transsib\/preise-transsib-tickets\/buchung\/\">Buchungsseite<\/a>. <img loading=\"lazy\" decoding=\"async\" src=\"https:\/\/ssl-vg03.met.vgwort.de\/na\/c426407701d74fff8d476e0adfa35a12\" width=\"1\" height=\"1\" alt=\"\"><\/p>\n","protected":false},"excerpt":{"rendered":"<p>Die Transsibirische Eisenbahn verf\u00fcgt \u00fcber drei verschiedene Wagenklassen. Je nachdem, welche dieser Klassen man w\u00e4hlt, wird man eine v\u00f6llig andere Fahrt erleben. Dabei ist ein Aspekt nat\u00fcrlich der deutlich unterschiedliche Preis. Fast noch wichtiger sind aber die pers\u00f6nlichen Vorlieben. M\u00f6chte man Land und Leute kennen lernen oder lieber in Ruhe die Fahrt genie\u00dfen? Wie hoch &#038;hellip <a class=\"read-excerpt\" href=\"https:\/\/reisetier.de\/transsib\/reise-im-zug\/wagenklassen\/\">Continue reading <span class=\"meta-nav\">&raquo;<\/span><\/a><\/p>\n","protected":false},"author":1,"featured_media":0,"parent":94,"menu_order":15,"comment_status":"open","ping_status":"closed","template":"","meta":{"footnotes":""},"class_list":["post-98","page","type-page","status-publish","hentry"],"yoast_head":"<!-- This site is optimized with the Yoast SEO plugin v27.3 - https:\/\/yoast.com\/product\/yoast-seo-wordpress\/ -->\n<title>Transsibirische Eisenbahn Wagenklassen<\/title>\n<meta name=\"description\" content=\"Was f\u00fcr Klassen hat die Transsibirische Eisenbahn? Hier gibt es Informationen \u00fcber die verschiedenen Abteils und was diese unterscheidet.\" \/>\n<meta name=\"robots\" content=\"index, follow, max-snippet:-1, max-image-preview:large, max-video-preview:-1\" \/>\n<link rel=\"canonical\" href=\"https:\/\/reisetier.de\/transsib\/reise-im-zug\/wagenklassen\/\" \/>\n<meta property=\"og:locale\" content=\"de_DE\" \/>\n<meta property=\"og:type\" content=\"article\" \/>\n<meta property=\"og:title\" content=\"Transsibirische Eisenbahn Wagenklassen\" \/>\n<meta property=\"og:description\" content=\"Was f\u00fcr Klassen hat die Transsibirische Eisenbahn? Hier gibt es Informationen \u00fcber die verschiedenen Abteils und was diese unterscheidet.\" \/>\n<meta property=\"og:url\" content=\"https:\/\/reisetier.de\/transsib\/reise-im-zug\/wagenklassen\/\" \/>\n<meta property=\"og:site_name\" content=\"Die Transsibirische Eisenbahn\" \/>\n<meta property=\"og:image\" content=\"https:\/\/reisetier.de\/transsib\/wp-content\/uploads\/sites\/2\/2011\/03\/wagenklassen.jpg\" \/>\n<meta name=\"twitter:card\" content=\"summary_large_image\" \/>\n<meta name=\"twitter:label1\" content=\"Gesch\u00e4tzte Lesezeit\" \/>\n\t<meta name=\"twitter:data1\" content=\"3\u00a0Minuten\" \/>\n<script type=\"application\/ld+json\" class=\"yoast-schema-graph\">{\"@context\":\"https:\\\/\\\/schema.org\",\"@graph\":[{\"@type\":\"WebPage\",\"@id\":\"https:\\\/\\\/reisetier.de\\\/transsib\\\/reise-im-zug\\\/wagenklassen\\\/\",\"url\":\"https:\\\/\\\/reisetier.de\\\/transsib\\\/reise-im-zug\\\/wagenklassen\\\/\",\"name\":\"Transsibirische Eisenbahn Wagenklassen\",\"isPartOf\":{\"@id\":\"https:\\\/\\\/reisetier.de\\\/transsib\\\/#website\"},\"primaryImageOfPage\":{\"@id\":\"https:\\\/\\\/reisetier.de\\\/transsib\\\/reise-im-zug\\\/wagenklassen\\\/#primaryimage\"},\"image\":{\"@id\":\"https:\\\/\\\/reisetier.de\\\/transsib\\\/reise-im-zug\\\/wagenklassen\\\/#primaryimage\"},\"thumbnailUrl\":\"https:\\\/\\\/reisetier.de\\\/transsib\\\/wp-content\\\/uploads\\\/sites\\\/2\\\/2011\\\/03\\\/wagenklassen.jpg\",\"datePublished\":\"2011-03-15T18:52:34+00:00\",\"description\":\"Was f\u00fcr Klassen hat die Transsibirische Eisenbahn? Hier gibt es Informationen \u00fcber die verschiedenen Abteils und was diese unterscheidet.\",\"breadcrumb\":{\"@id\":\"https:\\\/\\\/reisetier.de\\\/transsib\\\/reise-im-zug\\\/wagenklassen\\\/#breadcrumb\"},\"inLanguage\":\"de\",\"potentialAction\":[{\"@type\":\"ReadAction\",\"target\":[\"https:\\\/\\\/reisetier.de\\\/transsib\\\/reise-im-zug\\\/wagenklassen\\\/\"]}]},{\"@type\":\"ImageObject\",\"inLanguage\":\"de\",\"@id\":\"https:\\\/\\\/reisetier.de\\\/transsib\\\/reise-im-zug\\\/wagenklassen\\\/#primaryimage\",\"url\":\"https:\\\/\\\/reisetier.de\\\/transsib\\\/wp-content\\\/uploads\\\/sites\\\/2\\\/2011\\\/03\\\/wagenklassen.jpg\",\"contentUrl\":\"https:\\\/\\\/reisetier.de\\\/transsib\\\/wp-content\\\/uploads\\\/sites\\\/2\\\/2011\\\/03\\\/wagenklassen.jpg\",\"width\":300,\"height\":400,\"caption\":\"Ein Wagen der 3. Klasse der Transsib\"},{\"@type\":\"BreadcrumbList\",\"@id\":\"https:\\\/\\\/reisetier.de\\\/transsib\\\/reise-im-zug\\\/wagenklassen\\\/#breadcrumb\",\"itemListElement\":[{\"@type\":\"ListItem\",\"position\":1,\"name\":\"Home\",\"item\":\"https:\\\/\\\/reisetier.de\\\/transsib\\\/\"},{\"@type\":\"ListItem\",\"position\":2,\"name\":\"Die Reise im Zug\",\"item\":\"https:\\\/\\\/reisetier.de\\\/transsib\\\/reise-im-zug\\\/\"},{\"@type\":\"ListItem\",\"position\":3,\"name\":\"Transsibirische Eisenbahn Wagenklassen\"}]},{\"@type\":\"WebSite\",\"@id\":\"https:\\\/\\\/reisetier.de\\\/transsib\\\/#website\",\"url\":\"https:\\\/\\\/reisetier.de\\\/transsib\\\/\",\"name\":\"Die Transsibirische Eisenbahn\",\"description\":\"Reisen durch Russland, die Mongolei und China\",\"potentialAction\":[{\"@type\":\"SearchAction\",\"target\":{\"@type\":\"EntryPoint\",\"urlTemplate\":\"https:\\\/\\\/reisetier.de\\\/transsib\\\/?s={search_term_string}\"},\"query-input\":{\"@type\":\"PropertyValueSpecification\",\"valueRequired\":true,\"valueName\":\"search_term_string\"}}],\"inLanguage\":\"de\"}]}<\/script>\n<!-- \/ Yoast SEO plugin. -->","yoast_head_json":{"title":"Transsibirische Eisenbahn Wagenklassen","description":"Was f\u00fcr Klassen hat die Transsibirische Eisenbahn? Hier gibt es Informationen \u00fcber die verschiedenen Abteils und was diese unterscheidet.","robots":{"index":"index","follow":"follow","max-snippet":"max-snippet:-1","max-image-preview":"max-image-preview:large","max-video-preview":"max-video-preview:-1"},"canonical":"https:\/\/reisetier.de\/transsib\/reise-im-zug\/wagenklassen\/","og_locale":"de_DE","og_type":"article","og_title":"Transsibirische Eisenbahn Wagenklassen","og_description":"Was f\u00fcr Klassen hat die Transsibirische Eisenbahn? Hier gibt es Informationen \u00fcber die verschiedenen Abteils und was diese unterscheidet.","og_url":"https:\/\/reisetier.de\/transsib\/reise-im-zug\/wagenklassen\/","og_site_name":"Die Transsibirische Eisenbahn","og_image":[{"url":"https:\/\/reisetier.de\/transsib\/wp-content\/uploads\/sites\/2\/2011\/03\/wagenklassen.jpg","type":"","width":"","height":""}],"twitter_card":"summary_large_image","twitter_misc":{"Gesch\u00e4tzte Lesezeit":"3\u00a0Minuten"},"schema":{"@context":"https:\/\/schema.org","@graph":[{"@type":"WebPage","@id":"https:\/\/reisetier.de\/transsib\/reise-im-zug\/wagenklassen\/","url":"https:\/\/reisetier.de\/transsib\/reise-im-zug\/wagenklassen\/","name":"Transsibirische Eisenbahn Wagenklassen","isPartOf":{"@id":"https:\/\/reisetier.de\/transsib\/#website"},"primaryImageOfPage":{"@id":"https:\/\/reisetier.de\/transsib\/reise-im-zug\/wagenklassen\/#primaryimage"},"image":{"@id":"https:\/\/reisetier.de\/transsib\/reise-im-zug\/wagenklassen\/#primaryimage"},"thumbnailUrl":"https:\/\/reisetier.de\/transsib\/wp-content\/uploads\/sites\/2\/2011\/03\/wagenklassen.jpg","datePublished":"2011-03-15T18:52:34+00:00","description":"Was f\u00fcr Klassen hat die Transsibirische Eisenbahn? Hier gibt es Informationen \u00fcber die verschiedenen Abteils und was diese unterscheidet.","breadcrumb":{"@id":"https:\/\/reisetier.de\/transsib\/reise-im-zug\/wagenklassen\/#breadcrumb"},"inLanguage":"de","potentialAction":[{"@type":"ReadAction","target":["https:\/\/reisetier.de\/transsib\/reise-im-zug\/wagenklassen\/"]}]},{"@type":"ImageObject","inLanguage":"de","@id":"https:\/\/reisetier.de\/transsib\/reise-im-zug\/wagenklassen\/#primaryimage","url":"https:\/\/reisetier.de\/transsib\/wp-content\/uploads\/sites\/2\/2011\/03\/wagenklassen.jpg","contentUrl":"https:\/\/reisetier.de\/transsib\/wp-content\/uploads\/sites\/2\/2011\/03\/wagenklassen.jpg","width":300,"height":400,"caption":"Ein Wagen der 3. Klasse der Transsib"},{"@type":"BreadcrumbList","@id":"https:\/\/reisetier.de\/transsib\/reise-im-zug\/wagenklassen\/#breadcrumb","itemListElement":[{"@type":"ListItem","position":1,"name":"Home","item":"https:\/\/reisetier.de\/transsib\/"},{"@type":"ListItem","position":2,"name":"Die Reise im Zug","item":"https:\/\/reisetier.de\/transsib\/reise-im-zug\/"},{"@type":"ListItem","position":3,"name":"Transsibirische Eisenbahn Wagenklassen"}]},{"@type":"WebSite","@id":"https:\/\/reisetier.de\/transsib\/#website","url":"https:\/\/reisetier.de\/transsib\/","name":"Die Transsibirische Eisenbahn","description":"Reisen durch Russland, die Mongolei und China","potentialAction":[{"@type":"SearchAction","target":{"@type":"EntryPoint","urlTemplate":"https:\/\/reisetier.de\/transsib\/?s={search_term_string}"},"query-input":{"@type":"PropertyValueSpecification","valueRequired":true,"valueName":"search_term_string"}}],"inLanguage":"de"}]}},"_links":{"self":[{"href":"https:\/\/reisetier.de\/transsib\/wp-json\/wp\/v2\/pages\/98","targetHints":{"allow":["GET"]}}],"collection":[{"href":"https:\/\/reisetier.de\/transsib\/wp-json\/wp\/v2\/pages"}],"about":[{"href":"https:\/\/reisetier.de\/transsib\/wp-json\/wp\/v2\/types\/page"}],"author":[{"embeddable":true,"href":"https:\/\/reisetier.de\/transsib\/wp-json\/wp\/v2\/users\/1"}],"replies":[{"embeddable":true,"href":"https:\/\/reisetier.de\/transsib\/wp-json\/wp\/v2\/comments?post=98"}],"version-history":[{"count":0,"href":"https:\/\/reisetier.de\/transsib\/wp-json\/wp\/v2\/pages\/98\/revisions"}],"up":[{"embeddable":true,"href":"https:\/\/reisetier.de\/transsib\/wp-json\/wp\/v2\/pages\/94"}],"wp:attachment":[{"href":"https:\/\/reisetier.de\/transsib\/wp-json\/wp\/v2\/media?parent=98"}],"curies":[{"name":"wp","href":"https:\/\/api.w.org\/{rel}","templated":true}]}}