{"id":795,"date":"2011-04-21T21:17:51","date_gmt":"2011-04-21T20:17:51","guid":{"rendered":"http:\/\/www.transsib-tipps.de\/?page_id=795"},"modified":"2011-04-21T21:17:51","modified_gmt":"2011-04-21T20:17:51","slug":"koblenz-moskau","status":"publish","type":"page","link":"https:\/\/reisetier.de\/transsib\/transsibirische-eisenbahn-tagebuch\/koblenz-moskau\/","title":{"rendered":"Von Koblenz nach Moskau"},"content":{"rendered":"<h2>Reisetag 1<\/h2>\n<div id=\"attachment_804\" style=\"width: 310px\" class=\"wp-caption alignright\"><img loading=\"lazy\" decoding=\"async\" aria-describedby=\"caption-attachment-804\" class=\"size-full wp-image-804\" title=\"Noch ein K\u00f6lsch vor der Transsib-Fahrt\" src=\"https:\/\/reisetier.de\/transsib\/wp-content\/uploads\/sites\/2\/2011\/04\/transsib-tagebuch-koelsch.jpg\" alt=\"Das letzte Bier\" width=\"300\" height=\"225\" \/><p id=\"caption-attachment-804\" class=\"wp-caption-text\">Das letzte echte deutsche Bier vor der Fahrt mit der Transsibirischen Eisenbahn<\/p><\/div>\n<p>Unser erster Reisetag begann am Abend des 20. Juli 2009 am Koblenzer Hauptbahnhof. Von dort nahmen wir den Zug nach K\u00f6ln, tranken noch ein letztes K\u00f6lsch und fuhren dann zum Flughafen, sodass wir am fr\u00fchen Morgen in Moskau waren<\/p>\n<p>Schon in Deutschland fiel uns auf, wie offen, freundlich und interessiert die Menschen sind, sobald man sich einen gro\u00dfen Rucksack anzieht. In K\u00f6ln wurden wir direkt eingeladen (&#8222;Ein Bier f\u00fcr die Backpacker&#8220;). Mehrere Leute haben uns schon angesprochen, wo wir denn hin fahren. Alle waren bisher begeistert von unserer Antwort, dass wir mit der Transsibirischen Eisenbahn nach China fahren.<\/p>\n<p>In Moskau angekommen, machten wir als erstes eine ern\u00fcchternde Erfahrung. Die meisten Russen sind zwar freundlich und versuchen zu helfen. Wegen dem v\u00f6lligen Fehlen englischer Sprachkenntnisse, bleibt es aber leider in der Regel auch beim Versuch. Interessant ist auch das Anstell-Verhalten an Fahrkarten-Schaltern. L\u00e4sst man mehr als 10 cm Platz zum Vordermann, fragen h\u00f6fliche Menschen, ob man ansteht. Wenige h\u00f6fliche Leute schieben sich einfach vorbei.<\/p>\n<p>&nbsp;<\/p>\n<div id=\"attachment_815\" style=\"width: 310px\" class=\"wp-caption alignright\"><img loading=\"lazy\" decoding=\"async\" aria-describedby=\"caption-attachment-815\" class=\"size-full wp-image-815\" title=\"Ein blitzeblanker Bahnsteig in Moskau\" src=\"https:\/\/reisetier.de\/transsib\/wp-content\/uploads\/sites\/2\/2011\/04\/moskau-bahnsteig.jpg\" alt=\"Ein blitzeblanker Bahnsteig in Moskau\" width=\"300\" height=\"225\" \/><p id=\"caption-attachment-815\" class=\"wp-caption-text\">Die Bahnsteige in Moskau gl\u00e4nzen vor Sauberkeit.<\/p><\/div>\n<p>Nach einigen Turbulenzen und Fahrkarten-K\u00e4ufen mit H\u00e4nden und F\u00fc\u00dfen kamen wir schlie\u00dflich ziemlich ersch\u00f6pft bei unserem Hostel an. Dort meldeten wir uns an und bezogen unser Zimmer. Sp\u00e4ter kauften wir noch in einer etwas unangenehmeren Gegend der Stadt unsere Fahrkarten f\u00fcr die erste Teilstrecke mit der Transsibirischen Eisenbahn. Selbst der Geldautomat wollte uns in diesem seltsamen Viertel Kreditkarten und Versicherungen andrehen.<\/p>\n<p>W\u00e4hrend unserer ersten Fahrten mit der Moskauer Metro merkten wir schon, dass die Russen offenbar eine Menge Ahnung von Z\u00fcgen haben. Die Bahnsteige sind so sauber, dass sie gl\u00e4nzen. Der Zug, der uns vom Flughafen weg brachte, hatte keine Sitze, sondern eher Sessel. In den riesigen Metro-Stationen h\u00e4ngen Kronleuchter und die Metros kommen im Takt von 2-3 Minuten. Das alles l\u00e4sst doch ziemlich die Vorfreude auf die vor uns liegenden 8000 km in der Transsibirsichen Eisenbahn steigen. <img loading=\"lazy\" decoding=\"async\" src=\"https:\/\/ssl-vg03.met.vgwort.de\/na\/65066d763fb54fffbf36270795df6113\" width=\"1\" height=\"1\" alt=\"\"><\/p>\n","protected":false},"excerpt":{"rendered":"<p>Reisetag 1 Unser erster Reisetag begann am Abend des 20. Juli 2009 am Koblenzer Hauptbahnhof. Von dort nahmen wir den Zug nach K\u00f6ln, tranken noch ein letztes K\u00f6lsch und fuhren dann zum Flughafen, sodass wir am fr\u00fchen Morgen in Moskau waren Schon in Deutschland fiel uns auf, wie offen, freundlich und interessiert die Menschen sind, &#038;hellip <a class=\"read-excerpt\" href=\"https:\/\/reisetier.de\/transsib\/transsibirische-eisenbahn-tagebuch\/koblenz-moskau\/\">Continue reading <span class=\"meta-nav\">&raquo;<\/span><\/a><\/p>\n","protected":false},"author":1,"featured_media":0,"parent":789,"menu_order":57,"comment_status":"open","ping_status":"open","template":"","meta":{"footnotes":""},"class_list":["post-795","page","type-page","status-publish","hentry"],"yoast_head":"<!-- This site is optimized with the Yoast SEO plugin v27.3 - https:\/\/yoast.com\/product\/yoast-seo-wordpress\/ -->\n<title>Mit der Transsibirischen Eisenbahn nach Moskau<\/title>\n<meta name=\"description\" content=\"Hier berichte ich von meinem ersten Tag als Reisender der Transsibirischen Eisenbahn. Was sind die ersten Eindr\u00fccke von Moskau?\" \/>\n<meta name=\"robots\" content=\"index, follow, max-snippet:-1, max-image-preview:large, max-video-preview:-1\" \/>\n<link rel=\"canonical\" href=\"https:\/\/reisetier.de\/transsib\/transsibirische-eisenbahn-tagebuch\/koblenz-moskau\/\" \/>\n<meta property=\"og:locale\" content=\"de_DE\" \/>\n<meta property=\"og:type\" content=\"article\" \/>\n<meta property=\"og:title\" content=\"Mit der Transsibirischen Eisenbahn nach Moskau\" \/>\n<meta property=\"og:description\" content=\"Hier berichte ich von meinem ersten Tag als Reisender der Transsibirischen Eisenbahn. Was sind die ersten Eindr\u00fccke von Moskau?\" \/>\n<meta property=\"og:url\" content=\"https:\/\/reisetier.de\/transsib\/transsibirische-eisenbahn-tagebuch\/koblenz-moskau\/\" \/>\n<meta property=\"og:site_name\" content=\"Die Transsibirische Eisenbahn\" \/>\n<meta property=\"og:image\" content=\"https:\/\/reisetier.de\/transsib\/wp-content\/uploads\/sites\/2\/2011\/04\/transsib-tagebuch-koelsch.jpg\" \/>\n<meta name=\"twitter:card\" content=\"summary_large_image\" \/>\n<meta name=\"twitter:label1\" content=\"Gesch\u00e4tzte Lesezeit\" \/>\n\t<meta name=\"twitter:data1\" content=\"2\u00a0Minuten\" \/>\n<script type=\"application\/ld+json\" class=\"yoast-schema-graph\">{\"@context\":\"https:\\\/\\\/schema.org\",\"@graph\":[{\"@type\":\"WebPage\",\"@id\":\"https:\\\/\\\/reisetier.de\\\/transsib\\\/transsibirische-eisenbahn-tagebuch\\\/koblenz-moskau\\\/\",\"url\":\"https:\\\/\\\/reisetier.de\\\/transsib\\\/transsibirische-eisenbahn-tagebuch\\\/koblenz-moskau\\\/\",\"name\":\"Mit der Transsibirischen Eisenbahn nach Moskau\",\"isPartOf\":{\"@id\":\"https:\\\/\\\/reisetier.de\\\/transsib\\\/#website\"},\"primaryImageOfPage\":{\"@id\":\"https:\\\/\\\/reisetier.de\\\/transsib\\\/transsibirische-eisenbahn-tagebuch\\\/koblenz-moskau\\\/#primaryimage\"},\"image\":{\"@id\":\"https:\\\/\\\/reisetier.de\\\/transsib\\\/transsibirische-eisenbahn-tagebuch\\\/koblenz-moskau\\\/#primaryimage\"},\"thumbnailUrl\":\"https:\\\/\\\/reisetier.de\\\/transsib\\\/wp-content\\\/uploads\\\/sites\\\/2\\\/2011\\\/04\\\/transsib-tagebuch-koelsch.jpg\",\"datePublished\":\"2011-04-21T20:17:51+00:00\",\"description\":\"Hier berichte ich von meinem ersten Tag als Reisender der Transsibirischen Eisenbahn. Was sind die ersten Eindr\u00fccke von Moskau?\",\"breadcrumb\":{\"@id\":\"https:\\\/\\\/reisetier.de\\\/transsib\\\/transsibirische-eisenbahn-tagebuch\\\/koblenz-moskau\\\/#breadcrumb\"},\"inLanguage\":\"de\",\"potentialAction\":[{\"@type\":\"ReadAction\",\"target\":[\"https:\\\/\\\/reisetier.de\\\/transsib\\\/transsibirische-eisenbahn-tagebuch\\\/koblenz-moskau\\\/\"]}]},{\"@type\":\"ImageObject\",\"inLanguage\":\"de\",\"@id\":\"https:\\\/\\\/reisetier.de\\\/transsib\\\/transsibirische-eisenbahn-tagebuch\\\/koblenz-moskau\\\/#primaryimage\",\"url\":\"https:\\\/\\\/reisetier.de\\\/transsib\\\/wp-content\\\/uploads\\\/sites\\\/2\\\/2011\\\/04\\\/transsib-tagebuch-koelsch.jpg\",\"contentUrl\":\"https:\\\/\\\/reisetier.de\\\/transsib\\\/wp-content\\\/uploads\\\/sites\\\/2\\\/2011\\\/04\\\/transsib-tagebuch-koelsch.jpg\",\"width\":300,\"height\":225,\"caption\":\"Der letzte echte deutsche Bier vor der Fahrt mit der Transsib\"},{\"@type\":\"BreadcrumbList\",\"@id\":\"https:\\\/\\\/reisetier.de\\\/transsib\\\/transsibirische-eisenbahn-tagebuch\\\/koblenz-moskau\\\/#breadcrumb\",\"itemListElement\":[{\"@type\":\"ListItem\",\"position\":1,\"name\":\"Home\",\"item\":\"https:\\\/\\\/reisetier.de\\\/transsib\\\/\"},{\"@type\":\"ListItem\",\"position\":2,\"name\":\"Transsib Tagebuch\",\"item\":\"https:\\\/\\\/reisetier.de\\\/transsib\\\/transsibirische-eisenbahn-tagebuch\\\/\"},{\"@type\":\"ListItem\",\"position\":3,\"name\":\"Von Koblenz nach Moskau\"}]},{\"@type\":\"WebSite\",\"@id\":\"https:\\\/\\\/reisetier.de\\\/transsib\\\/#website\",\"url\":\"https:\\\/\\\/reisetier.de\\\/transsib\\\/\",\"name\":\"Die Transsibirische Eisenbahn\",\"description\":\"Reisen durch Russland, die Mongolei und China\",\"potentialAction\":[{\"@type\":\"SearchAction\",\"target\":{\"@type\":\"EntryPoint\",\"urlTemplate\":\"https:\\\/\\\/reisetier.de\\\/transsib\\\/?s={search_term_string}\"},\"query-input\":{\"@type\":\"PropertyValueSpecification\",\"valueRequired\":true,\"valueName\":\"search_term_string\"}}],\"inLanguage\":\"de\"}]}<\/script>\n<!-- \/ Yoast SEO plugin. -->","yoast_head_json":{"title":"Mit der Transsibirischen Eisenbahn nach Moskau","description":"Hier berichte ich von meinem ersten Tag als Reisender der Transsibirischen Eisenbahn. Was sind die ersten Eindr\u00fccke von Moskau?","robots":{"index":"index","follow":"follow","max-snippet":"max-snippet:-1","max-image-preview":"max-image-preview:large","max-video-preview":"max-video-preview:-1"},"canonical":"https:\/\/reisetier.de\/transsib\/transsibirische-eisenbahn-tagebuch\/koblenz-moskau\/","og_locale":"de_DE","og_type":"article","og_title":"Mit der Transsibirischen Eisenbahn nach Moskau","og_description":"Hier berichte ich von meinem ersten Tag als Reisender der Transsibirischen Eisenbahn. Was sind die ersten Eindr\u00fccke von Moskau?","og_url":"https:\/\/reisetier.de\/transsib\/transsibirische-eisenbahn-tagebuch\/koblenz-moskau\/","og_site_name":"Die Transsibirische Eisenbahn","og_image":[{"url":"https:\/\/reisetier.de\/transsib\/wp-content\/uploads\/sites\/2\/2011\/04\/transsib-tagebuch-koelsch.jpg","type":"","width":"","height":""}],"twitter_card":"summary_large_image","twitter_misc":{"Gesch\u00e4tzte Lesezeit":"2\u00a0Minuten"},"schema":{"@context":"https:\/\/schema.org","@graph":[{"@type":"WebPage","@id":"https:\/\/reisetier.de\/transsib\/transsibirische-eisenbahn-tagebuch\/koblenz-moskau\/","url":"https:\/\/reisetier.de\/transsib\/transsibirische-eisenbahn-tagebuch\/koblenz-moskau\/","name":"Mit der Transsibirischen Eisenbahn nach Moskau","isPartOf":{"@id":"https:\/\/reisetier.de\/transsib\/#website"},"primaryImageOfPage":{"@id":"https:\/\/reisetier.de\/transsib\/transsibirische-eisenbahn-tagebuch\/koblenz-moskau\/#primaryimage"},"image":{"@id":"https:\/\/reisetier.de\/transsib\/transsibirische-eisenbahn-tagebuch\/koblenz-moskau\/#primaryimage"},"thumbnailUrl":"https:\/\/reisetier.de\/transsib\/wp-content\/uploads\/sites\/2\/2011\/04\/transsib-tagebuch-koelsch.jpg","datePublished":"2011-04-21T20:17:51+00:00","description":"Hier berichte ich von meinem ersten Tag als Reisender der Transsibirischen Eisenbahn. Was sind die ersten Eindr\u00fccke von Moskau?","breadcrumb":{"@id":"https:\/\/reisetier.de\/transsib\/transsibirische-eisenbahn-tagebuch\/koblenz-moskau\/#breadcrumb"},"inLanguage":"de","potentialAction":[{"@type":"ReadAction","target":["https:\/\/reisetier.de\/transsib\/transsibirische-eisenbahn-tagebuch\/koblenz-moskau\/"]}]},{"@type":"ImageObject","inLanguage":"de","@id":"https:\/\/reisetier.de\/transsib\/transsibirische-eisenbahn-tagebuch\/koblenz-moskau\/#primaryimage","url":"https:\/\/reisetier.de\/transsib\/wp-content\/uploads\/sites\/2\/2011\/04\/transsib-tagebuch-koelsch.jpg","contentUrl":"https:\/\/reisetier.de\/transsib\/wp-content\/uploads\/sites\/2\/2011\/04\/transsib-tagebuch-koelsch.jpg","width":300,"height":225,"caption":"Der letzte echte deutsche Bier vor der Fahrt mit der Transsib"},{"@type":"BreadcrumbList","@id":"https:\/\/reisetier.de\/transsib\/transsibirische-eisenbahn-tagebuch\/koblenz-moskau\/#breadcrumb","itemListElement":[{"@type":"ListItem","position":1,"name":"Home","item":"https:\/\/reisetier.de\/transsib\/"},{"@type":"ListItem","position":2,"name":"Transsib Tagebuch","item":"https:\/\/reisetier.de\/transsib\/transsibirische-eisenbahn-tagebuch\/"},{"@type":"ListItem","position":3,"name":"Von Koblenz nach Moskau"}]},{"@type":"WebSite","@id":"https:\/\/reisetier.de\/transsib\/#website","url":"https:\/\/reisetier.de\/transsib\/","name":"Die Transsibirische Eisenbahn","description":"Reisen durch Russland, die Mongolei und China","potentialAction":[{"@type":"SearchAction","target":{"@type":"EntryPoint","urlTemplate":"https:\/\/reisetier.de\/transsib\/?s={search_term_string}"},"query-input":{"@type":"PropertyValueSpecification","valueRequired":true,"valueName":"search_term_string"}}],"inLanguage":"de"}]}},"_links":{"self":[{"href":"https:\/\/reisetier.de\/transsib\/wp-json\/wp\/v2\/pages\/795","targetHints":{"allow":["GET"]}}],"collection":[{"href":"https:\/\/reisetier.de\/transsib\/wp-json\/wp\/v2\/pages"}],"about":[{"href":"https:\/\/reisetier.de\/transsib\/wp-json\/wp\/v2\/types\/page"}],"author":[{"embeddable":true,"href":"https:\/\/reisetier.de\/transsib\/wp-json\/wp\/v2\/users\/1"}],"replies":[{"embeddable":true,"href":"https:\/\/reisetier.de\/transsib\/wp-json\/wp\/v2\/comments?post=795"}],"version-history":[{"count":0,"href":"https:\/\/reisetier.de\/transsib\/wp-json\/wp\/v2\/pages\/795\/revisions"}],"up":[{"embeddable":true,"href":"https:\/\/reisetier.de\/transsib\/wp-json\/wp\/v2\/pages\/789"}],"wp:attachment":[{"href":"https:\/\/reisetier.de\/transsib\/wp-json\/wp\/v2\/media?parent=795"}],"curies":[{"name":"wp","href":"https:\/\/api.w.org\/{rel}","templated":true}]}}