{"id":392,"date":"2011-03-22T17:47:29","date_gmt":"2011-03-22T16:47:29","guid":{"rendered":"http:\/\/www.transsib-tipps.de\/?page_id=392"},"modified":"2011-03-22T17:47:29","modified_gmt":"2011-03-22T16:47:29","slug":"ueber-mich","status":"publish","type":"page","link":"https:\/\/reisetier.de\/transsib\/ueber-mich\/","title":{"rendered":"\u00dcber mich"},"content":{"rendered":"<h2>Wer ich bin und warum es diese Seite gibt<\/h2>\n<p><img loading=\"lazy\" decoding=\"async\" src=\"https:\/\/reisetier.de\/transsib\/wp-content\/uploads\/sites\/2\/2011\/03\/jonas.jpg\" alt=\"Jonas\" title=\"jonas\" width=\"400\" height=\"300\" class=\"alignright size-full wp-image-396\" srcset=\"https:\/\/reisetier.de\/transsib\/wp-content\/uploads\/sites\/2\/2011\/03\/jonas.jpg 400w, https:\/\/reisetier.de\/transsib\/wp-content\/uploads\/sites\/2\/2011\/03\/jonas-300x225.jpg 300w\" sizes=\"auto, (max-width: 400px) 100vw, 400px\" \/>Mein Name ist Jonas Breuer und ich bin <a href=\"https:\/\/www.j-breuer.de\/\" target=\"_blank\" rel=\"noopener noreferrer\">selbst\u00e4ndiger Webentwickler<\/a>. Nachdem ich im Herbst 2008 f\u00fcr zwei Wochen eine Studentenreise nach Jordanien, Israel und Pal\u00e4stina gemacht habe, hat mich das Reisefieber gepackt.<\/p>\n<p>Im Sommer 2009 bin ich zusammen mit zwei Freunden mit der Transsibirischen Eisenbahn innerhalb von f\u00fcnf Wochen von Moskau bis nach Peking gefahren. Von Peking aus sind wir in die chinesische Hafenstadt Qingdao gefahren, wo wir ein Semester lang studiert haben. Nach dem Semester sind wir noch einen Monat lang durch China gereist. <\/p>\n<p>Im Sommer 2011 ging es dann f\u00fcr acht Monate mit meiner Freundin nach Australien, auf die Fiji-Inseln und nach Malaysia.<\/p>\n<p>Bei Fragen oder Anmerkungen zu Seite freue ich mich jederzeit \u00fcber Nachrichten \u00fcber mein <a href=\"\/transsib\/kontakt\/\">Kontaktformular<\/a>.<\/p>\n","protected":false},"excerpt":{"rendered":"<p>Wer ich bin und warum es diese Seite gibt Mein Name ist Jonas Breuer und ich bin selbst\u00e4ndiger Webentwickler. Nachdem ich im Herbst 2008 f\u00fcr zwei Wochen eine Studentenreise nach Jordanien, Israel und Pal\u00e4stina gemacht habe, hat mich das Reisefieber gepackt. Im Sommer 2009 bin ich zusammen mit zwei Freunden mit der Transsibirischen Eisenbahn innerhalb &#038;hellip <a class=\"read-excerpt\" href=\"https:\/\/reisetier.de\/transsib\/ueber-mich\/\">Continue reading <span class=\"meta-nav\">&raquo;<\/span><\/a><\/p>\n","protected":false},"author":1,"featured_media":0,"parent":0,"menu_order":35,"comment_status":"open","ping_status":"open","template":"","meta":{"footnotes":""},"class_list":["post-392","page","type-page","status-publish","hentry"],"yoast_head":"<!-- This site is optimized with the Yoast SEO plugin v27.5 - https:\/\/yoast.com\/product\/yoast-seo-wordpress\/ -->\n<title>\u00dcber mich<\/title>\n<meta name=\"description\" content=\"Hier gibt es Infos \u00fcber mich, wer ich bin und warum ich mich so f\u00fcr das Reisen und f\u00fcr die Transsibirische Eisenbahn interessiere.\" \/>\n<meta name=\"robots\" content=\"index, follow, max-snippet:-1, max-image-preview:large, max-video-preview:-1\" \/>\n<link rel=\"canonical\" href=\"https:\/\/reisetier.de\/transsib\/ueber-mich\/\" \/>\n<meta property=\"og:locale\" content=\"de_DE\" \/>\n<meta property=\"og:type\" content=\"article\" \/>\n<meta property=\"og:title\" content=\"\u00dcber mich\" \/>\n<meta property=\"og:description\" content=\"Hier gibt es Infos \u00fcber mich, wer ich bin und warum ich mich so f\u00fcr das Reisen und f\u00fcr die Transsibirische Eisenbahn interessiere.\" \/>\n<meta property=\"og:url\" content=\"https:\/\/reisetier.de\/transsib\/ueber-mich\/\" \/>\n<meta property=\"og:site_name\" content=\"Die Transsibirische Eisenbahn\" \/>\n<meta property=\"og:image\" content=\"https:\/\/reisetier.de\/transsib\/wp-content\/uploads\/sites\/2\/2011\/03\/jonas.jpg\" \/>\n<meta name=\"twitter:card\" content=\"summary_large_image\" \/>\n<meta name=\"twitter:label1\" content=\"Gesch\u00e4tzte Lesezeit\" \/>\n\t<meta name=\"twitter:data1\" content=\"1\u00a0Minute\" \/>\n<script type=\"application\/ld+json\" class=\"yoast-schema-graph\">{\"@context\":\"https:\\\/\\\/schema.org\",\"@graph\":[{\"@type\":\"WebPage\",\"@id\":\"https:\\\/\\\/reisetier.de\\\/transsib\\\/ueber-mich\\\/\",\"url\":\"https:\\\/\\\/reisetier.de\\\/transsib\\\/ueber-mich\\\/\",\"name\":\"\u00dcber mich\",\"isPartOf\":{\"@id\":\"https:\\\/\\\/reisetier.de\\\/transsib\\\/#website\"},\"primaryImageOfPage\":{\"@id\":\"https:\\\/\\\/reisetier.de\\\/transsib\\\/ueber-mich\\\/#primaryimage\"},\"image\":{\"@id\":\"https:\\\/\\\/reisetier.de\\\/transsib\\\/ueber-mich\\\/#primaryimage\"},\"thumbnailUrl\":\"https:\\\/\\\/reisetier.de\\\/transsib\\\/wp-content\\\/uploads\\\/sites\\\/2\\\/2011\\\/03\\\/jonas.jpg\",\"datePublished\":\"2011-03-22T16:47:29+00:00\",\"description\":\"Hier gibt es Infos \u00fcber mich, wer ich bin und warum ich mich so f\u00fcr das Reisen und f\u00fcr die Transsibirische Eisenbahn interessiere.\",\"breadcrumb\":{\"@id\":\"https:\\\/\\\/reisetier.de\\\/transsib\\\/ueber-mich\\\/#breadcrumb\"},\"inLanguage\":\"de\",\"potentialAction\":[{\"@type\":\"ReadAction\",\"target\":[\"https:\\\/\\\/reisetier.de\\\/transsib\\\/ueber-mich\\\/\"]}]},{\"@type\":\"ImageObject\",\"inLanguage\":\"de\",\"@id\":\"https:\\\/\\\/reisetier.de\\\/transsib\\\/ueber-mich\\\/#primaryimage\",\"url\":\"https:\\\/\\\/reisetier.de\\\/transsib\\\/wp-content\\\/uploads\\\/sites\\\/2\\\/2011\\\/03\\\/jonas.jpg\",\"contentUrl\":\"https:\\\/\\\/reisetier.de\\\/transsib\\\/wp-content\\\/uploads\\\/sites\\\/2\\\/2011\\\/03\\\/jonas.jpg\",\"width\":400,\"height\":300,\"caption\":\"Jonas\"},{\"@type\":\"BreadcrumbList\",\"@id\":\"https:\\\/\\\/reisetier.de\\\/transsib\\\/ueber-mich\\\/#breadcrumb\",\"itemListElement\":[{\"@type\":\"ListItem\",\"position\":1,\"name\":\"Home\",\"item\":\"https:\\\/\\\/reisetier.de\\\/transsib\\\/\"},{\"@type\":\"ListItem\",\"position\":2,\"name\":\"\u00dcber mich\"}]},{\"@type\":\"WebSite\",\"@id\":\"https:\\\/\\\/reisetier.de\\\/transsib\\\/#website\",\"url\":\"https:\\\/\\\/reisetier.de\\\/transsib\\\/\",\"name\":\"Die Transsibirische Eisenbahn\",\"description\":\"Reisen durch Russland, die Mongolei und China\",\"potentialAction\":[{\"@type\":\"SearchAction\",\"target\":{\"@type\":\"EntryPoint\",\"urlTemplate\":\"https:\\\/\\\/reisetier.de\\\/transsib\\\/?s={search_term_string}\"},\"query-input\":{\"@type\":\"PropertyValueSpecification\",\"valueRequired\":true,\"valueName\":\"search_term_string\"}}],\"inLanguage\":\"de\"}]}<\/script>\n<!-- \/ Yoast SEO plugin. -->","yoast_head_json":{"title":"\u00dcber mich","description":"Hier gibt es Infos \u00fcber mich, wer ich bin und warum ich mich so f\u00fcr das Reisen und f\u00fcr die Transsibirische Eisenbahn interessiere.","robots":{"index":"index","follow":"follow","max-snippet":"max-snippet:-1","max-image-preview":"max-image-preview:large","max-video-preview":"max-video-preview:-1"},"canonical":"https:\/\/reisetier.de\/transsib\/ueber-mich\/","og_locale":"de_DE","og_type":"article","og_title":"\u00dcber mich","og_description":"Hier gibt es Infos \u00fcber mich, wer ich bin und warum ich mich so f\u00fcr das Reisen und f\u00fcr die Transsibirische Eisenbahn interessiere.","og_url":"https:\/\/reisetier.de\/transsib\/ueber-mich\/","og_site_name":"Die Transsibirische Eisenbahn","og_image":[{"url":"https:\/\/reisetier.de\/transsib\/wp-content\/uploads\/sites\/2\/2011\/03\/jonas.jpg","type":"","width":"","height":""}],"twitter_card":"summary_large_image","twitter_misc":{"Gesch\u00e4tzte Lesezeit":"1\u00a0Minute"},"schema":{"@context":"https:\/\/schema.org","@graph":[{"@type":"WebPage","@id":"https:\/\/reisetier.de\/transsib\/ueber-mich\/","url":"https:\/\/reisetier.de\/transsib\/ueber-mich\/","name":"\u00dcber mich","isPartOf":{"@id":"https:\/\/reisetier.de\/transsib\/#website"},"primaryImageOfPage":{"@id":"https:\/\/reisetier.de\/transsib\/ueber-mich\/#primaryimage"},"image":{"@id":"https:\/\/reisetier.de\/transsib\/ueber-mich\/#primaryimage"},"thumbnailUrl":"https:\/\/reisetier.de\/transsib\/wp-content\/uploads\/sites\/2\/2011\/03\/jonas.jpg","datePublished":"2011-03-22T16:47:29+00:00","description":"Hier gibt es Infos \u00fcber mich, wer ich bin und warum ich mich so f\u00fcr das Reisen und f\u00fcr die Transsibirische Eisenbahn interessiere.","breadcrumb":{"@id":"https:\/\/reisetier.de\/transsib\/ueber-mich\/#breadcrumb"},"inLanguage":"de","potentialAction":[{"@type":"ReadAction","target":["https:\/\/reisetier.de\/transsib\/ueber-mich\/"]}]},{"@type":"ImageObject","inLanguage":"de","@id":"https:\/\/reisetier.de\/transsib\/ueber-mich\/#primaryimage","url":"https:\/\/reisetier.de\/transsib\/wp-content\/uploads\/sites\/2\/2011\/03\/jonas.jpg","contentUrl":"https:\/\/reisetier.de\/transsib\/wp-content\/uploads\/sites\/2\/2011\/03\/jonas.jpg","width":400,"height":300,"caption":"Jonas"},{"@type":"BreadcrumbList","@id":"https:\/\/reisetier.de\/transsib\/ueber-mich\/#breadcrumb","itemListElement":[{"@type":"ListItem","position":1,"name":"Home","item":"https:\/\/reisetier.de\/transsib\/"},{"@type":"ListItem","position":2,"name":"\u00dcber mich"}]},{"@type":"WebSite","@id":"https:\/\/reisetier.de\/transsib\/#website","url":"https:\/\/reisetier.de\/transsib\/","name":"Die Transsibirische Eisenbahn","description":"Reisen durch Russland, die Mongolei und China","potentialAction":[{"@type":"SearchAction","target":{"@type":"EntryPoint","urlTemplate":"https:\/\/reisetier.de\/transsib\/?s={search_term_string}"},"query-input":{"@type":"PropertyValueSpecification","valueRequired":true,"valueName":"search_term_string"}}],"inLanguage":"de"}]}},"_links":{"self":[{"href":"https:\/\/reisetier.de\/transsib\/wp-json\/wp\/v2\/pages\/392","targetHints":{"allow":["GET"]}}],"collection":[{"href":"https:\/\/reisetier.de\/transsib\/wp-json\/wp\/v2\/pages"}],"about":[{"href":"https:\/\/reisetier.de\/transsib\/wp-json\/wp\/v2\/types\/page"}],"author":[{"embeddable":true,"href":"https:\/\/reisetier.de\/transsib\/wp-json\/wp\/v2\/users\/1"}],"replies":[{"embeddable":true,"href":"https:\/\/reisetier.de\/transsib\/wp-json\/wp\/v2\/comments?post=392"}],"version-history":[{"count":0,"href":"https:\/\/reisetier.de\/transsib\/wp-json\/wp\/v2\/pages\/392\/revisions"}],"wp:attachment":[{"href":"https:\/\/reisetier.de\/transsib\/wp-json\/wp\/v2\/media?parent=392"}],"curies":[{"name":"wp","href":"https:\/\/api.w.org\/{rel}","templated":true}]}}