{"id":323,"date":"2011-03-21T13:49:49","date_gmt":"2011-03-21T12:49:49","guid":{"rendered":"http:\/\/www.transsib-tipps.de\/?page_id=323"},"modified":"2011-03-21T13:49:49","modified_gmt":"2011-03-21T12:49:49","slug":"russland-visum","status":"publish","type":"page","link":"https:\/\/reisetier.de\/transsib\/reise-organisation\/russland-visum\/","title":{"rendered":"Russland Visum"},"content":{"rendered":"<h2>Wie bekomme ich ein Visum f\u00fcr Russland?<\/h2>\n<div id=\"attachment_359\" style=\"width: 410px\" class=\"wp-caption alignright\"><img loading=\"lazy\" decoding=\"async\" aria-describedby=\"caption-attachment-359\" class=\"size-full wp-image-359\" title=\"visum-russland\" src=\"https:\/\/reisetier.de\/transsib\/wp-content\/uploads\/sites\/2\/2011\/03\/visum-russland.gif\" alt=\"Das russische Visum\" width=\"400\" height=\"268\" \/><p id=\"caption-attachment-359\" class=\"wp-caption-text\">Das russische Visum<\/p><\/div>\n<p>Das russische Visum ist nicht ganz einfach zu bekommen. Den Antrag f\u00fcr das Visum selbst kann man auf der Seite des russischen Konsulats herunterladen. Offiziell ben\u00f6tigt man als Tourist aber zus\u00e4tzlich noch eine amtliche Einladung \/ Best\u00e4tigung des Reiseveranstalters, dass man vom Tag x bis zum Tag y eine Reise in Russland gebucht hat oder zumindest eine Best\u00e4tigung des Hotels f\u00fcr die gebuchten N\u00e4chte. Das Visum wird dann auf den Tag genau f\u00fcr diesen Zeitraum ausgestellt.<\/p>\n<p>Diese Bestimmungen passen nat\u00fcrlich so gar nicht zum Konzept der Individual-Reise mit der Transsibirischen Eisenbahn. Selbst wenn die Unterk\u00fcnfte \u00fcberhaupt schon alle vorab gebucht sind, m\u00fcsste man ja die Best\u00e4tigungen alle einzeln anfordern. Und die N\u00e4chte, die man in der Transsibirischen Eisenbahn verbringt, kann man auch schlecht nachweisen.<\/p>\n<p>Da dieses Problem nat\u00fcrlich viele Menschen haben, gibt es Reiseveranstalter in Russland, die diese Best\u00e4tigungen f\u00fcr das Russland Visum auf Bestellung ausstellen. Was zun\u00e4chst nach einem windigen, halblegalen Gesch\u00e4ft klingt, ist gang und g\u00e4be. Ich habe bislang auch von niemanden geh\u00f6rt, der damit Probleme hatte.<\/p>\n<p>Dennoch bleibt noch eine ganze Menge zu organisieren. Diese Einladung muss bestellt werden und man muss pers\u00f6nlich zum Konsulat gehen, eine Nummer ziehen und dann vorsprechen. Ist das Visum f\u00fcr Russland erteilt, muss man erneut zum Konsulat, um seinen Pass abzuholen. Zudem \u00e4ndern sich die Regeln f\u00fcr die Visa-Erteilung recht h\u00e4ufig.<\/p>\n<p>Ich bin normalerweise kein gro\u00dfer Freund von Agenturen, die Geld f\u00fcr Dinge kassieren, die man auch selber machen kann. Aber in diesem Fall ist das Kosten-Nutzen Verh\u00e4ltnis der Visum-Agenturen mehr als angemessen. Man kann dort einfach seinen Pass und seinen Antrag einschicken und bekommt den Pass einige Zeit sp\u00e4ter mit eingeklebtem Russland Visum zur\u00fcck. Zudem \u00fcberpr\u00fcft die Visum Agentur erst den Antrag und sagt Bescheid, wenn etwas nicht stimmt. Damit minimiert man auch die Gefahr, dass man wegen eines kleinen Formfehlers doppelt f\u00fcr den Visums-Antrag bezahlt. Eine g\u00fcnstige und zuverl\u00e4ssige Agentur, mit der ich selbst gute Erfahrungen gemacht habe, ist <a href=\"\/transsib\/clickout\/buch-dein-visum.de\" target=\"_blank\" rel=\"noopener\">buch-dein-visum.de<\/a>. Dort bekommst du auch Visa f\u00fcr China und die Mongolei. Ein Mongolei-Visum ist nur notwendig, wenn du keinen deutschen Reisepass hast. <\/p>\n<p>Neben dem Antrag und der Einladung ben\u00f6tigt man als deutscher Staatsb\u00fcrger f\u00fcr die Gew\u00e4hrung des Visums noch einen Krankenversicherungs-Nachweis. Da hierbei einiges zu beachten ist, habe ich dem Thema <a href=\"..\/krankenversicherung\/\">Krankenversicherung<\/a> eine eigene Seite gewidmet.<\/p>\n<p>Bei der Einreise in Russland bekommt man eine &#8222;Arrival-Card&#8220;, wo man seinen Namen, seine Passnummer etc. ausf\u00fcllt. Man bekommt eine Kopie davon und sollte diese sicher aufbewahren, da man sie bei der Ausreise wieder abgeben muss. Zudem sollte man seine Zugtickets aufbewahren, damit man im Zweifel nachweisen kann, wann man sich wie um Land bewegt hat.<\/p>\n<p>&nbsp;<\/p>\n<h2>Die Registrierung<\/h2>\n<p>H\u00e4lt man sich l\u00e4nger an einem Ort auf, muss man sich registrieren. \u00dcber das Thema Registrierung gibt es sehr viele Ger\u00fcchte und unterschiedliche Meinungen. Auf manchen Seiten ist von hohen Strafen bis zur Abschiebung die Rede, andere Leute berichten, dass sie sich noch nie registriert haben und auch noch nie Probleme hatten. Zudem \u00e4ndern sich die Bestimmungen recht h\u00e4ufig. Was steckt also dahinter?<\/p>\n<p>Prinzipiell m\u00f6chte die russische Regierung gerne wissen, wo sich die Ausl\u00e4nder in ihrem Land so aufhalten. Deswegen muss jeder, der Ausl\u00e4nder aufnimmt diese anmelden und wieder abmelden, wenn sie fahren. Diese Anmeldung wird als &#8222;Registrierung&#8220; bezeichnet. <\/p>\n<p>Soweit die Theorie. In der Praxis kann jedoch die Ausl\u00e4nderbeh\u00f6rde die ganzen An- und Abmeldungen gar nicht verwalten. Daher wurde dieses Gesetz wieder gelockert. Seit M\u00e4rz 2011 muss man sich nur noch registrieren, wenn man sich <strong>l\u00e4nger als sieben Werktage an einem Ort<\/strong> aufh\u00e4lt. Wechselt man also alle paar Tage den Ort, ist keine Registrierung n\u00f6tig.<\/p>\n<p>Die meisten Reisenden der Transsibirischen Eisenbahn sind damit aus dem Schneider. Ist man doch mal l\u00e4nger als sieben Werktage an einem Ort, sollte man das Hotel oder Hostel, in dem man wohnt, nach der Registrierung fragen. Dieses erledigt die Registrierung (manchmal gegen eine geringe Geb\u00fchr) und man bekommt einen Beleg. Registriert man sich trotz l\u00e4ngere Aufenthaltsdauer nicht, wird es zwar vermutlich auch niemanden interessieren, aber das h\u00e4ngt immer ein wenig davon ab, an wen man bei der Ausreise ger\u00e4t.<\/p>\n<p>Insgesamt wird um das ganze Thema &#8222;Wichtige Zettel, die man unbedingt aufheben muss&#8220; meiner Meinung nach mehr Wind gemacht, als n\u00f6tig. Hebt eure Arrival Card, eure Zugtickets und ggf. die Registrierungs-Belege auf, dann kann eigentlich nichts passieren \ud83d\ude42 <\/p>\n<p>&nbsp;<\/p>\n<h2>In eigener Sache<\/h2>\n<p>Visa-Bedingungen k\u00f6nnen sich jederzeit \u00e4ndern. Ich versuche die Infos auf dieses Seite aktuell zu halten, kann aber nicht f\u00fcr ihre Richtigkeit garantieren und auch keine Haftung daf\u00fcr \u00fcbernehmen. Bevor ihr nach Russland fahrt, solltet ihr euch beim <a href=\"http:\/\/www.auswaertiges-amt.de\/DE\/Laenderinformationen\/00-SiHi\/RussischeFoederationSicherheit.html\" target=\"_blank\" rel=\"noopener\">Ausw\u00e4rtigen Amt<\/a> nochmal informieren, ob sich nichts ge\u00e4ndert hat.<\/p>\n<p><img loading=\"lazy\" decoding=\"async\" src=\"https:\/\/ssl-vg03.met.vgwort.de\/na\/c4285e6b43c547ce9f77813c2576f627\" width=\"1\" height=\"1\" alt=\"\"><\/p>\n","protected":false},"excerpt":{"rendered":"<p>Wie bekomme ich ein Visum f\u00fcr Russland? Das russische Visum ist nicht ganz einfach zu bekommen. Den Antrag f\u00fcr das Visum selbst kann man auf der Seite des russischen Konsulats herunterladen. Offiziell ben\u00f6tigt man als Tourist aber zus\u00e4tzlich noch eine amtliche Einladung \/ Best\u00e4tigung des Reiseveranstalters, dass man vom Tag x bis zum Tag y &#038;hellip <a class=\"read-excerpt\" href=\"https:\/\/reisetier.de\/transsib\/reise-organisation\/russland-visum\/\">Continue reading <span class=\"meta-nav\">&raquo;<\/span><\/a><\/p>\n","protected":false},"author":1,"featured_media":359,"parent":314,"menu_order":8,"comment_status":"open","ping_status":"closed","template":"","meta":{"footnotes":""},"class_list":["post-323","page","type-page","status-publish","has-post-thumbnail","hentry"],"yoast_head":"<!-- This site is optimized with the Yoast SEO plugin v27.4 - https:\/\/yoast.com\/product\/yoast-seo-wordpress\/ -->\n<title>Russland Visum - Was gibt es zu beachten?<\/title>\n<meta name=\"description\" content=\"F\u00fcr eine Fahrt mit der Transsibirischen Eisenbahn braucht man ein russisches Visum. Hier gibt es Infos \u00fcber die Bedingungen und Tipps zur Organisation des Visums.\" \/>\n<meta name=\"robots\" content=\"index, follow, max-snippet:-1, max-image-preview:large, max-video-preview:-1\" \/>\n<link rel=\"canonical\" href=\"https:\/\/reisetier.de\/transsib\/reise-organisation\/russland-visum\/\" \/>\n<meta property=\"og:locale\" content=\"de_DE\" \/>\n<meta property=\"og:type\" content=\"article\" \/>\n<meta property=\"og:title\" content=\"Russland Visum - Was gibt es zu beachten?\" \/>\n<meta property=\"og:description\" content=\"F\u00fcr eine Fahrt mit der Transsibirischen Eisenbahn braucht man ein russisches Visum. Hier gibt es Infos \u00fcber die Bedingungen und Tipps zur Organisation des Visums.\" \/>\n<meta property=\"og:url\" content=\"https:\/\/reisetier.de\/transsib\/reise-organisation\/russland-visum\/\" \/>\n<meta property=\"og:site_name\" content=\"Die Transsibirische Eisenbahn\" \/>\n<meta property=\"og:image\" content=\"https:\/\/reisetier.de\/transsib\/wp-content\/uploads\/sites\/2\/2011\/03\/visum-russland.gif\" \/>\n\t<meta property=\"og:image:width\" content=\"400\" \/>\n\t<meta property=\"og:image:height\" content=\"268\" \/>\n\t<meta property=\"og:image:type\" content=\"image\/gif\" \/>\n<meta name=\"twitter:card\" content=\"summary_large_image\" \/>\n<meta name=\"twitter:label1\" content=\"Gesch\u00e4tzte Lesezeit\" \/>\n\t<meta name=\"twitter:data1\" content=\"4\u00a0Minuten\" \/>\n<script type=\"application\/ld+json\" class=\"yoast-schema-graph\">{\"@context\":\"https:\\\/\\\/schema.org\",\"@graph\":[{\"@type\":\"WebPage\",\"@id\":\"https:\\\/\\\/reisetier.de\\\/transsib\\\/reise-organisation\\\/russland-visum\\\/\",\"url\":\"https:\\\/\\\/reisetier.de\\\/transsib\\\/reise-organisation\\\/russland-visum\\\/\",\"name\":\"Russland Visum - Was gibt es zu beachten?\",\"isPartOf\":{\"@id\":\"https:\\\/\\\/reisetier.de\\\/transsib\\\/#website\"},\"primaryImageOfPage\":{\"@id\":\"https:\\\/\\\/reisetier.de\\\/transsib\\\/reise-organisation\\\/russland-visum\\\/#primaryimage\"},\"image\":{\"@id\":\"https:\\\/\\\/reisetier.de\\\/transsib\\\/reise-organisation\\\/russland-visum\\\/#primaryimage\"},\"thumbnailUrl\":\"https:\\\/\\\/reisetier.de\\\/transsib\\\/wp-content\\\/uploads\\\/sites\\\/2\\\/2011\\\/03\\\/visum-russland.gif\",\"datePublished\":\"2011-03-21T12:49:49+00:00\",\"description\":\"F\u00fcr eine Fahrt mit der Transsibirischen Eisenbahn braucht man ein russisches Visum. Hier gibt es Infos \u00fcber die Bedingungen und Tipps zur Organisation des Visums.\",\"breadcrumb\":{\"@id\":\"https:\\\/\\\/reisetier.de\\\/transsib\\\/reise-organisation\\\/russland-visum\\\/#breadcrumb\"},\"inLanguage\":\"de\",\"potentialAction\":[{\"@type\":\"ReadAction\",\"target\":[\"https:\\\/\\\/reisetier.de\\\/transsib\\\/reise-organisation\\\/russland-visum\\\/\"]}]},{\"@type\":\"ImageObject\",\"inLanguage\":\"de\",\"@id\":\"https:\\\/\\\/reisetier.de\\\/transsib\\\/reise-organisation\\\/russland-visum\\\/#primaryimage\",\"url\":\"https:\\\/\\\/reisetier.de\\\/transsib\\\/wp-content\\\/uploads\\\/sites\\\/2\\\/2011\\\/03\\\/visum-russland.gif\",\"contentUrl\":\"https:\\\/\\\/reisetier.de\\\/transsib\\\/wp-content\\\/uploads\\\/sites\\\/2\\\/2011\\\/03\\\/visum-russland.gif\",\"width\":400,\"height\":268,\"caption\":\"Das russische Visum\"},{\"@type\":\"BreadcrumbList\",\"@id\":\"https:\\\/\\\/reisetier.de\\\/transsib\\\/reise-organisation\\\/russland-visum\\\/#breadcrumb\",\"itemListElement\":[{\"@type\":\"ListItem\",\"position\":1,\"name\":\"Home\",\"item\":\"https:\\\/\\\/reisetier.de\\\/transsib\\\/\"},{\"@type\":\"ListItem\",\"position\":2,\"name\":\"Reise Organisation\",\"item\":\"https:\\\/\\\/reisetier.de\\\/transsib\\\/reise-organisation\\\/\"},{\"@type\":\"ListItem\",\"position\":3,\"name\":\"Russland Visum\"}]},{\"@type\":\"WebSite\",\"@id\":\"https:\\\/\\\/reisetier.de\\\/transsib\\\/#website\",\"url\":\"https:\\\/\\\/reisetier.de\\\/transsib\\\/\",\"name\":\"Die Transsibirische Eisenbahn\",\"description\":\"Reisen durch Russland, die Mongolei und China\",\"potentialAction\":[{\"@type\":\"SearchAction\",\"target\":{\"@type\":\"EntryPoint\",\"urlTemplate\":\"https:\\\/\\\/reisetier.de\\\/transsib\\\/?s={search_term_string}\"},\"query-input\":{\"@type\":\"PropertyValueSpecification\",\"valueRequired\":true,\"valueName\":\"search_term_string\"}}],\"inLanguage\":\"de\"}]}<\/script>\n<!-- \/ Yoast SEO plugin. -->","yoast_head_json":{"title":"Russland Visum - Was gibt es zu beachten?","description":"F\u00fcr eine Fahrt mit der Transsibirischen Eisenbahn braucht man ein russisches Visum. Hier gibt es Infos \u00fcber die Bedingungen und Tipps zur Organisation des Visums.","robots":{"index":"index","follow":"follow","max-snippet":"max-snippet:-1","max-image-preview":"max-image-preview:large","max-video-preview":"max-video-preview:-1"},"canonical":"https:\/\/reisetier.de\/transsib\/reise-organisation\/russland-visum\/","og_locale":"de_DE","og_type":"article","og_title":"Russland Visum - Was gibt es zu beachten?","og_description":"F\u00fcr eine Fahrt mit der Transsibirischen Eisenbahn braucht man ein russisches Visum. Hier gibt es Infos \u00fcber die Bedingungen und Tipps zur Organisation des Visums.","og_url":"https:\/\/reisetier.de\/transsib\/reise-organisation\/russland-visum\/","og_site_name":"Die Transsibirische Eisenbahn","og_image":[{"width":400,"height":268,"url":"https:\/\/reisetier.de\/transsib\/wp-content\/uploads\/sites\/2\/2011\/03\/visum-russland.gif","type":"image\/gif"}],"twitter_card":"summary_large_image","twitter_misc":{"Gesch\u00e4tzte Lesezeit":"4\u00a0Minuten"},"schema":{"@context":"https:\/\/schema.org","@graph":[{"@type":"WebPage","@id":"https:\/\/reisetier.de\/transsib\/reise-organisation\/russland-visum\/","url":"https:\/\/reisetier.de\/transsib\/reise-organisation\/russland-visum\/","name":"Russland Visum - Was gibt es zu beachten?","isPartOf":{"@id":"https:\/\/reisetier.de\/transsib\/#website"},"primaryImageOfPage":{"@id":"https:\/\/reisetier.de\/transsib\/reise-organisation\/russland-visum\/#primaryimage"},"image":{"@id":"https:\/\/reisetier.de\/transsib\/reise-organisation\/russland-visum\/#primaryimage"},"thumbnailUrl":"https:\/\/reisetier.de\/transsib\/wp-content\/uploads\/sites\/2\/2011\/03\/visum-russland.gif","datePublished":"2011-03-21T12:49:49+00:00","description":"F\u00fcr eine Fahrt mit der Transsibirischen Eisenbahn braucht man ein russisches Visum. Hier gibt es Infos \u00fcber die Bedingungen und Tipps zur Organisation des Visums.","breadcrumb":{"@id":"https:\/\/reisetier.de\/transsib\/reise-organisation\/russland-visum\/#breadcrumb"},"inLanguage":"de","potentialAction":[{"@type":"ReadAction","target":["https:\/\/reisetier.de\/transsib\/reise-organisation\/russland-visum\/"]}]},{"@type":"ImageObject","inLanguage":"de","@id":"https:\/\/reisetier.de\/transsib\/reise-organisation\/russland-visum\/#primaryimage","url":"https:\/\/reisetier.de\/transsib\/wp-content\/uploads\/sites\/2\/2011\/03\/visum-russland.gif","contentUrl":"https:\/\/reisetier.de\/transsib\/wp-content\/uploads\/sites\/2\/2011\/03\/visum-russland.gif","width":400,"height":268,"caption":"Das russische Visum"},{"@type":"BreadcrumbList","@id":"https:\/\/reisetier.de\/transsib\/reise-organisation\/russland-visum\/#breadcrumb","itemListElement":[{"@type":"ListItem","position":1,"name":"Home","item":"https:\/\/reisetier.de\/transsib\/"},{"@type":"ListItem","position":2,"name":"Reise Organisation","item":"https:\/\/reisetier.de\/transsib\/reise-organisation\/"},{"@type":"ListItem","position":3,"name":"Russland Visum"}]},{"@type":"WebSite","@id":"https:\/\/reisetier.de\/transsib\/#website","url":"https:\/\/reisetier.de\/transsib\/","name":"Die Transsibirische Eisenbahn","description":"Reisen durch Russland, die Mongolei und China","potentialAction":[{"@type":"SearchAction","target":{"@type":"EntryPoint","urlTemplate":"https:\/\/reisetier.de\/transsib\/?s={search_term_string}"},"query-input":{"@type":"PropertyValueSpecification","valueRequired":true,"valueName":"search_term_string"}}],"inLanguage":"de"}]}},"_links":{"self":[{"href":"https:\/\/reisetier.de\/transsib\/wp-json\/wp\/v2\/pages\/323","targetHints":{"allow":["GET"]}}],"collection":[{"href":"https:\/\/reisetier.de\/transsib\/wp-json\/wp\/v2\/pages"}],"about":[{"href":"https:\/\/reisetier.de\/transsib\/wp-json\/wp\/v2\/types\/page"}],"author":[{"embeddable":true,"href":"https:\/\/reisetier.de\/transsib\/wp-json\/wp\/v2\/users\/1"}],"replies":[{"embeddable":true,"href":"https:\/\/reisetier.de\/transsib\/wp-json\/wp\/v2\/comments?post=323"}],"version-history":[{"count":0,"href":"https:\/\/reisetier.de\/transsib\/wp-json\/wp\/v2\/pages\/323\/revisions"}],"up":[{"embeddable":true,"href":"https:\/\/reisetier.de\/transsib\/wp-json\/wp\/v2\/pages\/314"}],"wp:featuredmedia":[{"embeddable":true,"href":"https:\/\/reisetier.de\/transsib\/wp-json\/wp\/v2\/media\/359"}],"wp:attachment":[{"href":"https:\/\/reisetier.de\/transsib\/wp-json\/wp\/v2\/media?parent=323"}],"curies":[{"name":"wp","href":"https:\/\/api.w.org\/{rel}","templated":true}]}}