{"id":268,"date":"2011-03-20T15:03:06","date_gmt":"2011-03-20T14:03:06","guid":{"rendered":"http:\/\/www.transsib-tipps.de\/?page_id=268"},"modified":"2011-03-20T15:03:06","modified_gmt":"2011-03-20T14:03:06","slug":"kleidung","status":"publish","type":"page","link":"https:\/\/reisetier.de\/transsib\/transsibirische-gepaeck\/kleidung\/","title":{"rendered":"Kleidung"},"content":{"rendered":"<div id=\"attachment_576\" style=\"width: 150px\" class=\"wp-caption alignright\"><a href=\"\/transsib\/clickout\/globetrotter\/zip-hose\" rel=\"nofollow noopener\" target=\"_blank\"><img loading=\"lazy\" decoding=\"async\" aria-describedby=\"caption-attachment-576\" class=\"size-full wp-image-576\" title=\"Zip-Hose bei Globetrotter\" src=\"https:\/\/reisetier.de\/transsib\/wp-content\/uploads\/sites\/2\/2011\/03\/zip-hose.jpg\" alt=\"Zip-Hose\" width=\"140\" height=\"308\" srcset=\"https:\/\/reisetier.de\/transsib\/wp-content\/uploads\/sites\/2\/2011\/03\/zip-hose.jpg 140w, https:\/\/reisetier.de\/transsib\/wp-content\/uploads\/sites\/2\/2011\/03\/zip-hose-136x300.jpg 136w\" sizes=\"auto, (max-width: 140px) 100vw, 140px\" \/><\/a><p id=\"caption-attachment-576\" class=\"wp-caption-text\">Eine praktische Zip-Hose mit abnehmbaren Beinen<\/p><\/div>\n<h2>Welche Kleidung sollte man auf eine Fahrt mit der Transsibirischen Eisenbahn mitnehmen?<\/h2>\n<p>Die Frage nach der richtigen Bekleidung h\u00e4ngt nat\u00fcrlich stark von der Jahreszeit ab. Da ich selbst im Sommer gefahren bin, werde ich mich hier auch darauf konzentrieren. Im Winter, wo es in Sibirien bis zu -40\u00b0C kalt wird, sind nat\u00fcrlich ganz andere Gesch\u00fctze aufzufahren.<\/p>\n<p>Ist man l\u00e4nger als zwei Wochen unterwegs, macht man sich keine Freude, wenn man versucht die komplette Kleidung f\u00fcr den gesamten Reisezeitraum ein zu packen. Stattdessen sollte man zwischendurch waschen und nur Kleidung f\u00fcr etwa zehn Tage mitnehmen. Fast alle Hostels bieten das Waschen von W\u00e4sche an.<\/p>\n<p>Die zweite Grundregel, die sich bew\u00e4hrt hat, ist das Zwiebelprinzip. Ein dicker Pullover nimmt viel Platz im Rucksack weg und man kann ihn nur anziehen, wenn es mal richtig kalt ist. Zwei d\u00fcnne Fleecepullover kann man \u00fcbereinander anziehen wenn es wirklich kalt ist, aber bei mittleren Temperaturen auch einzeln. Zudem kann man den einen Fleece anziehen und den Anderen waschen.<\/p>\n<p>Speziell f\u00fcr die Transsibirische Eisenbahn sollte man auch eine gem\u00fctliche Jogginghose und Pantoffeln\/Schlappen mitnehmen. Die Russen ziehen sich dort ebenfalls gem\u00fctlich an. Man braucht also keine Angst zu haben, underdressed zu sein \ud83d\ude09<\/p>\n<p>Ich bin auch gro\u00dfer Fan der sogenannten Zip-Hosen. Diese d\u00fcnnen Trekking-Hosen haben einen Rei\u00dfverschluss, mit dem man sie zu kurzen Hosen machen kann.<\/p>\n<p>Hier mein Vorschlag f\u00fcr eine Sommer-Kleidungs-Packliste f\u00fcr M\u00e4nner:<\/p>\n<ul>\n<li>10 Unterhosen<\/li>\n<li>5 Paar Socken (die meiste Zeit hat man Sandalen an)<\/li>\n<li>4 T-Shirts\/Hemden<\/li>\n<li>1 Badehose, die auch als kurze Hose getragen werden kann<\/li>\n<li><a title=\"Zip-Hosen bei Globetrotter\" href=\"\/transsib\/clickout\/globetrotter\/zip-hose\" rel=\"nofollow noopener\" target=\"_blank\">Zip-Trekking-Hose<\/a><\/li>\n<li>1 Jeans f\u00fcr kalte Tage<\/li>\n<li>1 Jogginghose f\u00fcr die Transsib<\/li>\n<li><a title=\"Fleece-Pullover bei Globetrotter\" href=\"\/transsib\/clickout\/globetrotter\/fleece\" rel=\"nofollow noopener\" target=\"_blank\">2 d\u00fcnne Fleecepullover<\/a><\/li>\n<li><a title=\"Regenjacken bei Globetrotter\" href=\"\/transsib\/clickout\/globetrotter\/regenjacken\" rel=\"nofollow noopener\" target=\"_blank\">d\u00fcnne Regenjacke<\/a><\/li>\n<li>Pantoffeln\/Schlappen<\/li>\n<li><a title=\"Sandalen bei Globetrotter\" href=\"\/transsib\/clickout\/globetrotter\/sandalen\" rel=\"nofollow noopener\" target=\"_blank\">Trekking-Sandalen<\/a><\/li>\n<li><a title=\"Schuhe bei Globetrotter\" href=\"\/transsib\/clickout\/globetrotter\/wanderschuhe\" rel=\"nofollow noopener\" target=\"_blank\">Wanderschuhe<\/a> oder Turnschuhe je nach pers\u00f6nlichen Pl\u00e4nen<\/li>\n<\/ul>\n<p>Ich habe alle Kleidungsst\u00fccke, die man besser im Outdoor-Fachhandel kaufen sollte, auf die entsprechenden Kategorien bei Globetrotter verlinkt. Die nicht verlinkten Sachen kann man meiner Meinung nach auch in normalen Gesch\u00e4ften kaufen, weil ich hier den Mehrwert von speziellen Outdoor-Artikeln nicht sehe. <img loading=\"lazy\" decoding=\"async\" src=\"https:\/\/ssl-vg03.met.vgwort.de\/na\/0bf3e48c548d48efb3a8e13359e1c16d\" width=\"1\" height=\"1\" alt=\"\"><\/p>\n","protected":false},"excerpt":{"rendered":"<p>Welche Kleidung sollte man auf eine Fahrt mit der Transsibirischen Eisenbahn mitnehmen? Die Frage nach der richtigen Bekleidung h\u00e4ngt nat\u00fcrlich stark von der Jahreszeit ab. Da ich selbst im Sommer gefahren bin, werde ich mich hier auch darauf konzentrieren. Im Winter, wo es in Sibirien bis zu -40\u00b0C kalt wird, sind nat\u00fcrlich ganz andere Gesch\u00fctze &#038;hellip <a class=\"read-excerpt\" href=\"https:\/\/reisetier.de\/transsib\/transsibirische-gepaeck\/kleidung\/\">Continue reading <span class=\"meta-nav\">&raquo;<\/span><\/a><\/p>\n","protected":false},"author":1,"featured_media":576,"parent":236,"menu_order":12,"comment_status":"open","ping_status":"closed","template":"","meta":{"footnotes":""},"class_list":["post-268","page","type-page","status-publish","has-post-thumbnail","hentry"],"yoast_head":"<!-- This site is optimized with the Yoast SEO plugin v27.3 - https:\/\/yoast.com\/product\/yoast-seo-wordpress\/ -->\n<title>Transsibirische Eisenbahn Kleidung<\/title>\n<meta name=\"description\" content=\"Infos \u00fcber die ideale Kleidung f\u00fcr eine Fahrt mit der Transsibirischen Eisenbahn Was sollte man mitnehmen, wie sollte man sich anziehen?\" \/>\n<meta name=\"robots\" content=\"index, follow, max-snippet:-1, max-image-preview:large, max-video-preview:-1\" \/>\n<link rel=\"canonical\" href=\"https:\/\/reisetier.de\/transsib\/transsibirische-gepaeck\/kleidung\/\" \/>\n<meta property=\"og:locale\" content=\"de_DE\" \/>\n<meta property=\"og:type\" content=\"article\" \/>\n<meta property=\"og:title\" content=\"Transsibirische Eisenbahn Kleidung\" \/>\n<meta property=\"og:description\" content=\"Infos \u00fcber die ideale Kleidung f\u00fcr eine Fahrt mit der Transsibirischen Eisenbahn Was sollte man mitnehmen, wie sollte man sich anziehen?\" \/>\n<meta property=\"og:url\" content=\"https:\/\/reisetier.de\/transsib\/transsibirische-gepaeck\/kleidung\/\" \/>\n<meta property=\"og:site_name\" content=\"Die Transsibirische Eisenbahn\" \/>\n<meta property=\"og:image\" content=\"https:\/\/reisetier.de\/transsib\/wp-content\/uploads\/sites\/2\/2011\/03\/zip-hose.jpg\" \/>\n\t<meta property=\"og:image:width\" content=\"140\" \/>\n\t<meta property=\"og:image:height\" content=\"308\" \/>\n\t<meta property=\"og:image:type\" content=\"image\/jpeg\" \/>\n<meta name=\"twitter:card\" content=\"summary_large_image\" \/>\n<meta name=\"twitter:label1\" content=\"Gesch\u00e4tzte Lesezeit\" \/>\n\t<meta name=\"twitter:data1\" content=\"2\u00a0Minuten\" \/>\n<script type=\"application\/ld+json\" class=\"yoast-schema-graph\">{\"@context\":\"https:\\\/\\\/schema.org\",\"@graph\":[{\"@type\":\"WebPage\",\"@id\":\"https:\\\/\\\/reisetier.de\\\/transsib\\\/transsibirische-gepaeck\\\/kleidung\\\/\",\"url\":\"https:\\\/\\\/reisetier.de\\\/transsib\\\/transsibirische-gepaeck\\\/kleidung\\\/\",\"name\":\"Transsibirische Eisenbahn Kleidung\",\"isPartOf\":{\"@id\":\"https:\\\/\\\/reisetier.de\\\/transsib\\\/#website\"},\"primaryImageOfPage\":{\"@id\":\"https:\\\/\\\/reisetier.de\\\/transsib\\\/transsibirische-gepaeck\\\/kleidung\\\/#primaryimage\"},\"image\":{\"@id\":\"https:\\\/\\\/reisetier.de\\\/transsib\\\/transsibirische-gepaeck\\\/kleidung\\\/#primaryimage\"},\"thumbnailUrl\":\"https:\\\/\\\/reisetier.de\\\/transsib\\\/wp-content\\\/uploads\\\/sites\\\/2\\\/2011\\\/03\\\/zip-hose.jpg\",\"datePublished\":\"2011-03-20T14:03:06+00:00\",\"description\":\"Infos \u00fcber die ideale Kleidung f\u00fcr eine Fahrt mit der Transsibirischen Eisenbahn Was sollte man mitnehmen, wie sollte man sich anziehen?\",\"breadcrumb\":{\"@id\":\"https:\\\/\\\/reisetier.de\\\/transsib\\\/transsibirische-gepaeck\\\/kleidung\\\/#breadcrumb\"},\"inLanguage\":\"de\",\"potentialAction\":[{\"@type\":\"ReadAction\",\"target\":[\"https:\\\/\\\/reisetier.de\\\/transsib\\\/transsibirische-gepaeck\\\/kleidung\\\/\"]}]},{\"@type\":\"ImageObject\",\"inLanguage\":\"de\",\"@id\":\"https:\\\/\\\/reisetier.de\\\/transsib\\\/transsibirische-gepaeck\\\/kleidung\\\/#primaryimage\",\"url\":\"https:\\\/\\\/reisetier.de\\\/transsib\\\/wp-content\\\/uploads\\\/sites\\\/2\\\/2011\\\/03\\\/zip-hose.jpg\",\"contentUrl\":\"https:\\\/\\\/reisetier.de\\\/transsib\\\/wp-content\\\/uploads\\\/sites\\\/2\\\/2011\\\/03\\\/zip-hose.jpg\",\"width\":140,\"height\":308,\"caption\":\"Zip-Hose bei Globetrotter\"},{\"@type\":\"BreadcrumbList\",\"@id\":\"https:\\\/\\\/reisetier.de\\\/transsib\\\/transsibirische-gepaeck\\\/kleidung\\\/#breadcrumb\",\"itemListElement\":[{\"@type\":\"ListItem\",\"position\":1,\"name\":\"Home\",\"item\":\"https:\\\/\\\/reisetier.de\\\/transsib\\\/\"},{\"@type\":\"ListItem\",\"position\":2,\"name\":\"Das Transsib Gep\u00e4ck\",\"item\":\"https:\\\/\\\/reisetier.de\\\/transsib\\\/transsibirische-gepaeck\\\/\"},{\"@type\":\"ListItem\",\"position\":3,\"name\":\"Kleidung\"}]},{\"@type\":\"WebSite\",\"@id\":\"https:\\\/\\\/reisetier.de\\\/transsib\\\/#website\",\"url\":\"https:\\\/\\\/reisetier.de\\\/transsib\\\/\",\"name\":\"Die Transsibirische Eisenbahn\",\"description\":\"Reisen durch Russland, die Mongolei und China\",\"potentialAction\":[{\"@type\":\"SearchAction\",\"target\":{\"@type\":\"EntryPoint\",\"urlTemplate\":\"https:\\\/\\\/reisetier.de\\\/transsib\\\/?s={search_term_string}\"},\"query-input\":{\"@type\":\"PropertyValueSpecification\",\"valueRequired\":true,\"valueName\":\"search_term_string\"}}],\"inLanguage\":\"de\"}]}<\/script>\n<!-- \/ Yoast SEO plugin. -->","yoast_head_json":{"title":"Transsibirische Eisenbahn Kleidung","description":"Infos \u00fcber die ideale Kleidung f\u00fcr eine Fahrt mit der Transsibirischen Eisenbahn Was sollte man mitnehmen, wie sollte man sich anziehen?","robots":{"index":"index","follow":"follow","max-snippet":"max-snippet:-1","max-image-preview":"max-image-preview:large","max-video-preview":"max-video-preview:-1"},"canonical":"https:\/\/reisetier.de\/transsib\/transsibirische-gepaeck\/kleidung\/","og_locale":"de_DE","og_type":"article","og_title":"Transsibirische Eisenbahn Kleidung","og_description":"Infos \u00fcber die ideale Kleidung f\u00fcr eine Fahrt mit der Transsibirischen Eisenbahn Was sollte man mitnehmen, wie sollte man sich anziehen?","og_url":"https:\/\/reisetier.de\/transsib\/transsibirische-gepaeck\/kleidung\/","og_site_name":"Die Transsibirische Eisenbahn","og_image":[{"width":140,"height":308,"url":"https:\/\/reisetier.de\/transsib\/wp-content\/uploads\/sites\/2\/2011\/03\/zip-hose.jpg","type":"image\/jpeg"}],"twitter_card":"summary_large_image","twitter_misc":{"Gesch\u00e4tzte Lesezeit":"2\u00a0Minuten"},"schema":{"@context":"https:\/\/schema.org","@graph":[{"@type":"WebPage","@id":"https:\/\/reisetier.de\/transsib\/transsibirische-gepaeck\/kleidung\/","url":"https:\/\/reisetier.de\/transsib\/transsibirische-gepaeck\/kleidung\/","name":"Transsibirische Eisenbahn Kleidung","isPartOf":{"@id":"https:\/\/reisetier.de\/transsib\/#website"},"primaryImageOfPage":{"@id":"https:\/\/reisetier.de\/transsib\/transsibirische-gepaeck\/kleidung\/#primaryimage"},"image":{"@id":"https:\/\/reisetier.de\/transsib\/transsibirische-gepaeck\/kleidung\/#primaryimage"},"thumbnailUrl":"https:\/\/reisetier.de\/transsib\/wp-content\/uploads\/sites\/2\/2011\/03\/zip-hose.jpg","datePublished":"2011-03-20T14:03:06+00:00","description":"Infos \u00fcber die ideale Kleidung f\u00fcr eine Fahrt mit der Transsibirischen Eisenbahn Was sollte man mitnehmen, wie sollte man sich anziehen?","breadcrumb":{"@id":"https:\/\/reisetier.de\/transsib\/transsibirische-gepaeck\/kleidung\/#breadcrumb"},"inLanguage":"de","potentialAction":[{"@type":"ReadAction","target":["https:\/\/reisetier.de\/transsib\/transsibirische-gepaeck\/kleidung\/"]}]},{"@type":"ImageObject","inLanguage":"de","@id":"https:\/\/reisetier.de\/transsib\/transsibirische-gepaeck\/kleidung\/#primaryimage","url":"https:\/\/reisetier.de\/transsib\/wp-content\/uploads\/sites\/2\/2011\/03\/zip-hose.jpg","contentUrl":"https:\/\/reisetier.de\/transsib\/wp-content\/uploads\/sites\/2\/2011\/03\/zip-hose.jpg","width":140,"height":308,"caption":"Zip-Hose bei Globetrotter"},{"@type":"BreadcrumbList","@id":"https:\/\/reisetier.de\/transsib\/transsibirische-gepaeck\/kleidung\/#breadcrumb","itemListElement":[{"@type":"ListItem","position":1,"name":"Home","item":"https:\/\/reisetier.de\/transsib\/"},{"@type":"ListItem","position":2,"name":"Das Transsib Gep\u00e4ck","item":"https:\/\/reisetier.de\/transsib\/transsibirische-gepaeck\/"},{"@type":"ListItem","position":3,"name":"Kleidung"}]},{"@type":"WebSite","@id":"https:\/\/reisetier.de\/transsib\/#website","url":"https:\/\/reisetier.de\/transsib\/","name":"Die Transsibirische Eisenbahn","description":"Reisen durch Russland, die Mongolei und China","potentialAction":[{"@type":"SearchAction","target":{"@type":"EntryPoint","urlTemplate":"https:\/\/reisetier.de\/transsib\/?s={search_term_string}"},"query-input":{"@type":"PropertyValueSpecification","valueRequired":true,"valueName":"search_term_string"}}],"inLanguage":"de"}]}},"_links":{"self":[{"href":"https:\/\/reisetier.de\/transsib\/wp-json\/wp\/v2\/pages\/268","targetHints":{"allow":["GET"]}}],"collection":[{"href":"https:\/\/reisetier.de\/transsib\/wp-json\/wp\/v2\/pages"}],"about":[{"href":"https:\/\/reisetier.de\/transsib\/wp-json\/wp\/v2\/types\/page"}],"author":[{"embeddable":true,"href":"https:\/\/reisetier.de\/transsib\/wp-json\/wp\/v2\/users\/1"}],"replies":[{"embeddable":true,"href":"https:\/\/reisetier.de\/transsib\/wp-json\/wp\/v2\/comments?post=268"}],"version-history":[{"count":0,"href":"https:\/\/reisetier.de\/transsib\/wp-json\/wp\/v2\/pages\/268\/revisions"}],"up":[{"embeddable":true,"href":"https:\/\/reisetier.de\/transsib\/wp-json\/wp\/v2\/pages\/236"}],"wp:featuredmedia":[{"embeddable":true,"href":"https:\/\/reisetier.de\/transsib\/wp-json\/wp\/v2\/media\/576"}],"wp:attachment":[{"href":"https:\/\/reisetier.de\/transsib\/wp-json\/wp\/v2\/media?parent=268"}],"curies":[{"name":"wp","href":"https:\/\/api.w.org\/{rel}","templated":true}]}}