{"id":2257,"date":"2019-05-01T10:01:57","date_gmt":"2019-05-01T09:01:57","guid":{"rendered":"https:\/\/www.transsib-tipps.de\/?page_id=2257"},"modified":"2019-05-01T10:01:57","modified_gmt":"2019-05-01T09:01:57","slug":"reiseanbieter","status":"publish","type":"page","link":"https:\/\/reisetier.de\/transsib\/reise-organisation\/reiseanbieter\/","title":{"rendered":"Reiseanbieter"},"content":{"rendered":"<p><img loading=\"lazy\" decoding=\"async\" class=\"alignright size-full wp-image-2262\" src=\"https:\/\/reisetier.de\/transsib\/wp-content\/uploads\/sites\/2\/2019\/05\/moskau-kirche.jpg\" alt=\"\" width=\"300\" height=\"225\" srcset=\"https:\/\/reisetier.de\/transsib\/wp-content\/uploads\/sites\/2\/2019\/05\/moskau-kirche.jpg 600w, https:\/\/reisetier.de\/transsib\/wp-content\/uploads\/sites\/2\/2019\/05\/moskau-kirche-300x225.jpg 300w\" sizes=\"auto, (max-width: 300px) 100vw, 300px\" \/>Auf Transsib Tipps geht es vor allem darum, wie man eine Reise mit der Transsibirischen Eisenbahn komplett selbst organisieren kann. Aber nicht jeder findet die Zeit und Energie sich um alles selbst zu k\u00fcmmern, oder f\u00fchlt sich einfach sicherer mit der Hilfe von einem Reiseprofi. Man zahlt daf\u00fcr nat\u00fcrlich etwas mehr.<\/p>\n<p>Eine (halb) organisierte Transsib-Reise von einem Reiseanbieter kann genau so toll und spannend sein, wie eine selbst organisierte Fahrt. Auf dieser Seite stelle ich nach und nach verschiedene Reiseanbieter vor. Es handelt sich dabei vor allem um kleine Anbieter, die die Zeit haben ihre Kunden pers\u00f6nlich zu beraten und nicht einfach Touren &#8222;von der Stange&#8220; anbieten. Ich habe diese nicht selbst genutzt, kenne aber die Anbieter entweder pers\u00f6nlich oder sie wurden von Transsib Tipps Lesern genutzt und empfohlen.<\/p>\n<h2>Newa Russland Reisen<\/h2>\n<p>Dieser Reiseanbieter mit Sitz in Koblenz hat sich auf Russland spezialisiert und bietet seit 15 Jahren Touren an. Dabei kann man zwischen unterschiedlichen Reisepl\u00e4nen w\u00e4hlen oder sich individuell ein eigenes Paket erstellen lassen. Super ist hier, dass sich Newa Reisen wirklich um alles k\u00fcmmert, von Flug bis Visum.<\/p>\n<p><a href=\"https:\/\/www.reisen-russland.de\" target=\"_blank\" rel=\"noopener noreferrer\">Hier gehts zu Newa Russland Reisen<\/a><\/p>\n<h2>Bahnurlaub.de<\/h2>\n<p>Dieser Anbieter hat sein B\u00fcro in Hamburg und wie der Name unschwer erkennen l\u00e4sst, liegt der Fokus auf Bahnreisen. Auch hier hat man die Wahl zwischen fertigen Reisepl\u00e4nen oder einer individuellen Tour. Der Anbieter k\u00fcmmert sich auch um das Visum und ist sehr flexibel mit pers\u00f6nlichen Anpassungen.<\/p>\n<p><a href=\"https:\/\/www.bahnurlaub.de\" target=\"_blank\" rel=\"noopener noreferrer\">Hier gehts zu Bahnurlaub.de<\/a><\/p>\n","protected":false},"excerpt":{"rendered":"<p>Auf Transsib Tipps geht es vor allem darum, wie man eine Reise mit der Transsibirischen Eisenbahn komplett selbst organisieren kann. Aber nicht jeder findet die Zeit und Energie sich um alles selbst zu k\u00fcmmern, oder f\u00fchlt sich einfach sicherer mit der Hilfe von einem Reiseprofi. Man zahlt daf\u00fcr nat\u00fcrlich etwas mehr. Eine (halb) organisierte Transsib-Reise &#038;hellip <a class=\"read-excerpt\" href=\"https:\/\/reisetier.de\/transsib\/reise-organisation\/reiseanbieter\/\">Continue reading <span class=\"meta-nav\">&raquo;<\/span><\/a><\/p>\n","protected":false},"author":1,"featured_media":0,"parent":314,"menu_order":413,"comment_status":"closed","ping_status":"closed","template":"","meta":{"footnotes":""},"class_list":["post-2257","page","type-page","status-publish","hentry"],"yoast_head":"<!-- This site is optimized with the Yoast SEO plugin v27.3 - https:\/\/yoast.com\/product\/yoast-seo-wordpress\/ -->\n<title>Reiseanbieter - Die Transsibirische Eisenbahn<\/title>\n<meta name=\"description\" content=\"Eine organisierte Transsib-Reise kann genau so toll und spannend sein, wie eine selbst organisierte Fahrt. Hier stelle ich verschiedene Reiseanbieter vor.\" \/>\n<meta name=\"robots\" content=\"index, follow, max-snippet:-1, max-image-preview:large, max-video-preview:-1\" \/>\n<link rel=\"canonical\" href=\"https:\/\/reisetier.de\/transsib\/reise-organisation\/reiseanbieter\/\" \/>\n<meta property=\"og:locale\" content=\"de_DE\" \/>\n<meta property=\"og:type\" content=\"article\" \/>\n<meta property=\"og:title\" content=\"Reiseanbieter - Die Transsibirische Eisenbahn\" \/>\n<meta property=\"og:description\" content=\"Eine organisierte Transsib-Reise kann genau so toll und spannend sein, wie eine selbst organisierte Fahrt. Hier stelle ich verschiedene Reiseanbieter vor.\" \/>\n<meta property=\"og:url\" content=\"https:\/\/reisetier.de\/transsib\/reise-organisation\/reiseanbieter\/\" \/>\n<meta property=\"og:site_name\" content=\"Die Transsibirische Eisenbahn\" \/>\n<meta property=\"og:image\" content=\"https:\/\/reisetier.de\/transsib\/wp-content\/uploads\/sites\/2\/2019\/05\/moskau-kirche.jpg\" \/>\n<meta name=\"twitter:card\" content=\"summary_large_image\" \/>\n<meta name=\"twitter:label1\" content=\"Gesch\u00e4tzte Lesezeit\" \/>\n\t<meta name=\"twitter:data1\" content=\"1\u00a0Minute\" \/>\n<script type=\"application\/ld+json\" class=\"yoast-schema-graph\">{\"@context\":\"https:\\\/\\\/schema.org\",\"@graph\":[{\"@type\":\"WebPage\",\"@id\":\"https:\\\/\\\/reisetier.de\\\/transsib\\\/reise-organisation\\\/reiseanbieter\\\/\",\"url\":\"https:\\\/\\\/reisetier.de\\\/transsib\\\/reise-organisation\\\/reiseanbieter\\\/\",\"name\":\"Reiseanbieter - Die Transsibirische Eisenbahn\",\"isPartOf\":{\"@id\":\"https:\\\/\\\/reisetier.de\\\/transsib\\\/#website\"},\"primaryImageOfPage\":{\"@id\":\"https:\\\/\\\/reisetier.de\\\/transsib\\\/reise-organisation\\\/reiseanbieter\\\/#primaryimage\"},\"image\":{\"@id\":\"https:\\\/\\\/reisetier.de\\\/transsib\\\/reise-organisation\\\/reiseanbieter\\\/#primaryimage\"},\"thumbnailUrl\":\"https:\\\/\\\/reisetier.de\\\/transsib\\\/wp-content\\\/uploads\\\/sites\\\/2\\\/2019\\\/05\\\/moskau-kirche.jpg\",\"datePublished\":\"2019-05-01T09:01:57+00:00\",\"description\":\"Eine organisierte Transsib-Reise kann genau so toll und spannend sein, wie eine selbst organisierte Fahrt. Hier stelle ich verschiedene Reiseanbieter vor.\",\"breadcrumb\":{\"@id\":\"https:\\\/\\\/reisetier.de\\\/transsib\\\/reise-organisation\\\/reiseanbieter\\\/#breadcrumb\"},\"inLanguage\":\"de\",\"potentialAction\":[{\"@type\":\"ReadAction\",\"target\":[\"https:\\\/\\\/reisetier.de\\\/transsib\\\/reise-organisation\\\/reiseanbieter\\\/\"]}]},{\"@type\":\"ImageObject\",\"inLanguage\":\"de\",\"@id\":\"https:\\\/\\\/reisetier.de\\\/transsib\\\/reise-organisation\\\/reiseanbieter\\\/#primaryimage\",\"url\":\"https:\\\/\\\/reisetier.de\\\/transsib\\\/wp-content\\\/uploads\\\/sites\\\/2\\\/2019\\\/05\\\/moskau-kirche.jpg\",\"contentUrl\":\"https:\\\/\\\/reisetier.de\\\/transsib\\\/wp-content\\\/uploads\\\/sites\\\/2\\\/2019\\\/05\\\/moskau-kirche.jpg\",\"width\":600,\"height\":450},{\"@type\":\"BreadcrumbList\",\"@id\":\"https:\\\/\\\/reisetier.de\\\/transsib\\\/reise-organisation\\\/reiseanbieter\\\/#breadcrumb\",\"itemListElement\":[{\"@type\":\"ListItem\",\"position\":1,\"name\":\"Home\",\"item\":\"https:\\\/\\\/reisetier.de\\\/transsib\\\/\"},{\"@type\":\"ListItem\",\"position\":2,\"name\":\"Reise Organisation\",\"item\":\"https:\\\/\\\/reisetier.de\\\/transsib\\\/reise-organisation\\\/\"},{\"@type\":\"ListItem\",\"position\":3,\"name\":\"Reiseanbieter\"}]},{\"@type\":\"WebSite\",\"@id\":\"https:\\\/\\\/reisetier.de\\\/transsib\\\/#website\",\"url\":\"https:\\\/\\\/reisetier.de\\\/transsib\\\/\",\"name\":\"Die Transsibirische Eisenbahn\",\"description\":\"Reisen durch Russland, die Mongolei und China\",\"potentialAction\":[{\"@type\":\"SearchAction\",\"target\":{\"@type\":\"EntryPoint\",\"urlTemplate\":\"https:\\\/\\\/reisetier.de\\\/transsib\\\/?s={search_term_string}\"},\"query-input\":{\"@type\":\"PropertyValueSpecification\",\"valueRequired\":true,\"valueName\":\"search_term_string\"}}],\"inLanguage\":\"de\"}]}<\/script>\n<!-- \/ Yoast SEO plugin. -->","yoast_head_json":{"title":"Reiseanbieter - Die Transsibirische Eisenbahn","description":"Eine organisierte Transsib-Reise kann genau so toll und spannend sein, wie eine selbst organisierte Fahrt. Hier stelle ich verschiedene Reiseanbieter vor.","robots":{"index":"index","follow":"follow","max-snippet":"max-snippet:-1","max-image-preview":"max-image-preview:large","max-video-preview":"max-video-preview:-1"},"canonical":"https:\/\/reisetier.de\/transsib\/reise-organisation\/reiseanbieter\/","og_locale":"de_DE","og_type":"article","og_title":"Reiseanbieter - Die Transsibirische Eisenbahn","og_description":"Eine organisierte Transsib-Reise kann genau so toll und spannend sein, wie eine selbst organisierte Fahrt. Hier stelle ich verschiedene Reiseanbieter vor.","og_url":"https:\/\/reisetier.de\/transsib\/reise-organisation\/reiseanbieter\/","og_site_name":"Die Transsibirische Eisenbahn","og_image":[{"url":"https:\/\/reisetier.de\/transsib\/wp-content\/uploads\/sites\/2\/2019\/05\/moskau-kirche.jpg","type":"","width":"","height":""}],"twitter_card":"summary_large_image","twitter_misc":{"Gesch\u00e4tzte Lesezeit":"1\u00a0Minute"},"schema":{"@context":"https:\/\/schema.org","@graph":[{"@type":"WebPage","@id":"https:\/\/reisetier.de\/transsib\/reise-organisation\/reiseanbieter\/","url":"https:\/\/reisetier.de\/transsib\/reise-organisation\/reiseanbieter\/","name":"Reiseanbieter - Die Transsibirische Eisenbahn","isPartOf":{"@id":"https:\/\/reisetier.de\/transsib\/#website"},"primaryImageOfPage":{"@id":"https:\/\/reisetier.de\/transsib\/reise-organisation\/reiseanbieter\/#primaryimage"},"image":{"@id":"https:\/\/reisetier.de\/transsib\/reise-organisation\/reiseanbieter\/#primaryimage"},"thumbnailUrl":"https:\/\/reisetier.de\/transsib\/wp-content\/uploads\/sites\/2\/2019\/05\/moskau-kirche.jpg","datePublished":"2019-05-01T09:01:57+00:00","description":"Eine organisierte Transsib-Reise kann genau so toll und spannend sein, wie eine selbst organisierte Fahrt. Hier stelle ich verschiedene Reiseanbieter vor.","breadcrumb":{"@id":"https:\/\/reisetier.de\/transsib\/reise-organisation\/reiseanbieter\/#breadcrumb"},"inLanguage":"de","potentialAction":[{"@type":"ReadAction","target":["https:\/\/reisetier.de\/transsib\/reise-organisation\/reiseanbieter\/"]}]},{"@type":"ImageObject","inLanguage":"de","@id":"https:\/\/reisetier.de\/transsib\/reise-organisation\/reiseanbieter\/#primaryimage","url":"https:\/\/reisetier.de\/transsib\/wp-content\/uploads\/sites\/2\/2019\/05\/moskau-kirche.jpg","contentUrl":"https:\/\/reisetier.de\/transsib\/wp-content\/uploads\/sites\/2\/2019\/05\/moskau-kirche.jpg","width":600,"height":450},{"@type":"BreadcrumbList","@id":"https:\/\/reisetier.de\/transsib\/reise-organisation\/reiseanbieter\/#breadcrumb","itemListElement":[{"@type":"ListItem","position":1,"name":"Home","item":"https:\/\/reisetier.de\/transsib\/"},{"@type":"ListItem","position":2,"name":"Reise Organisation","item":"https:\/\/reisetier.de\/transsib\/reise-organisation\/"},{"@type":"ListItem","position":3,"name":"Reiseanbieter"}]},{"@type":"WebSite","@id":"https:\/\/reisetier.de\/transsib\/#website","url":"https:\/\/reisetier.de\/transsib\/","name":"Die Transsibirische Eisenbahn","description":"Reisen durch Russland, die Mongolei und China","potentialAction":[{"@type":"SearchAction","target":{"@type":"EntryPoint","urlTemplate":"https:\/\/reisetier.de\/transsib\/?s={search_term_string}"},"query-input":{"@type":"PropertyValueSpecification","valueRequired":true,"valueName":"search_term_string"}}],"inLanguage":"de"}]}},"_links":{"self":[{"href":"https:\/\/reisetier.de\/transsib\/wp-json\/wp\/v2\/pages\/2257","targetHints":{"allow":["GET"]}}],"collection":[{"href":"https:\/\/reisetier.de\/transsib\/wp-json\/wp\/v2\/pages"}],"about":[{"href":"https:\/\/reisetier.de\/transsib\/wp-json\/wp\/v2\/types\/page"}],"author":[{"embeddable":true,"href":"https:\/\/reisetier.de\/transsib\/wp-json\/wp\/v2\/users\/1"}],"replies":[{"embeddable":true,"href":"https:\/\/reisetier.de\/transsib\/wp-json\/wp\/v2\/comments?post=2257"}],"version-history":[{"count":0,"href":"https:\/\/reisetier.de\/transsib\/wp-json\/wp\/v2\/pages\/2257\/revisions"}],"up":[{"embeddable":true,"href":"https:\/\/reisetier.de\/transsib\/wp-json\/wp\/v2\/pages\/314"}],"wp:attachment":[{"href":"https:\/\/reisetier.de\/transsib\/wp-json\/wp\/v2\/media?parent=2257"}],"curies":[{"name":"wp","href":"https:\/\/api.w.org\/{rel}","templated":true}]}}