{"id":225,"date":"2011-03-19T01:11:34","date_gmt":"2011-03-19T00:11:34","guid":{"rendered":"http:\/\/www.transsib-tipps.de\/?page_id=225"},"modified":"2011-03-19T01:11:34","modified_gmt":"2011-03-19T00:11:34","slug":"mongolei","status":"publish","type":"page","link":"https:\/\/reisetier.de\/transsib\/mongolei\/","title":{"rendered":"Mongolei"},"content":{"rendered":"<p>Die Mongolei ist mit knapp 3 Millionen Einwohnern auf eine Fl\u00e4che, die knapp f\u00fcnf Mal so gro\u00df ist wie Deutschland das am d\u00fcnnsten besiedelte Land der Erde. Zudem ist sie eines der \u00e4rmsten L\u00e4nder der Welt.<\/p>\n<div class=\"teaser\">\n<h3><a href=\"mongolische-mentalitaet\/\">Die mongolische Mentalit\u00e4t<\/a><\/h3>\n<p>Was pr\u00e4gt die Menschen in der Mongolei? Wie sollte ich mich selbst ihnen gegen\u00fcber verhalten?<br \/>\n<a href=\"mongolische-mentalitaet\/\">Zur mongolischen Mentalit\u00e4t<\/a>\n<\/div>\n<p class=\"clear\">&nbsp;<\/p>\n","protected":false},"excerpt":{"rendered":"<p>Die Mongolei ist mit knapp 3 Millionen Einwohnern auf eine Fl\u00e4che, die knapp f\u00fcnf Mal so gro\u00df ist wie Deutschland das am d\u00fcnnsten besiedelte Land der Erde. Zudem ist sie eines der \u00e4rmsten L\u00e4nder der Welt. Die mongolische Mentalit\u00e4t Was pr\u00e4gt die Menschen in der Mongolei? Wie sollte ich mich selbst ihnen gegen\u00fcber verhalten? Zur &#038;hellip <a class=\"read-excerpt\" href=\"https:\/\/reisetier.de\/transsib\/mongolei\/\">Continue reading <span class=\"meta-nav\">&raquo;<\/span><\/a><\/p>\n","protected":false},"author":1,"featured_media":0,"parent":0,"menu_order":24,"comment_status":"open","ping_status":"closed","template":"","meta":{"footnotes":""},"class_list":["post-225","page","type-page","status-publish","hentry"],"yoast_head":"<!-- This site is optimized with the Yoast SEO plugin v27.3 - https:\/\/yoast.com\/product\/yoast-seo-wordpress\/ -->\n<title>Mongolei - Die Transsibirische Eisenbahn<\/title>\n<meta name=\"description\" content=\"Die Mongolei ist mit knapp 3 Millionen Einwohnern auf eine Fl\u00e4che, die knapp f\u00fcnf Mal so gro\u00df ist wie Deutschland das am d\u00fcnnsten besiedelte Land der Erde.\" \/>\n<meta name=\"robots\" content=\"index, follow, max-snippet:-1, max-image-preview:large, max-video-preview:-1\" \/>\n<link rel=\"canonical\" href=\"https:\/\/reisetier.de\/transsib\/mongolei\/\" \/>\n<meta property=\"og:locale\" content=\"de_DE\" \/>\n<meta property=\"og:type\" content=\"article\" \/>\n<meta property=\"og:title\" content=\"Mongolei - Die Transsibirische Eisenbahn\" \/>\n<meta property=\"og:description\" content=\"Die Mongolei ist mit knapp 3 Millionen Einwohnern auf eine Fl\u00e4che, die knapp f\u00fcnf Mal so gro\u00df ist wie Deutschland das am d\u00fcnnsten besiedelte Land der Erde.\" \/>\n<meta property=\"og:url\" content=\"https:\/\/reisetier.de\/transsib\/mongolei\/\" \/>\n<meta property=\"og:site_name\" content=\"Die Transsibirische Eisenbahn\" \/>\n<meta name=\"twitter:card\" content=\"summary_large_image\" \/>\n<script type=\"application\/ld+json\" class=\"yoast-schema-graph\">{\"@context\":\"https:\\\/\\\/schema.org\",\"@graph\":[{\"@type\":\"WebPage\",\"@id\":\"https:\\\/\\\/reisetier.de\\\/transsib\\\/mongolei\\\/\",\"url\":\"https:\\\/\\\/reisetier.de\\\/transsib\\\/mongolei\\\/\",\"name\":\"Mongolei - Die Transsibirische Eisenbahn\",\"isPartOf\":{\"@id\":\"https:\\\/\\\/reisetier.de\\\/transsib\\\/#website\"},\"datePublished\":\"2011-03-19T00:11:34+00:00\",\"description\":\"Die Mongolei ist mit knapp 3 Millionen Einwohnern auf eine Fl\u00e4che, die knapp f\u00fcnf Mal so gro\u00df ist wie Deutschland das am d\u00fcnnsten besiedelte Land der Erde.\",\"breadcrumb\":{\"@id\":\"https:\\\/\\\/reisetier.de\\\/transsib\\\/mongolei\\\/#breadcrumb\"},\"inLanguage\":\"de\",\"potentialAction\":[{\"@type\":\"ReadAction\",\"target\":[\"https:\\\/\\\/reisetier.de\\\/transsib\\\/mongolei\\\/\"]}]},{\"@type\":\"BreadcrumbList\",\"@id\":\"https:\\\/\\\/reisetier.de\\\/transsib\\\/mongolei\\\/#breadcrumb\",\"itemListElement\":[{\"@type\":\"ListItem\",\"position\":1,\"name\":\"Home\",\"item\":\"https:\\\/\\\/reisetier.de\\\/transsib\\\/\"},{\"@type\":\"ListItem\",\"position\":2,\"name\":\"Mongolei\"}]},{\"@type\":\"WebSite\",\"@id\":\"https:\\\/\\\/reisetier.de\\\/transsib\\\/#website\",\"url\":\"https:\\\/\\\/reisetier.de\\\/transsib\\\/\",\"name\":\"Die Transsibirische Eisenbahn\",\"description\":\"Reisen durch Russland, die Mongolei und China\",\"potentialAction\":[{\"@type\":\"SearchAction\",\"target\":{\"@type\":\"EntryPoint\",\"urlTemplate\":\"https:\\\/\\\/reisetier.de\\\/transsib\\\/?s={search_term_string}\"},\"query-input\":{\"@type\":\"PropertyValueSpecification\",\"valueRequired\":true,\"valueName\":\"search_term_string\"}}],\"inLanguage\":\"de\"}]}<\/script>\n<!-- \/ Yoast SEO plugin. -->","yoast_head_json":{"title":"Mongolei - Die Transsibirische Eisenbahn","description":"Die Mongolei ist mit knapp 3 Millionen Einwohnern auf eine Fl\u00e4che, die knapp f\u00fcnf Mal so gro\u00df ist wie Deutschland das am d\u00fcnnsten besiedelte Land der Erde.","robots":{"index":"index","follow":"follow","max-snippet":"max-snippet:-1","max-image-preview":"max-image-preview:large","max-video-preview":"max-video-preview:-1"},"canonical":"https:\/\/reisetier.de\/transsib\/mongolei\/","og_locale":"de_DE","og_type":"article","og_title":"Mongolei - Die Transsibirische Eisenbahn","og_description":"Die Mongolei ist mit knapp 3 Millionen Einwohnern auf eine Fl\u00e4che, die knapp f\u00fcnf Mal so gro\u00df ist wie Deutschland das am d\u00fcnnsten besiedelte Land der Erde.","og_url":"https:\/\/reisetier.de\/transsib\/mongolei\/","og_site_name":"Die Transsibirische Eisenbahn","twitter_card":"summary_large_image","schema":{"@context":"https:\/\/schema.org","@graph":[{"@type":"WebPage","@id":"https:\/\/reisetier.de\/transsib\/mongolei\/","url":"https:\/\/reisetier.de\/transsib\/mongolei\/","name":"Mongolei - Die Transsibirische Eisenbahn","isPartOf":{"@id":"https:\/\/reisetier.de\/transsib\/#website"},"datePublished":"2011-03-19T00:11:34+00:00","description":"Die Mongolei ist mit knapp 3 Millionen Einwohnern auf eine Fl\u00e4che, die knapp f\u00fcnf Mal so gro\u00df ist wie Deutschland das am d\u00fcnnsten besiedelte Land der Erde.","breadcrumb":{"@id":"https:\/\/reisetier.de\/transsib\/mongolei\/#breadcrumb"},"inLanguage":"de","potentialAction":[{"@type":"ReadAction","target":["https:\/\/reisetier.de\/transsib\/mongolei\/"]}]},{"@type":"BreadcrumbList","@id":"https:\/\/reisetier.de\/transsib\/mongolei\/#breadcrumb","itemListElement":[{"@type":"ListItem","position":1,"name":"Home","item":"https:\/\/reisetier.de\/transsib\/"},{"@type":"ListItem","position":2,"name":"Mongolei"}]},{"@type":"WebSite","@id":"https:\/\/reisetier.de\/transsib\/#website","url":"https:\/\/reisetier.de\/transsib\/","name":"Die Transsibirische Eisenbahn","description":"Reisen durch Russland, die Mongolei und China","potentialAction":[{"@type":"SearchAction","target":{"@type":"EntryPoint","urlTemplate":"https:\/\/reisetier.de\/transsib\/?s={search_term_string}"},"query-input":{"@type":"PropertyValueSpecification","valueRequired":true,"valueName":"search_term_string"}}],"inLanguage":"de"}]}},"_links":{"self":[{"href":"https:\/\/reisetier.de\/transsib\/wp-json\/wp\/v2\/pages\/225","targetHints":{"allow":["GET"]}}],"collection":[{"href":"https:\/\/reisetier.de\/transsib\/wp-json\/wp\/v2\/pages"}],"about":[{"href":"https:\/\/reisetier.de\/transsib\/wp-json\/wp\/v2\/types\/page"}],"author":[{"embeddable":true,"href":"https:\/\/reisetier.de\/transsib\/wp-json\/wp\/v2\/users\/1"}],"replies":[{"embeddable":true,"href":"https:\/\/reisetier.de\/transsib\/wp-json\/wp\/v2\/comments?post=225"}],"version-history":[{"count":0,"href":"https:\/\/reisetier.de\/transsib\/wp-json\/wp\/v2\/pages\/225\/revisions"}],"wp:attachment":[{"href":"https:\/\/reisetier.de\/transsib\/wp-json\/wp\/v2\/media?parent=225"}],"curies":[{"name":"wp","href":"https:\/\/api.w.org\/{rel}","templated":true}]}}