{"id":2,"date":"2011-03-13T21:14:30","date_gmt":"2011-03-13T21:14:30","guid":{"rendered":"http:\/\/transsib.j-breuer.de\/?page_id=2"},"modified":"2011-03-13T21:14:30","modified_gmt":"2011-03-13T21:14:30","slug":"eine-seite","status":"publish","type":"page","link":"https:\/\/reisetier.de\/transsib\/","title":{"rendered":"Willkommen bei Transsib-Tipps!"},"content":{"rendered":"<h2>Die Seite f\u00fcr individuelles Reisen mit der Transsibirischen Eisenbahn<\/h2>\n<p>Als ich vor zwei Jahren meine Reise mit der Transsibirischen Eisenbahn plante, musste ich feststellen, dass es im Internet kaum Informationen dar\u00fcber gibt. Die wenigen vorhandenen Seiten wollten entweder ihre teuren Pauschalreisen verkaufen, oder sind hoffnungslos veraltet. Daher habe ich nach meiner Tour beschlossen, meine Erfahrungen auf einer eigenen Seite zu teilen und an andere Traveller weiter zu geben. Eines vorweg: Auch wenn einiges organisiert und geplant werden muss, ist die Reise mit der Transsibirischen Eisenbahn eine unglaublich tolle und intensive Erfahrung. Noch heute muss ich mir auf jeder Weltkarte, an der ich vorbeikomme, diese unglaubliche Strecke um die halbe Welt nochmal angucken und die zahlreichen Erlebnisse nochmal Revue passieren lassen. Ich hoffe meine Seite verhilft euch zu einer \u00e4hnlichen Erfahrung. Ich freue mich jederzeit \u00fcber R\u00fcckmeldungen, Fragen und Reiseberichte \u00fcber mein <a href=\"\/transsib\/kontakt\/\">Kontaktformular<\/a>.<\/p>\n<div class=\"teaser\">\n<h3><a href=\"\/transsib\/preise-transsib-tickets\/\">Preise &amp; Transsib-Tickets<\/a><\/h3>\n<p>Welche Kosten kommen bei einer Reise mit der Transsibirischen Eisenbahn auf mich zu? Und wo kann ich die Tickets kaufen?<br \/>\n<a href=\"\/transsib\/preise-transsib-tickets\/\">Alles \u00fcber Preise &amp; Transsib-Tickets<\/a>\n<\/div>\n<div class=\"teaser\">\n<h3><a href=\"\/transsib\/reise-organisation\/\">Reise Organisation<\/a><\/h3>\n<p>Wie komme ich unterwegs an Bargeld? Wo muss ich das Visum beantragen? Und brauche ich eine eigene Reise-Krankenversicherung?<br \/>\n<a href=\"\/transsib\/reise-organisation\/\">Alles \u00fcber die Reise Organisation<\/a>\n<\/div>\n<div class=\"teaser\">\n<h3><a href=\"\/transsib\/transsibirische-gepaeck\/\">Transsib Gep\u00e4ck<\/a><\/h3>\n<p>Wo packt man seine Sachen rein? Welche Kleidung braucht man f\u00fcr die Transsibirische Eisenbahn? Und gibt es empfehlenswerte Reiselekt\u00fcre?<br \/>\n<a href=\"\/transsib\/transsibirische-gepaeck\/\">Alles \u00fcber das Transsib Gep\u00e4ck<\/a>\n<\/div>\n<div class=\"teaser\">\n<h3><a href=\"\/transsib\/reise-im-zug\/\">Die Reise im Zug<\/a><\/h3>\n<p>Was gibt es in der Transsibirischen Eisenbahn f\u00fcr Klassen? Sind Speisewagen vorhanden?<br \/>\n<a href=\"\/transsib\/reise-im-zug\/\">Alles \u00fcber die Reise im Zug<\/a>\n<\/div>\n<div class=\"teaser\">\n<h3><a href=\"\/transsib\/strecke-fahrplan\/\">Strecke &amp; Fahrplan<\/a><\/h3>\n<p>Wo genau f\u00e4hrt die Transsibirische Eisenbahn lang? Welche St\u00e4dte lohnen einen Halt? Und wann fahren die Z\u00fcge?<br \/>\n<a href=\"\/transsib\/strecke-fahrplan\/\">Alles \u00fcber Strecke &amp; Fahrplan<\/a>\n<\/div>\n<div class=\"teaser\">\n<h3><a href=\"\/transsib\/russland\/\">Russland<\/a><\/h3>\n<p>Was muss man \u00fcber das Land und seine Leute wissen? Muss ich russisch k\u00f6nnen? Wo kann man g\u00fcnstig \u00fcbernachten?<br \/>\n<a href=\"\/transsib\/russland\/\">Alles \u00fcber Russland<\/a>\n<\/div>\n<div class=\"teaser\">\n<h3><a href=\"\/transsib\/china\/\">China<\/a><\/h3>\n<p>Warum gucken mich in China alle an? K\u00f6nnen die Chinesen englisch? Und ist chinesisch wirklich so schwer?<br \/>\n<a href=\"\/transsib\/china\/\">Alles \u00fcber China<\/a>\n<\/div>\n<div class=\"teaser\">\n<h3><a href=\"\/transsib\/transsibirische-eisenbahn-tagebuch\/\">Transsib Tagebuch<\/a><\/h3>\n<p>Hier ver\u00f6ffentliche ich nach und nach das Tagebuch von meiner Reise mit der Transsibirischen Eisenbahn.<br \/>\n<a href=\"\/transsib\/transsibirische-eisenbahn-tagebuch\/\">Zum Transsib Tagebuch<\/a>\n<\/div>\n<div id=\"youtube\" class=\"youtube\"><\/div>\n<p><br style=\"clear:both\" \/><\/p>\n","protected":false},"excerpt":{"rendered":"<p>Die Seite f\u00fcr individuelles Reisen mit der Transsibirischen Eisenbahn Als ich vor zwei Jahren meine Reise mit der Transsibirischen Eisenbahn plante, musste ich feststellen, dass es im Internet kaum Informationen dar\u00fcber gibt. Die wenigen vorhandenen Seiten wollten entweder ihre teuren Pauschalreisen verkaufen, oder sind hoffnungslos veraltet. Daher habe ich nach meiner Tour beschlossen, meine Erfahrungen &#038;hellip <a class=\"read-excerpt\" href=\"https:\/\/reisetier.de\/transsib\/\">Continue reading <span class=\"meta-nav\">&raquo;<\/span><\/a><\/p>\n","protected":false},"author":1,"featured_media":0,"parent":0,"menu_order":1,"comment_status":"open","ping_status":"open","template":"","meta":{"footnotes":""},"class_list":["post-2","page","type-page","status-publish","hentry"],"yoast_head":"<!-- This site is optimized with the Yoast SEO plugin v27.4 - https:\/\/yoast.com\/product\/yoast-seo-wordpress\/ -->\n<title>Transsibirische Eisenbahn auf eigene Faust - Transsib Tipps<\/title>\n<meta name=\"description\" content=\"Du willst mit der Transsibirischen Eisenbahn fahren aber ohne teuren Reiseanbieter? Hier gibt es viele Tipps zum individuellen Reisen mit der Transsib!\" \/>\n<meta name=\"robots\" content=\"index, follow, max-snippet:-1, max-image-preview:large, max-video-preview:-1\" \/>\n<link rel=\"canonical\" href=\"https:\/\/reisetier.de\/transsib\/\" \/>\n<meta property=\"og:locale\" content=\"de_DE\" \/>\n<meta property=\"og:type\" content=\"article\" \/>\n<meta property=\"og:title\" content=\"Transsibirische Eisenbahn auf eigene Faust - Transsib Tipps\" \/>\n<meta property=\"og:description\" content=\"Du willst mit der Transsibirischen Eisenbahn fahren aber ohne teuren Reiseanbieter? Hier gibt es viele Tipps zum individuellen Reisen mit der Transsib!\" \/>\n<meta property=\"og:url\" content=\"https:\/\/reisetier.de\/transsib\/\" \/>\n<meta property=\"og:site_name\" content=\"Die Transsibirische Eisenbahn\" \/>\n<meta name=\"twitter:card\" content=\"summary_large_image\" \/>\n<meta name=\"twitter:label1\" content=\"Gesch\u00e4tzte Lesezeit\" \/>\n\t<meta name=\"twitter:data1\" content=\"2\u00a0Minuten\" \/>\n<script type=\"application\/ld+json\" class=\"yoast-schema-graph\">{\"@context\":\"https:\\\/\\\/schema.org\",\"@graph\":[{\"@type\":\"WebPage\",\"@id\":\"https:\\\/\\\/reisetier.de\\\/transsib\\\/\",\"url\":\"https:\\\/\\\/reisetier.de\\\/transsib\\\/\",\"name\":\"Transsibirische Eisenbahn auf eigene Faust - Transsib Tipps\",\"isPartOf\":{\"@id\":\"https:\\\/\\\/reisetier.de\\\/transsib\\\/#website\"},\"datePublished\":\"2011-03-13T21:14:30+00:00\",\"description\":\"Du willst mit der Transsibirischen Eisenbahn fahren aber ohne teuren Reiseanbieter? Hier gibt es viele Tipps zum individuellen Reisen mit der Transsib!\",\"breadcrumb\":{\"@id\":\"https:\\\/\\\/reisetier.de\\\/transsib\\\/#breadcrumb\"},\"inLanguage\":\"de\",\"potentialAction\":[{\"@type\":\"ReadAction\",\"target\":[\"https:\\\/\\\/reisetier.de\\\/transsib\\\/\"]}]},{\"@type\":\"BreadcrumbList\",\"@id\":\"https:\\\/\\\/reisetier.de\\\/transsib\\\/#breadcrumb\",\"itemListElement\":[{\"@type\":\"ListItem\",\"position\":1,\"name\":\"Home\",\"item\":\"https:\\\/\\\/reisetier.de\\\/transsib\\\/\"},{\"@type\":\"ListItem\",\"position\":2,\"name\":\"Willkommen bei Transsib-Tipps!\"}]},{\"@type\":\"WebSite\",\"@id\":\"https:\\\/\\\/reisetier.de\\\/transsib\\\/#website\",\"url\":\"https:\\\/\\\/reisetier.de\\\/transsib\\\/\",\"name\":\"Die Transsibirische Eisenbahn\",\"description\":\"Reisen durch Russland, die Mongolei und China\",\"potentialAction\":[{\"@type\":\"SearchAction\",\"target\":{\"@type\":\"EntryPoint\",\"urlTemplate\":\"https:\\\/\\\/reisetier.de\\\/transsib\\\/?s={search_term_string}\"},\"query-input\":{\"@type\":\"PropertyValueSpecification\",\"valueRequired\":true,\"valueName\":\"search_term_string\"}}],\"inLanguage\":\"de\"}]}<\/script>\n<!-- \/ Yoast SEO plugin. -->","yoast_head_json":{"title":"Transsibirische Eisenbahn auf eigene Faust - Transsib Tipps","description":"Du willst mit der Transsibirischen Eisenbahn fahren aber ohne teuren Reiseanbieter? Hier gibt es viele Tipps zum individuellen Reisen mit der Transsib!","robots":{"index":"index","follow":"follow","max-snippet":"max-snippet:-1","max-image-preview":"max-image-preview:large","max-video-preview":"max-video-preview:-1"},"canonical":"https:\/\/reisetier.de\/transsib\/","og_locale":"de_DE","og_type":"article","og_title":"Transsibirische Eisenbahn auf eigene Faust - Transsib Tipps","og_description":"Du willst mit der Transsibirischen Eisenbahn fahren aber ohne teuren Reiseanbieter? Hier gibt es viele Tipps zum individuellen Reisen mit der Transsib!","og_url":"https:\/\/reisetier.de\/transsib\/","og_site_name":"Die Transsibirische Eisenbahn","twitter_card":"summary_large_image","twitter_misc":{"Gesch\u00e4tzte Lesezeit":"2\u00a0Minuten"},"schema":{"@context":"https:\/\/schema.org","@graph":[{"@type":"WebPage","@id":"https:\/\/reisetier.de\/transsib\/","url":"https:\/\/reisetier.de\/transsib\/","name":"Transsibirische Eisenbahn auf eigene Faust - Transsib Tipps","isPartOf":{"@id":"https:\/\/reisetier.de\/transsib\/#website"},"datePublished":"2011-03-13T21:14:30+00:00","description":"Du willst mit der Transsibirischen Eisenbahn fahren aber ohne teuren Reiseanbieter? Hier gibt es viele Tipps zum individuellen Reisen mit der Transsib!","breadcrumb":{"@id":"https:\/\/reisetier.de\/transsib\/#breadcrumb"},"inLanguage":"de","potentialAction":[{"@type":"ReadAction","target":["https:\/\/reisetier.de\/transsib\/"]}]},{"@type":"BreadcrumbList","@id":"https:\/\/reisetier.de\/transsib\/#breadcrumb","itemListElement":[{"@type":"ListItem","position":1,"name":"Home","item":"https:\/\/reisetier.de\/transsib\/"},{"@type":"ListItem","position":2,"name":"Willkommen bei Transsib-Tipps!"}]},{"@type":"WebSite","@id":"https:\/\/reisetier.de\/transsib\/#website","url":"https:\/\/reisetier.de\/transsib\/","name":"Die Transsibirische Eisenbahn","description":"Reisen durch Russland, die Mongolei und China","potentialAction":[{"@type":"SearchAction","target":{"@type":"EntryPoint","urlTemplate":"https:\/\/reisetier.de\/transsib\/?s={search_term_string}"},"query-input":{"@type":"PropertyValueSpecification","valueRequired":true,"valueName":"search_term_string"}}],"inLanguage":"de"}]}},"_links":{"self":[{"href":"https:\/\/reisetier.de\/transsib\/wp-json\/wp\/v2\/pages\/2","targetHints":{"allow":["GET"]}}],"collection":[{"href":"https:\/\/reisetier.de\/transsib\/wp-json\/wp\/v2\/pages"}],"about":[{"href":"https:\/\/reisetier.de\/transsib\/wp-json\/wp\/v2\/types\/page"}],"author":[{"embeddable":true,"href":"https:\/\/reisetier.de\/transsib\/wp-json\/wp\/v2\/users\/1"}],"replies":[{"embeddable":true,"href":"https:\/\/reisetier.de\/transsib\/wp-json\/wp\/v2\/comments?post=2"}],"version-history":[{"count":0,"href":"https:\/\/reisetier.de\/transsib\/wp-json\/wp\/v2\/pages\/2\/revisions"}],"wp:attachment":[{"href":"https:\/\/reisetier.de\/transsib\/wp-json\/wp\/v2\/media?parent=2"}],"curies":[{"name":"wp","href":"https:\/\/api.w.org\/{rel}","templated":true}]}}