{"id":1735,"date":"2013-11-11T12:10:18","date_gmt":"2013-11-11T11:10:18","guid":{"rendered":"http:\/\/www.transsib-tipps.de\/?page_id=1735"},"modified":"2013-11-11T12:10:18","modified_gmt":"2013-11-11T11:10:18","slug":"abschied-von-krasnojarsk","status":"publish","type":"page","link":"https:\/\/reisetier.de\/transsib\/transsibirische-eisenbahn-reiseberichte\/reisebericht-von-gerhard-wacker\/abschied-von-krasnojarsk\/","title":{"rendered":"Abschied von Krasnojarsk"},"content":{"rendered":"<h4>Reisetag 7: Samstag, 8.9.2012, Krasnojarsk<\/h4>\n<p>Am Morgen wu\u00dften wir warum es so duftete: Wieder erwartet uns ein pr\u00e4chtiges und abwechslungsreiches Fr\u00fchst\u00fcck. Heute steht die Stadt und Kultur am Programm. Wir starten wieder ins Zentrum (das Quartier liegt recht zentral, alles ist zu Fu\u00df gut zu erreichen), durch Parks, an Auslagen, der alten Apotheke Nr. 1 und vielen Springbrunnen vorbei spazieren wir zum Heimatmuseum. Die Exponate \u00fcber Mongolen und Schamanen, die Entwicklung und Lebensweisen in Sibirien, teilweise zur\u00fcckgehend bis in vorchristliche Zeit, die Tierwelt, alles ist interessant und anschaulich pr\u00e4sentiert und oftmals auf Tafeln in Englisch erl\u00e4utert.<\/p>\n<div id=\"attachment_1736\" style=\"width: 349px\" class=\"wp-caption alignright\"><img loading=\"lazy\" decoding=\"async\" aria-describedby=\"caption-attachment-1736\" src=\"https:\/\/reisetier.de\/transsib\/wp-content\/uploads\/sites\/2\/2013\/11\/krasnojarsk-nacht.jpg\" alt=\"Krasnijarsk am Abend\" width=\"339\" height=\"200\" class=\"size-full wp-image-1736\" srcset=\"https:\/\/reisetier.de\/transsib\/wp-content\/uploads\/sites\/2\/2013\/11\/krasnojarsk-nacht.jpg 339w, https:\/\/reisetier.de\/transsib\/wp-content\/uploads\/sites\/2\/2013\/11\/krasnojarsk-nacht-300x177.jpg 300w\" sizes=\"auto, (max-width: 339px) 100vw, 339px\" \/><p id=\"caption-attachment-1736\" class=\"wp-caption-text\">Krasnijarsk am Abend<\/p><\/div>\n<p>Zwar sind wir nach 2 \u00bd Stunden im Museum schon etwas m\u00fcde, aber es gibt noch so viel zu erkunden: vorbei an Holzh\u00e4usern und modernen Bauten gehen wir an die M\u00fcndung von Katschna in den Jenissej, ehe wir bei &#8222;Mama Roma&#8220; gediegen italienisch essen. F\u00fcr die Nachspeisen kehren wir im &#8222;Wilka Loschka&#8220; am Pr. Mira 80 ein (gutes und preiswertes SB-Restaurant mit russischer K\u00fcche).<\/p>\n<p>Nach einem Erholungsschlaf wird abends nochmals die City besucht, vor allem, um die vielen bunten &#8222;elektrischen B\u00e4ume&#8220; auf den Hauptstra\u00dfen in Beleuchtung zu sehen und die n\u00e4chtlichen Springbrunnen: Ein buntes Spiel von Farben und Wasserfont\u00e4nen. Da die Superm\u00e4rkte zumeist bis 24:00 Uhr (wenn nicht durchgehend) offen haben, versorgen wir uns noch f\u00fcr einen vergn\u00fcglichen Abend &#8222;daheim&#8220;.<\/p>\n<p>&nbsp;<\/p>\n<h4>Reisetag 8: Sonntag, 9.9.2012, Abschied von Krasnojarsk, Transsib<\/h4>\n<div id=\"attachment_1743\" style=\"width: 310px\" class=\"wp-caption alignleft\"><img loading=\"lazy\" decoding=\"async\" aria-describedby=\"caption-attachment-1743\" src=\"https:\/\/reisetier.de\/transsib\/wp-content\/uploads\/sites\/2\/2013\/11\/abschied-krasnojarsk.jpg\" alt=\"Abschiedsfoto mit Olga und Victor\" width=\"300\" height=\"257\" class=\"size-full wp-image-1743\" \/><p id=\"caption-attachment-1743\" class=\"wp-caption-text\">Abschiedsfoto mit Olga und Victor<\/p><\/div>\n<p>Heute hei\u00dft es Abschied nehmen. Olga zaubert wieder ein tolles Fr\u00fchst\u00fcck, Heinz und ich gehen noch auf den Aussichtspunkt mit der am 10-Rubel-Schein abgebildeten Kapelle. F\u00fcr den 1\/2\u2013stundigen Marsch werden wir mit einem Rundumblick \u00fcber Stadt und Skyline und vor allem auf die m\u00e4chtige Eisenbahnbr\u00fccken belohnt.<\/p>\n<p>Doch die Transsib ruft. Wehm\u00fctig nehmen wir von unserer Gastfamilie Abschied. Selbst Danny, der Spitz, zwischenzeitlich in Waltrud ganz verliebt, schaut ungl\u00e4ubig. Da wir fr\u00fch dran sind, k\u00f6nnen wir noch das sch\u00f6ne Bahnhofsgeb\u00e4ude bewundern, wo es heute, einem Sonntag, nicht so quirlig ist.<\/p>\n<p>Diesmal haben wir Zug Nr. 8. Wieder erkl\u00e4ren wir unsere Fahrkarten, dann d\u00fcrfen wir einsteigen und unser Abteil beziehen. Gleich nach der p\u00fcnktlichen Abfahrt (13:36 Uhr OZ) \u00fcberqueren wir die m\u00e4chtige Br\u00fccke \u00fcber den Jenissej und anschlie\u00dfend eine kleine H\u00fcgelkette. Wieder haben wir einen Waggon der Krasnojarsker Eisenbahnverwaltung, diesmal aber etwas schlichter: keine Teppiche und Anzeigen, die Betten sind zwar breiter, daf\u00fcr k\u00fcrzer und h\u00e4rter, beim Aufstehen st\u00f6\u00dft man leicht am Oberbett an. Egal, der Abschnitt bis Taischet ist ja relativ kurz.<\/p>\n<p><img loading=\"lazy\" decoding=\"async\" src=\"https:\/\/reisetier.de\/transsib\/wp-content\/uploads\/sites\/2\/2013\/11\/taischet-transsib.jpg\" alt=\"taischet-transsib\" width=\"300\" height=\"166\" class=\"alignright size-full wp-image-1745\" \/><\/p>\n<p>Die Landschaft ist jetzt leicht wellig und zauberhaft sch\u00f6n: kleine Ortschaften wechseln mit W\u00e4ldern und steppenartigen Wiesen ab, Datschasiedlungen und Teichlandschaften liegen in der klaren und warmen Herbstsonne, das Farbenkleid der B\u00e4ume ist hier bunter als an den Vortagen. Nach rund 4 Stunden ist ein Aufenthalt in ILANSKAJA. Endlich, wir sind schon hungrig.Wieder gibt es Nudelteig mit Kartoffel gef\u00fcllt, Krautpiroggen, \u201cHot-Dogs\u201d in Erd\u00e4pfelteig, \u2026- mmmh!<\/p>\n<p>Weiter schl\u00e4ngelt sich der Zug in rund 300 Hm durch die Landschaft \u2013 hier erscheint es etwas dichter besiedelt, mit Getreidefeldern, oftmals K\u00fchen, G\u00e4nsen und Ziegen. In den Datschafeldern wird flei\u00dfig geerntet und umgegraben. Wieder m\u00fcssen wir die Uhren vorstellen (MZ + 5 Stunden). P\u00fcnktlich um 21:11 Uhr OZ kommen wir nach rund 6 \u00bd Stunden Fahrt in TAISCHET bei km 4.515 an (abz\u00fcglich der Aufenthalte durchschnittlich ca. 67 kmh).<\/p>\n<p>Wieder werden wir am Waggon abgeholt, Alexej erwartet uns und bringt uns mit seinem nagelneuen Chevy-Van oder SUV nach BIRJUSA. Dort sind wir bei seiner Schwiegermutter Valentina untergebracht. In gutem Deutsch, das er sich selbst gelernt hat, erkl\u00e4rt uns Alexej w\u00e4hrend der kurzen Fahrt schon allerlei \u00fcber die Gegend.<\/p>\n<p>Es war ann\u00e4hernd finster, als wir in der Ortschaft ankamen. Alexej zeigt uns unser &#8222;Reihenhaus Nr.2&#8220; und die Gegebenheiten. Unser erster Eindruck war: Na servas! In der Beschreibung steht zwar &#8222;\u2026. typisches Holzhaus \u2026 sibirischer geht\u00b4s nicht&#8220;. Aber ob wir es sooo sibirisch wollten, ich wei\u00df nicht: Das Holzhaus leicht schief (viele H\u00e4user stehen leicht schief, wohl weil der Permafrostboden nachgibt), eine einfache Waschgelegenheit, ein Plumpsklo im Garten (auch ohne Taschenlampe am Geruch leicht zu finden). Das H\u00e4uschen war aber angenehm warm (drau\u00dfen war es schon recht kalt), sehr sauber und heimelig eingerichtet.<\/p>\n<p>Alexej zeigte uns im &#8222;Haupthaus&#8220; die Duschm\u00f6glichkeit \u2013 ein riesiger Ofen, Holzb\u00e4nke, es war sehr hei\u00df, vielleicht ist es zugleich ein Saunaraum. Valentina erwartete uns schon mit herrlichen Salaten, Erd\u00e4pfel mit Fleisch, Kuchen, und: DER Himbeermarmelade, leicht fl\u00fcssig. Es war einfach k\u00f6stlich!<\/p>\n<p>Zu gro\u00dfer K\u00f6rperpflege waren wir nicht mehr in Stimmung, aber doch zu munter, um schlafen zu gehen. So spielten wir bis in den n\u00e4chsten Tag hinein Karten. Einmalig war der n\u00e4chtliche Sternenhimmel in der klaren, stockdunklen Nacht: Ich glaube, da waren mehr Lichter von den Sternen als dunkle Flecken am Firmament.<\/p>\n","protected":false},"excerpt":{"rendered":"<p>Reisetag 7: Samstag, 8.9.2012, Krasnojarsk Am Morgen wu\u00dften wir warum es so duftete: Wieder erwartet uns ein pr\u00e4chtiges und abwechslungsreiches Fr\u00fchst\u00fcck. Heute steht die Stadt und Kultur am Programm. Wir starten wieder ins Zentrum (das Quartier liegt recht zentral, alles ist zu Fu\u00df gut zu erreichen), durch Parks, an Auslagen, der alten Apotheke Nr. 1 &#038;hellip <a class=\"read-excerpt\" href=\"https:\/\/reisetier.de\/transsib\/transsibirische-eisenbahn-reiseberichte\/reisebericht-von-gerhard-wacker\/abschied-von-krasnojarsk\/\">Continue reading <span class=\"meta-nav\">&raquo;<\/span><\/a><\/p>\n","protected":false},"author":1,"featured_media":0,"parent":1692,"menu_order":303,"comment_status":"open","ping_status":"open","template":"","meta":{"footnotes":""},"class_list":["post-1735","page","type-page","status-publish","hentry"],"yoast_head":"<!-- This site is optimized with the Yoast SEO plugin v27.5 - https:\/\/yoast.com\/product\/yoast-seo-wordpress\/ -->\n<title>Abschied von Krasnojarsk<\/title>\n<meta name=\"description\" content=\"Nach dem Abschied von Krasnojarsk geht es mit der Transsibirischen Eisenbahn weiter nach Taischet.\" \/>\n<meta name=\"robots\" content=\"index, follow, max-snippet:-1, max-image-preview:large, max-video-preview:-1\" \/>\n<link rel=\"canonical\" href=\"https:\/\/reisetier.de\/transsib\/transsibirische-eisenbahn-reiseberichte\/reisebericht-von-gerhard-wacker\/abschied-von-krasnojarsk\/\" \/>\n<meta property=\"og:locale\" content=\"de_DE\" \/>\n<meta property=\"og:type\" content=\"article\" \/>\n<meta property=\"og:title\" content=\"Abschied von Krasnojarsk\" \/>\n<meta property=\"og:description\" content=\"Nach dem Abschied von Krasnojarsk geht es mit der Transsibirischen Eisenbahn weiter nach Taischet.\" \/>\n<meta property=\"og:url\" content=\"https:\/\/reisetier.de\/transsib\/transsibirische-eisenbahn-reiseberichte\/reisebericht-von-gerhard-wacker\/abschied-von-krasnojarsk\/\" \/>\n<meta property=\"og:site_name\" content=\"Die Transsibirische Eisenbahn\" \/>\n<meta property=\"og:image\" content=\"https:\/\/reisetier.de\/transsib\/wp-content\/uploads\/sites\/2\/2013\/11\/krasnojarsk-nacht.jpg\" \/>\n<meta name=\"twitter:card\" content=\"summary_large_image\" \/>\n<meta name=\"twitter:label1\" content=\"Gesch\u00e4tzte Lesezeit\" \/>\n\t<meta name=\"twitter:data1\" content=\"4\u00a0Minuten\" \/>\n<script type=\"application\/ld+json\" class=\"yoast-schema-graph\">{\"@context\":\"https:\\\/\\\/schema.org\",\"@graph\":[{\"@type\":\"WebPage\",\"@id\":\"https:\\\/\\\/reisetier.de\\\/transsib\\\/transsibirische-eisenbahn-reiseberichte\\\/reisebericht-von-gerhard-wacker\\\/abschied-von-krasnojarsk\\\/\",\"url\":\"https:\\\/\\\/reisetier.de\\\/transsib\\\/transsibirische-eisenbahn-reiseberichte\\\/reisebericht-von-gerhard-wacker\\\/abschied-von-krasnojarsk\\\/\",\"name\":\"Abschied von Krasnojarsk\",\"isPartOf\":{\"@id\":\"https:\\\/\\\/reisetier.de\\\/transsib\\\/#website\"},\"primaryImageOfPage\":{\"@id\":\"https:\\\/\\\/reisetier.de\\\/transsib\\\/transsibirische-eisenbahn-reiseberichte\\\/reisebericht-von-gerhard-wacker\\\/abschied-von-krasnojarsk\\\/#primaryimage\"},\"image\":{\"@id\":\"https:\\\/\\\/reisetier.de\\\/transsib\\\/transsibirische-eisenbahn-reiseberichte\\\/reisebericht-von-gerhard-wacker\\\/abschied-von-krasnojarsk\\\/#primaryimage\"},\"thumbnailUrl\":\"https:\\\/\\\/reisetier.de\\\/transsib\\\/wp-content\\\/uploads\\\/sites\\\/2\\\/2013\\\/11\\\/krasnojarsk-nacht.jpg\",\"datePublished\":\"2013-11-11T11:10:18+00:00\",\"description\":\"Nach dem Abschied von Krasnojarsk geht es mit der Transsibirischen Eisenbahn weiter nach Taischet.\",\"breadcrumb\":{\"@id\":\"https:\\\/\\\/reisetier.de\\\/transsib\\\/transsibirische-eisenbahn-reiseberichte\\\/reisebericht-von-gerhard-wacker\\\/abschied-von-krasnojarsk\\\/#breadcrumb\"},\"inLanguage\":\"de\",\"potentialAction\":[{\"@type\":\"ReadAction\",\"target\":[\"https:\\\/\\\/reisetier.de\\\/transsib\\\/transsibirische-eisenbahn-reiseberichte\\\/reisebericht-von-gerhard-wacker\\\/abschied-von-krasnojarsk\\\/\"]}]},{\"@type\":\"ImageObject\",\"inLanguage\":\"de\",\"@id\":\"https:\\\/\\\/reisetier.de\\\/transsib\\\/transsibirische-eisenbahn-reiseberichte\\\/reisebericht-von-gerhard-wacker\\\/abschied-von-krasnojarsk\\\/#primaryimage\",\"url\":\"https:\\\/\\\/reisetier.de\\\/transsib\\\/wp-content\\\/uploads\\\/sites\\\/2\\\/2013\\\/11\\\/krasnojarsk-nacht.jpg\",\"contentUrl\":\"https:\\\/\\\/reisetier.de\\\/transsib\\\/wp-content\\\/uploads\\\/sites\\\/2\\\/2013\\\/11\\\/krasnojarsk-nacht.jpg\",\"width\":339,\"height\":200,\"caption\":\"Krasnijarsk am Abend\"},{\"@type\":\"BreadcrumbList\",\"@id\":\"https:\\\/\\\/reisetier.de\\\/transsib\\\/transsibirische-eisenbahn-reiseberichte\\\/reisebericht-von-gerhard-wacker\\\/abschied-von-krasnojarsk\\\/#breadcrumb\",\"itemListElement\":[{\"@type\":\"ListItem\",\"position\":1,\"name\":\"Home\",\"item\":\"https:\\\/\\\/reisetier.de\\\/transsib\\\/\"},{\"@type\":\"ListItem\",\"position\":2,\"name\":\"Transsib Reiseberichte\",\"item\":\"https:\\\/\\\/reisetier.de\\\/transsib\\\/transsibirische-eisenbahn-reiseberichte\\\/\"},{\"@type\":\"ListItem\",\"position\":3,\"name\":\"Reisebericht von Gerhard Wacker\",\"item\":\"https:\\\/\\\/reisetier.de\\\/transsib\\\/transsibirische-eisenbahn-reiseberichte\\\/reisebericht-von-gerhard-wacker\\\/\"},{\"@type\":\"ListItem\",\"position\":4,\"name\":\"Abschied von Krasnojarsk\"}]},{\"@type\":\"WebSite\",\"@id\":\"https:\\\/\\\/reisetier.de\\\/transsib\\\/#website\",\"url\":\"https:\\\/\\\/reisetier.de\\\/transsib\\\/\",\"name\":\"Die Transsibirische Eisenbahn\",\"description\":\"Reisen durch Russland, die Mongolei und China\",\"potentialAction\":[{\"@type\":\"SearchAction\",\"target\":{\"@type\":\"EntryPoint\",\"urlTemplate\":\"https:\\\/\\\/reisetier.de\\\/transsib\\\/?s={search_term_string}\"},\"query-input\":{\"@type\":\"PropertyValueSpecification\",\"valueRequired\":true,\"valueName\":\"search_term_string\"}}],\"inLanguage\":\"de\"}]}<\/script>\n<!-- \/ Yoast SEO plugin. -->","yoast_head_json":{"title":"Abschied von Krasnojarsk","description":"Nach dem Abschied von Krasnojarsk geht es mit der Transsibirischen Eisenbahn weiter nach Taischet.","robots":{"index":"index","follow":"follow","max-snippet":"max-snippet:-1","max-image-preview":"max-image-preview:large","max-video-preview":"max-video-preview:-1"},"canonical":"https:\/\/reisetier.de\/transsib\/transsibirische-eisenbahn-reiseberichte\/reisebericht-von-gerhard-wacker\/abschied-von-krasnojarsk\/","og_locale":"de_DE","og_type":"article","og_title":"Abschied von Krasnojarsk","og_description":"Nach dem Abschied von Krasnojarsk geht es mit der Transsibirischen Eisenbahn weiter nach Taischet.","og_url":"https:\/\/reisetier.de\/transsib\/transsibirische-eisenbahn-reiseberichte\/reisebericht-von-gerhard-wacker\/abschied-von-krasnojarsk\/","og_site_name":"Die Transsibirische Eisenbahn","og_image":[{"url":"https:\/\/reisetier.de\/transsib\/wp-content\/uploads\/sites\/2\/2013\/11\/krasnojarsk-nacht.jpg","type":"","width":"","height":""}],"twitter_card":"summary_large_image","twitter_misc":{"Gesch\u00e4tzte Lesezeit":"4\u00a0Minuten"},"schema":{"@context":"https:\/\/schema.org","@graph":[{"@type":"WebPage","@id":"https:\/\/reisetier.de\/transsib\/transsibirische-eisenbahn-reiseberichte\/reisebericht-von-gerhard-wacker\/abschied-von-krasnojarsk\/","url":"https:\/\/reisetier.de\/transsib\/transsibirische-eisenbahn-reiseberichte\/reisebericht-von-gerhard-wacker\/abschied-von-krasnojarsk\/","name":"Abschied von Krasnojarsk","isPartOf":{"@id":"https:\/\/reisetier.de\/transsib\/#website"},"primaryImageOfPage":{"@id":"https:\/\/reisetier.de\/transsib\/transsibirische-eisenbahn-reiseberichte\/reisebericht-von-gerhard-wacker\/abschied-von-krasnojarsk\/#primaryimage"},"image":{"@id":"https:\/\/reisetier.de\/transsib\/transsibirische-eisenbahn-reiseberichte\/reisebericht-von-gerhard-wacker\/abschied-von-krasnojarsk\/#primaryimage"},"thumbnailUrl":"https:\/\/reisetier.de\/transsib\/wp-content\/uploads\/sites\/2\/2013\/11\/krasnojarsk-nacht.jpg","datePublished":"2013-11-11T11:10:18+00:00","description":"Nach dem Abschied von Krasnojarsk geht es mit der Transsibirischen Eisenbahn weiter nach Taischet.","breadcrumb":{"@id":"https:\/\/reisetier.de\/transsib\/transsibirische-eisenbahn-reiseberichte\/reisebericht-von-gerhard-wacker\/abschied-von-krasnojarsk\/#breadcrumb"},"inLanguage":"de","potentialAction":[{"@type":"ReadAction","target":["https:\/\/reisetier.de\/transsib\/transsibirische-eisenbahn-reiseberichte\/reisebericht-von-gerhard-wacker\/abschied-von-krasnojarsk\/"]}]},{"@type":"ImageObject","inLanguage":"de","@id":"https:\/\/reisetier.de\/transsib\/transsibirische-eisenbahn-reiseberichte\/reisebericht-von-gerhard-wacker\/abschied-von-krasnojarsk\/#primaryimage","url":"https:\/\/reisetier.de\/transsib\/wp-content\/uploads\/sites\/2\/2013\/11\/krasnojarsk-nacht.jpg","contentUrl":"https:\/\/reisetier.de\/transsib\/wp-content\/uploads\/sites\/2\/2013\/11\/krasnojarsk-nacht.jpg","width":339,"height":200,"caption":"Krasnijarsk am Abend"},{"@type":"BreadcrumbList","@id":"https:\/\/reisetier.de\/transsib\/transsibirische-eisenbahn-reiseberichte\/reisebericht-von-gerhard-wacker\/abschied-von-krasnojarsk\/#breadcrumb","itemListElement":[{"@type":"ListItem","position":1,"name":"Home","item":"https:\/\/reisetier.de\/transsib\/"},{"@type":"ListItem","position":2,"name":"Transsib Reiseberichte","item":"https:\/\/reisetier.de\/transsib\/transsibirische-eisenbahn-reiseberichte\/"},{"@type":"ListItem","position":3,"name":"Reisebericht von Gerhard Wacker","item":"https:\/\/reisetier.de\/transsib\/transsibirische-eisenbahn-reiseberichte\/reisebericht-von-gerhard-wacker\/"},{"@type":"ListItem","position":4,"name":"Abschied von Krasnojarsk"}]},{"@type":"WebSite","@id":"https:\/\/reisetier.de\/transsib\/#website","url":"https:\/\/reisetier.de\/transsib\/","name":"Die Transsibirische Eisenbahn","description":"Reisen durch Russland, die Mongolei und China","potentialAction":[{"@type":"SearchAction","target":{"@type":"EntryPoint","urlTemplate":"https:\/\/reisetier.de\/transsib\/?s={search_term_string}"},"query-input":{"@type":"PropertyValueSpecification","valueRequired":true,"valueName":"search_term_string"}}],"inLanguage":"de"}]}},"_links":{"self":[{"href":"https:\/\/reisetier.de\/transsib\/wp-json\/wp\/v2\/pages\/1735","targetHints":{"allow":["GET"]}}],"collection":[{"href":"https:\/\/reisetier.de\/transsib\/wp-json\/wp\/v2\/pages"}],"about":[{"href":"https:\/\/reisetier.de\/transsib\/wp-json\/wp\/v2\/types\/page"}],"author":[{"embeddable":true,"href":"https:\/\/reisetier.de\/transsib\/wp-json\/wp\/v2\/users\/1"}],"replies":[{"embeddable":true,"href":"https:\/\/reisetier.de\/transsib\/wp-json\/wp\/v2\/comments?post=1735"}],"version-history":[{"count":0,"href":"https:\/\/reisetier.de\/transsib\/wp-json\/wp\/v2\/pages\/1735\/revisions"}],"up":[{"embeddable":true,"href":"https:\/\/reisetier.de\/transsib\/wp-json\/wp\/v2\/pages\/1692"}],"wp:attachment":[{"href":"https:\/\/reisetier.de\/transsib\/wp-json\/wp\/v2\/media?parent=1735"}],"curies":[{"name":"wp","href":"https:\/\/api.w.org\/{rel}","templated":true}]}}