{"id":160,"date":"2011-03-18T19:28:25","date_gmt":"2011-03-18T18:28:25","guid":{"rendered":"http:\/\/transsib.j-breuer.de\/?page_id=160"},"modified":"2022-09-26T08:18:30","modified_gmt":"2022-09-26T06:18:30","slug":"fahrplan-transsib","status":"publish","type":"page","link":"https:\/\/reisetier.de\/transsib\/strecke-fahrplan\/fahrplan-transsib\/","title":{"rendered":"Fahrplan der Transsib"},"content":{"rendered":"<h2>Wann f\u00e4hrt die Transsibirische Eisenbahn?<\/h2>\n<p>Die deutschen Informationen \u00fcber den Fahrplan der Transsibirischen Eisenbahn sind im Internet sehr d\u00fcnn ges\u00e4t. Die Fahrpl\u00e4ne sind meistens komplett veraltet, oder es sind nur manche Z\u00fcge ber\u00fccksichtigt. Da macht auch diese Seite keine Ausnahme. Ich habe versucht, einen \u00fcbersichtlichen Fahrplan aller Z\u00fcge zu erstellen, bin aber an der Komplexit\u00e4t gescheitert.<\/p>\n<p>Daher habe ich diese Aktion abgebrochen und mir stattdessen \u00fcberlegt, was man wirklich \u00fcber den Fahrplan der Transsibirischen Eisenbahn wissen muss, wenn man eine individuelle Reise plant. Anstatt riesigen Tabellen gibt es hier also nur eine Entwarnung: Fast alle Verbindungen verkehren t\u00e4glich. Lediglich beim Streckenabschnitt von Ulan Bator nach Peking muss man aufpassen. Dieser f\u00e4hrt nur Donnerstags und Sonntags, jeweils um 07:15 Uhr. Ansonsten hat man nur Einschr\u00e4nkungen, wenn man die gesamte Strecke Moskau-Peking in einem St\u00fcck fahren will. In diesem Fall beginnt die Fahrt Dienstags um 21:35 oder Samstags um 23:55. Hiervon kann ich aber nur abraten, da man so die ganzen sch\u00f6nen Etappen verpasst.<\/p>\n<p>Wer die genauen Abfahrstszeiten aller Z\u00fcge der Transsibirischen Eisenbahn wissen will, kann diese auf der Seite von <a href=\"https:\/\/realrussia.co.uk\/transsib\/?refp=84\" rel=\"nofollow noopener\" target=\"_blank\">RealRussia<\/a> ermitteln. Ihr k\u00f6nnt dort beim Fahrplan ausw\u00e4hlen, ob ihr die Zeiten in der jeweils lokalen Zeitzone anzeigen wollt, oder nach Moskauer Zeit. In Russland gehen alle Zugpl\u00e4ne nach Moskauer Zeit gehen und diese steht auch auf den Tickets drauf. Daher w\u00fcrde ich euch empfehlen, auch bei RealRussia die Moskauer Zeit auszuw\u00e4hlen. So gew\u00f6hnt ihr euch direkt daran und die Zeit auf den Pl\u00e4nen in Russland stimmt mit eurer Zeit \u00fcberein. RealRussia bietet auch sehr g\u00fcnstige Zugtickets und einen praktischen Reiseplaner f\u00fcr die Transsibirische Eisenbahn an, sodass es eigentlich nicht n\u00f6tig ist, die Fahrpl\u00e4ne zu studieren. Bevor ihr aber dort ein Ticket bucht, beachtet meine Hinweise auf der <a href=\"\/transsib\/preise-transsib-tickets\/buchung\/\">Buchungsseite<\/a>. <img loading=\"lazy\" decoding=\"async\" src=\"https:\/\/ssl-vg03.met.vgwort.de\/na\/677d3f2aa74544159d21746b9c26ee69\" width=\"1\" height=\"1\" alt=\"\"><\/p>\n<div id=\"attachment_623\" style=\"width: 860px\" class=\"wp-caption aligncenter\"><img loading=\"lazy\" decoding=\"async\" aria-describedby=\"caption-attachment-623\" class=\"size-full wp-image-623\" title=\"Ein Abfahrtsplan der Transsibirischen Eisenbahn im Bahnhof von Moskau\" src=\"https:\/\/reisetier.de\/transsib\/wp-content\/uploads\/sites\/2\/2011\/03\/transsibirische-fahrplan.jpg\" alt=\"Ein Abfahrtsplan der Transsibirischen Eisenbahn im Bahnhof von Moskau\" width=\"850\" height=\"322\" srcset=\"https:\/\/reisetier.de\/transsib\/wp-content\/uploads\/sites\/2\/2011\/03\/transsibirische-fahrplan.jpg 850w, https:\/\/reisetier.de\/transsib\/wp-content\/uploads\/sites\/2\/2011\/03\/transsibirische-fahrplan-300x114.jpg 300w, https:\/\/reisetier.de\/transsib\/wp-content\/uploads\/sites\/2\/2011\/03\/transsibirische-fahrplan-768x291.jpg 768w\" sizes=\"auto, (max-width: 850px) 100vw, 850px\" \/><p id=\"caption-attachment-623\" class=\"wp-caption-text\">Ein Abfahrtsplan der Transsibirischen Eisenbahn im Bahnhof von Moskau<\/p><\/div>\n<p>&nbsp;<\/p>\n","protected":false},"excerpt":{"rendered":"<p>Wann f\u00e4hrt die Transsibirische Eisenbahn? Die deutschen Informationen \u00fcber den Fahrplan der Transsibirischen Eisenbahn sind im Internet sehr d\u00fcnn ges\u00e4t. Die Fahrpl\u00e4ne sind meistens komplett veraltet, oder es sind nur manche Z\u00fcge ber\u00fccksichtigt. Da macht auch diese Seite keine Ausnahme. Ich habe versucht, einen \u00fcbersichtlichen Fahrplan aller Z\u00fcge zu erstellen, bin aber an der Komplexit\u00e4t &#038;hellip <a class=\"read-excerpt\" href=\"https:\/\/reisetier.de\/transsib\/strecke-fahrplan\/fahrplan-transsib\/\">Continue reading <span class=\"meta-nav\">&raquo;<\/span><\/a><\/p>\n","protected":false},"author":1,"featured_media":0,"parent":140,"menu_order":21,"comment_status":"open","ping_status":"closed","template":"","meta":{"footnotes":""},"class_list":["post-160","page","type-page","status-publish","hentry"],"yoast_head":"<!-- This site is optimized with the Yoast SEO plugin v27.3 - https:\/\/yoast.com\/product\/yoast-seo-wordpress\/ -->\n<title>Fahrplan der Transsibirischen Eisenbahn<\/title>\n<meta name=\"description\" content=\"Schau dir an, wann die Z\u00fcge der Transsibirischen Eisenplan fahren. Hier findest du die Informationen \u00fcber den Fahrplan.\" \/>\n<meta name=\"robots\" content=\"index, follow, max-snippet:-1, max-image-preview:large, max-video-preview:-1\" \/>\n<link rel=\"canonical\" href=\"https:\/\/reisetier.de\/transsib\/strecke-fahrplan\/fahrplan-transsib\/\" \/>\n<meta property=\"og:locale\" content=\"de_DE\" \/>\n<meta property=\"og:type\" content=\"article\" \/>\n<meta property=\"og:title\" content=\"Fahrplan der Transsibirischen Eisenbahn\" \/>\n<meta property=\"og:description\" content=\"Schau dir an, wann die Z\u00fcge der Transsibirischen Eisenplan fahren. Hier findest du die Informationen \u00fcber den Fahrplan.\" \/>\n<meta property=\"og:url\" content=\"https:\/\/reisetier.de\/transsib\/strecke-fahrplan\/fahrplan-transsib\/\" \/>\n<meta property=\"og:site_name\" content=\"Die Transsibirische Eisenbahn\" \/>\n<meta property=\"article:modified_time\" content=\"2022-09-26T06:18:30+00:00\" \/>\n<meta property=\"og:image\" content=\"https:\/\/ssl-vg03.met.vgwort.de\/na\/677d3f2aa74544159d21746b9c26ee69\" \/>\n<meta name=\"twitter:card\" content=\"summary_large_image\" \/>\n<meta name=\"twitter:label1\" content=\"Gesch\u00e4tzte Lesezeit\" \/>\n\t<meta name=\"twitter:data1\" content=\"2\u00a0Minuten\" \/>\n<script type=\"application\/ld+json\" class=\"yoast-schema-graph\">{\"@context\":\"https:\\\/\\\/schema.org\",\"@graph\":[{\"@type\":\"WebPage\",\"@id\":\"https:\\\/\\\/reisetier.de\\\/transsib\\\/strecke-fahrplan\\\/fahrplan-transsib\\\/\",\"url\":\"https:\\\/\\\/reisetier.de\\\/transsib\\\/strecke-fahrplan\\\/fahrplan-transsib\\\/\",\"name\":\"Fahrplan der Transsibirischen Eisenbahn\",\"isPartOf\":{\"@id\":\"https:\\\/\\\/reisetier.de\\\/transsib\\\/#website\"},\"primaryImageOfPage\":{\"@id\":\"https:\\\/\\\/reisetier.de\\\/transsib\\\/strecke-fahrplan\\\/fahrplan-transsib\\\/#primaryimage\"},\"image\":{\"@id\":\"https:\\\/\\\/reisetier.de\\\/transsib\\\/strecke-fahrplan\\\/fahrplan-transsib\\\/#primaryimage\"},\"thumbnailUrl\":\"https:\\\/\\\/ssl-vg03.met.vgwort.de\\\/na\\\/677d3f2aa74544159d21746b9c26ee69\",\"datePublished\":\"2011-03-18T18:28:25+00:00\",\"dateModified\":\"2022-09-26T06:18:30+00:00\",\"description\":\"Schau dir an, wann die Z\u00fcge der Transsibirischen Eisenplan fahren. Hier findest du die Informationen \u00fcber den Fahrplan.\",\"breadcrumb\":{\"@id\":\"https:\\\/\\\/reisetier.de\\\/transsib\\\/strecke-fahrplan\\\/fahrplan-transsib\\\/#breadcrumb\"},\"inLanguage\":\"de\",\"potentialAction\":[{\"@type\":\"ReadAction\",\"target\":[\"https:\\\/\\\/reisetier.de\\\/transsib\\\/strecke-fahrplan\\\/fahrplan-transsib\\\/\"]}]},{\"@type\":\"ImageObject\",\"inLanguage\":\"de\",\"@id\":\"https:\\\/\\\/reisetier.de\\\/transsib\\\/strecke-fahrplan\\\/fahrplan-transsib\\\/#primaryimage\",\"url\":\"https:\\\/\\\/ssl-vg03.met.vgwort.de\\\/na\\\/677d3f2aa74544159d21746b9c26ee69\",\"contentUrl\":\"https:\\\/\\\/ssl-vg03.met.vgwort.de\\\/na\\\/677d3f2aa74544159d21746b9c26ee69\"},{\"@type\":\"BreadcrumbList\",\"@id\":\"https:\\\/\\\/reisetier.de\\\/transsib\\\/strecke-fahrplan\\\/fahrplan-transsib\\\/#breadcrumb\",\"itemListElement\":[{\"@type\":\"ListItem\",\"position\":1,\"name\":\"Home\",\"item\":\"https:\\\/\\\/reisetier.de\\\/transsib\\\/\"},{\"@type\":\"ListItem\",\"position\":2,\"name\":\"Strecke &amp; Fahrplan\",\"item\":\"https:\\\/\\\/reisetier.de\\\/transsib\\\/strecke-fahrplan\\\/\"},{\"@type\":\"ListItem\",\"position\":3,\"name\":\"Fahrplan der Transsib\"}]},{\"@type\":\"WebSite\",\"@id\":\"https:\\\/\\\/reisetier.de\\\/transsib\\\/#website\",\"url\":\"https:\\\/\\\/reisetier.de\\\/transsib\\\/\",\"name\":\"Die Transsibirische Eisenbahn\",\"description\":\"Reisen durch Russland, die Mongolei und China\",\"potentialAction\":[{\"@type\":\"SearchAction\",\"target\":{\"@type\":\"EntryPoint\",\"urlTemplate\":\"https:\\\/\\\/reisetier.de\\\/transsib\\\/?s={search_term_string}\"},\"query-input\":{\"@type\":\"PropertyValueSpecification\",\"valueRequired\":true,\"valueName\":\"search_term_string\"}}],\"inLanguage\":\"de\"}]}<\/script>\n<!-- \/ Yoast SEO plugin. -->","yoast_head_json":{"title":"Fahrplan der Transsibirischen Eisenbahn","description":"Schau dir an, wann die Z\u00fcge der Transsibirischen Eisenplan fahren. Hier findest du die Informationen \u00fcber den Fahrplan.","robots":{"index":"index","follow":"follow","max-snippet":"max-snippet:-1","max-image-preview":"max-image-preview:large","max-video-preview":"max-video-preview:-1"},"canonical":"https:\/\/reisetier.de\/transsib\/strecke-fahrplan\/fahrplan-transsib\/","og_locale":"de_DE","og_type":"article","og_title":"Fahrplan der Transsibirischen Eisenbahn","og_description":"Schau dir an, wann die Z\u00fcge der Transsibirischen Eisenplan fahren. Hier findest du die Informationen \u00fcber den Fahrplan.","og_url":"https:\/\/reisetier.de\/transsib\/strecke-fahrplan\/fahrplan-transsib\/","og_site_name":"Die Transsibirische Eisenbahn","article_modified_time":"2022-09-26T06:18:30+00:00","og_image":[{"url":"https:\/\/ssl-vg03.met.vgwort.de\/na\/677d3f2aa74544159d21746b9c26ee69","type":"","width":"","height":""}],"twitter_card":"summary_large_image","twitter_misc":{"Gesch\u00e4tzte Lesezeit":"2\u00a0Minuten"},"schema":{"@context":"https:\/\/schema.org","@graph":[{"@type":"WebPage","@id":"https:\/\/reisetier.de\/transsib\/strecke-fahrplan\/fahrplan-transsib\/","url":"https:\/\/reisetier.de\/transsib\/strecke-fahrplan\/fahrplan-transsib\/","name":"Fahrplan der Transsibirischen Eisenbahn","isPartOf":{"@id":"https:\/\/reisetier.de\/transsib\/#website"},"primaryImageOfPage":{"@id":"https:\/\/reisetier.de\/transsib\/strecke-fahrplan\/fahrplan-transsib\/#primaryimage"},"image":{"@id":"https:\/\/reisetier.de\/transsib\/strecke-fahrplan\/fahrplan-transsib\/#primaryimage"},"thumbnailUrl":"https:\/\/ssl-vg03.met.vgwort.de\/na\/677d3f2aa74544159d21746b9c26ee69","datePublished":"2011-03-18T18:28:25+00:00","dateModified":"2022-09-26T06:18:30+00:00","description":"Schau dir an, wann die Z\u00fcge der Transsibirischen Eisenplan fahren. Hier findest du die Informationen \u00fcber den Fahrplan.","breadcrumb":{"@id":"https:\/\/reisetier.de\/transsib\/strecke-fahrplan\/fahrplan-transsib\/#breadcrumb"},"inLanguage":"de","potentialAction":[{"@type":"ReadAction","target":["https:\/\/reisetier.de\/transsib\/strecke-fahrplan\/fahrplan-transsib\/"]}]},{"@type":"ImageObject","inLanguage":"de","@id":"https:\/\/reisetier.de\/transsib\/strecke-fahrplan\/fahrplan-transsib\/#primaryimage","url":"https:\/\/ssl-vg03.met.vgwort.de\/na\/677d3f2aa74544159d21746b9c26ee69","contentUrl":"https:\/\/ssl-vg03.met.vgwort.de\/na\/677d3f2aa74544159d21746b9c26ee69"},{"@type":"BreadcrumbList","@id":"https:\/\/reisetier.de\/transsib\/strecke-fahrplan\/fahrplan-transsib\/#breadcrumb","itemListElement":[{"@type":"ListItem","position":1,"name":"Home","item":"https:\/\/reisetier.de\/transsib\/"},{"@type":"ListItem","position":2,"name":"Strecke &amp; Fahrplan","item":"https:\/\/reisetier.de\/transsib\/strecke-fahrplan\/"},{"@type":"ListItem","position":3,"name":"Fahrplan der Transsib"}]},{"@type":"WebSite","@id":"https:\/\/reisetier.de\/transsib\/#website","url":"https:\/\/reisetier.de\/transsib\/","name":"Die Transsibirische Eisenbahn","description":"Reisen durch Russland, die Mongolei und China","potentialAction":[{"@type":"SearchAction","target":{"@type":"EntryPoint","urlTemplate":"https:\/\/reisetier.de\/transsib\/?s={search_term_string}"},"query-input":{"@type":"PropertyValueSpecification","valueRequired":true,"valueName":"search_term_string"}}],"inLanguage":"de"}]}},"_links":{"self":[{"href":"https:\/\/reisetier.de\/transsib\/wp-json\/wp\/v2\/pages\/160","targetHints":{"allow":["GET"]}}],"collection":[{"href":"https:\/\/reisetier.de\/transsib\/wp-json\/wp\/v2\/pages"}],"about":[{"href":"https:\/\/reisetier.de\/transsib\/wp-json\/wp\/v2\/types\/page"}],"author":[{"embeddable":true,"href":"https:\/\/reisetier.de\/transsib\/wp-json\/wp\/v2\/users\/1"}],"replies":[{"embeddable":true,"href":"https:\/\/reisetier.de\/transsib\/wp-json\/wp\/v2\/comments?post=160"}],"version-history":[{"count":1,"href":"https:\/\/reisetier.de\/transsib\/wp-json\/wp\/v2\/pages\/160\/revisions"}],"predecessor-version":[{"id":2544,"href":"https:\/\/reisetier.de\/transsib\/wp-json\/wp\/v2\/pages\/160\/revisions\/2544"}],"up":[{"embeddable":true,"href":"https:\/\/reisetier.de\/transsib\/wp-json\/wp\/v2\/pages\/140"}],"wp:attachment":[{"href":"https:\/\/reisetier.de\/transsib\/wp-json\/wp\/v2\/media?parent=160"}],"curies":[{"name":"wp","href":"https:\/\/api.w.org\/{rel}","templated":true}]}}