{"id":1201,"date":"2011-07-11T19:01:17","date_gmt":"2011-07-11T18:01:17","guid":{"rendered":"http:\/\/www.transsib-tipps.de\/?page_id=1201"},"modified":"2011-07-11T19:01:17","modified_gmt":"2011-07-11T18:01:17","slug":"ankunft-nowosibirsk","status":"publish","type":"page","link":"https:\/\/reisetier.de\/transsib\/transsibirische-eisenbahn-tagebuch\/ankunft-nowosibirsk\/","title":{"rendered":"Ankunft in Nowosibirsk"},"content":{"rendered":"<h2>Reisetag 8<\/h2>\n<p>Am Anfang f\u00e4llt es immer etwas schwer, in der Transsibirischen Eisenbahn einzuschlafen. Nachdem man es aber schlie\u00dflich geschafft hat, passiert es irgendwie st\u00e4ndig. So gab es am zweiten Tag in der Transsibirischen Eisenbahn mehrere Vormittags- Mittags- und Nachmittags-Schl\u00e4fchen. \ud83d\ude09<\/p>\n<p>Um 18 Uhr Ortszeit kamen wir schlie\u00dflich in Nowosibirsk an. Die Suche nach einer Unterkunft gestaltete sich recht abenteuerlich. Im Internet hatten wir kein Hostel gefunden. Auch unsere Gastgeberin in Ekaterinburg hatte uns nicht weiterhelfen k\u00f6nnen. Daher mussten wir uns eine andere Unterkunft suchen und hatten aus dem Internet und unserem Reisef\u00fchrer einige Informationen zusammen getragen:<\/p>\n<ol>\n<li>Angeblich wurden auf dem Bahnhofsplatz Apartments angeboten, die man f\u00fcr ein paar Tage mieten kann.<\/li>\n<li>Im Bahnhof selbst soll es Betten geben, die man mieten kann. Sicher nur eine Notl\u00f6sung, aber besser als ein teures Hotel<\/li>\n<li>In der N\u00e4he vom Bahnhof soll es ein g\u00fcnstiges Hotel geben, dessen Adresse wir hatten.<\/li>\n<\/ol>\n<div id=\"attachment_1209\" style=\"width: 810px\" class=\"wp-caption aligncenter\"><img loading=\"lazy\" decoding=\"async\" aria-describedby=\"caption-attachment-1209\" src=\"https:\/\/reisetier.de\/transsib\/wp-content\/uploads\/sites\/2\/2011\/07\/nowosibirsk-bahnhof.jpg\" alt=\"Der Bahnhof von Nowosibirsk\" title=\"nowosibirsk-bahnhof\" width=\"800\" height=\"370\" class=\"size-full wp-image-1209\" srcset=\"https:\/\/reisetier.de\/transsib\/wp-content\/uploads\/sites\/2\/2011\/07\/nowosibirsk-bahnhof.jpg 800w, https:\/\/reisetier.de\/transsib\/wp-content\/uploads\/sites\/2\/2011\/07\/nowosibirsk-bahnhof-300x139.jpg 300w, https:\/\/reisetier.de\/transsib\/wp-content\/uploads\/sites\/2\/2011\/07\/nowosibirsk-bahnhof-768x355.jpg 768w\" sizes=\"auto, (max-width: 800px) 100vw, 800px\" \/><p id=\"caption-attachment-1209\" class=\"wp-caption-text\">Der Bahnhof von Nowosibirsk<\/p><\/div>\n<p>Zun\u00e4chst versuchten wir es mit dem Bahnhofsplatz. Wir liefen dort ein wenig auf und ab, aber konnten nicht erkennen, dass jemand dort Wohnungen anbietet oder \u00fcberhaupt etwas anbietet. Und wahllos Passanten auf Englisch anzusprechen, schien uns auch wenig zielf\u00fchrend. Also wieder rein in den Bahnhof und die Bahnhofs-Betten suchen. Wir fanden zwar eine Art Rezeption, aber dort gab man uns recht unmissverst\u00e4ndlich zu verstehen, dass wir nicht erw\u00fcnscht sind. Also blieb nur die letzte Option und wir machten uns zum Hotel auf.<\/p>\n<p>An der Rezeption des Hotels konnte zwar mal wieder niemand Englisch aber hier hatte man so viel Gesch\u00e4ftssinn, dass man uns nicht davon jagte. Stattdessen wurde jemand angerufen, mit dem wir uns verst\u00e4ndigen konnten. Ich glaube, ich konnte am Telefon ganz gut r\u00fcber bringen, dass wir arme Backpacker sind, die sich eigentlich gar kein Hotel leisten k\u00f6nnen und das billigste Zimmer haben m\u00f6chten. So bekamen wir dann auch ein einfaches Zimmer mit zwei einzelnen Betten, wo noch ein Feldbett rein gestellt wurde. Dusche und Toilette befanden sich auf dem Gang und das Zimmer war im Endeffekt auch nicht teurer als ein Hostel.<\/p>\n<p>Wir erkundeten am Abend noch ein wenig die Gegend und waren begeistert. Alles war voller Caf\u00e9s, Kneipen und Bistros. Auch der unwahrscheinlich hohe Anteil an h\u00fcbschen Frauen fiel uns positiv auf. Wir kehrten nochmal zum Bahnhof zur\u00fcck, um Fahrkarten f\u00fcr die Weiterfahrt zu kaufen. Eigentlich wollten wir nur zwei Tage in Nowosibirsk verbringen. Wir mussten unsere Weiterfahrt dann aber nochmal um einen Tag verschieben, weil die Fahrkarten ausverkauft waren.<\/p>\n<p>Auch wenn man in der Transsibirischen Eisenbahn viel schl\u00e4ft, ist man nach der Fahrt ziemlich geschafft. Daher gingen wir an diesem Tag dann auch recht fr\u00fch schlafen. <img loading=\"lazy\" decoding=\"async\" src=\"https:\/\/ssl-vg03.met.vgwort.de\/na\/afd888ef36bd494ba91b9d572c02299a\" width=\"1\" height=\"1\" alt=\"\"><\/p>\n","protected":false},"excerpt":{"rendered":"<p>Reisetag 8 Am Anfang f\u00e4llt es immer etwas schwer, in der Transsibirischen Eisenbahn einzuschlafen. Nachdem man es aber schlie\u00dflich geschafft hat, passiert es irgendwie st\u00e4ndig. So gab es am zweiten Tag in der Transsibirischen Eisenbahn mehrere Vormittags- Mittags- und Nachmittags-Schl\u00e4fchen. \ud83d\ude09 Um 18 Uhr Ortszeit kamen wir schlie\u00dflich in Nowosibirsk an. Die Suche nach einer &#038;hellip <a class=\"read-excerpt\" href=\"https:\/\/reisetier.de\/transsib\/transsibirische-eisenbahn-tagebuch\/ankunft-nowosibirsk\/\">Continue reading <span class=\"meta-nav\">&raquo;<\/span><\/a><\/p>\n","protected":false},"author":1,"featured_media":0,"parent":789,"menu_order":166,"comment_status":"open","ping_status":"open","template":"","meta":{"footnotes":""},"class_list":["post-1201","page","type-page","status-publish","hentry"],"yoast_head":"<!-- This site is optimized with the Yoast SEO plugin v27.2 - https:\/\/yoast.com\/product\/yoast-seo-wordpress\/ -->\n<title>Nowosibirsk mit der Transsibirischen Eisenbahn<\/title>\n<meta name=\"description\" content=\"Hier berichte ich vom achten Tag unserer Fahrt mit der Transsibirischen Eisenbahn von Moskau bis nach Peking. Wir kommen in Nowosibirsk, der Hauptstadt Sibiriens an.\" \/>\n<meta name=\"robots\" content=\"index, follow, max-snippet:-1, max-image-preview:large, max-video-preview:-1\" \/>\n<link rel=\"canonical\" href=\"https:\/\/reisetier.de\/transsib\/transsibirische-eisenbahn-tagebuch\/ankunft-nowosibirsk\/\" \/>\n<meta property=\"og:locale\" content=\"de_DE\" \/>\n<meta property=\"og:type\" content=\"article\" \/>\n<meta property=\"og:title\" content=\"Nowosibirsk mit der Transsibirischen Eisenbahn\" \/>\n<meta property=\"og:description\" content=\"Hier berichte ich vom achten Tag unserer Fahrt mit der Transsibirischen Eisenbahn von Moskau bis nach Peking. Wir kommen in Nowosibirsk, der Hauptstadt Sibiriens an.\" \/>\n<meta property=\"og:url\" content=\"https:\/\/reisetier.de\/transsib\/transsibirische-eisenbahn-tagebuch\/ankunft-nowosibirsk\/\" \/>\n<meta property=\"og:site_name\" content=\"Die Transsibirische Eisenbahn\" \/>\n<meta property=\"og:image\" content=\"https:\/\/reisetier.de\/transsib\/wp-content\/uploads\/sites\/2\/2011\/07\/nowosibirsk-bahnhof.jpg\" \/>\n<meta name=\"twitter:card\" content=\"summary_large_image\" \/>\n<meta name=\"twitter:label1\" content=\"Gesch\u00e4tzte Lesezeit\" \/>\n\t<meta name=\"twitter:data1\" content=\"2\u00a0Minuten\" \/>\n<script type=\"application\/ld+json\" class=\"yoast-schema-graph\">{\"@context\":\"https:\/\/schema.org\",\"@graph\":[{\"@type\":\"WebPage\",\"@id\":\"https:\/\/reisetier.de\/transsib\/transsibirische-eisenbahn-tagebuch\/ankunft-nowosibirsk\/\",\"url\":\"https:\/\/reisetier.de\/transsib\/transsibirische-eisenbahn-tagebuch\/ankunft-nowosibirsk\/\",\"name\":\"Nowosibirsk mit der Transsibirischen Eisenbahn\",\"isPartOf\":{\"@id\":\"https:\/\/reisetier.de\/transsib\/#website\"},\"primaryImageOfPage\":{\"@id\":\"https:\/\/reisetier.de\/transsib\/transsibirische-eisenbahn-tagebuch\/ankunft-nowosibirsk\/#primaryimage\"},\"image\":{\"@id\":\"https:\/\/reisetier.de\/transsib\/transsibirische-eisenbahn-tagebuch\/ankunft-nowosibirsk\/#primaryimage\"},\"thumbnailUrl\":\"https:\/\/reisetier.de\/transsib\/wp-content\/uploads\/sites\/2\/2011\/07\/nowosibirsk-bahnhof.jpg\",\"datePublished\":\"2011-07-11T18:01:17+00:00\",\"description\":\"Hier berichte ich vom achten Tag unserer Fahrt mit der Transsibirischen Eisenbahn von Moskau bis nach Peking. Wir kommen in Nowosibirsk, der Hauptstadt Sibiriens an.\",\"breadcrumb\":{\"@id\":\"https:\/\/reisetier.de\/transsib\/transsibirische-eisenbahn-tagebuch\/ankunft-nowosibirsk\/#breadcrumb\"},\"inLanguage\":\"de\",\"potentialAction\":[{\"@type\":\"ReadAction\",\"target\":[\"https:\/\/reisetier.de\/transsib\/transsibirische-eisenbahn-tagebuch\/ankunft-nowosibirsk\/\"]}]},{\"@type\":\"ImageObject\",\"inLanguage\":\"de\",\"@id\":\"https:\/\/reisetier.de\/transsib\/transsibirische-eisenbahn-tagebuch\/ankunft-nowosibirsk\/#primaryimage\",\"url\":\"https:\/\/reisetier.de\/transsib\/wp-content\/uploads\/sites\/2\/2011\/07\/nowosibirsk-bahnhof.jpg\",\"contentUrl\":\"https:\/\/reisetier.de\/transsib\/wp-content\/uploads\/sites\/2\/2011\/07\/nowosibirsk-bahnhof.jpg\",\"width\":800,\"height\":370,\"caption\":\"Der Bahnhof von Nowosibirsk\"},{\"@type\":\"BreadcrumbList\",\"@id\":\"https:\/\/reisetier.de\/transsib\/transsibirische-eisenbahn-tagebuch\/ankunft-nowosibirsk\/#breadcrumb\",\"itemListElement\":[{\"@type\":\"ListItem\",\"position\":1,\"name\":\"Home\",\"item\":\"https:\/\/reisetier.de\/transsib\/\"},{\"@type\":\"ListItem\",\"position\":2,\"name\":\"Transsib Tagebuch\",\"item\":\"https:\/\/reisetier.de\/transsib\/transsibirische-eisenbahn-tagebuch\/\"},{\"@type\":\"ListItem\",\"position\":3,\"name\":\"Ankunft in Nowosibirsk\"}]},{\"@type\":\"WebSite\",\"@id\":\"https:\/\/reisetier.de\/transsib\/#website\",\"url\":\"https:\/\/reisetier.de\/transsib\/\",\"name\":\"Die Transsibirische Eisenbahn\",\"description\":\"Reisen durch Russland, die Mongolei und China\",\"potentialAction\":[{\"@type\":\"SearchAction\",\"target\":{\"@type\":\"EntryPoint\",\"urlTemplate\":\"https:\/\/reisetier.de\/transsib\/?s={search_term_string}\"},\"query-input\":{\"@type\":\"PropertyValueSpecification\",\"valueRequired\":true,\"valueName\":\"search_term_string\"}}],\"inLanguage\":\"de\"}]}<\/script>\n<!-- \/ Yoast SEO plugin. -->","yoast_head_json":{"title":"Nowosibirsk mit der Transsibirischen Eisenbahn","description":"Hier berichte ich vom achten Tag unserer Fahrt mit der Transsibirischen Eisenbahn von Moskau bis nach Peking. Wir kommen in Nowosibirsk, der Hauptstadt Sibiriens an.","robots":{"index":"index","follow":"follow","max-snippet":"max-snippet:-1","max-image-preview":"max-image-preview:large","max-video-preview":"max-video-preview:-1"},"canonical":"https:\/\/reisetier.de\/transsib\/transsibirische-eisenbahn-tagebuch\/ankunft-nowosibirsk\/","og_locale":"de_DE","og_type":"article","og_title":"Nowosibirsk mit der Transsibirischen Eisenbahn","og_description":"Hier berichte ich vom achten Tag unserer Fahrt mit der Transsibirischen Eisenbahn von Moskau bis nach Peking. Wir kommen in Nowosibirsk, der Hauptstadt Sibiriens an.","og_url":"https:\/\/reisetier.de\/transsib\/transsibirische-eisenbahn-tagebuch\/ankunft-nowosibirsk\/","og_site_name":"Die Transsibirische Eisenbahn","og_image":[{"url":"https:\/\/reisetier.de\/transsib\/wp-content\/uploads\/sites\/2\/2011\/07\/nowosibirsk-bahnhof.jpg","type":"","width":"","height":""}],"twitter_card":"summary_large_image","twitter_misc":{"Gesch\u00e4tzte Lesezeit":"2\u00a0Minuten"},"schema":{"@context":"https:\/\/schema.org","@graph":[{"@type":"WebPage","@id":"https:\/\/reisetier.de\/transsib\/transsibirische-eisenbahn-tagebuch\/ankunft-nowosibirsk\/","url":"https:\/\/reisetier.de\/transsib\/transsibirische-eisenbahn-tagebuch\/ankunft-nowosibirsk\/","name":"Nowosibirsk mit der Transsibirischen Eisenbahn","isPartOf":{"@id":"https:\/\/reisetier.de\/transsib\/#website"},"primaryImageOfPage":{"@id":"https:\/\/reisetier.de\/transsib\/transsibirische-eisenbahn-tagebuch\/ankunft-nowosibirsk\/#primaryimage"},"image":{"@id":"https:\/\/reisetier.de\/transsib\/transsibirische-eisenbahn-tagebuch\/ankunft-nowosibirsk\/#primaryimage"},"thumbnailUrl":"https:\/\/reisetier.de\/transsib\/wp-content\/uploads\/sites\/2\/2011\/07\/nowosibirsk-bahnhof.jpg","datePublished":"2011-07-11T18:01:17+00:00","description":"Hier berichte ich vom achten Tag unserer Fahrt mit der Transsibirischen Eisenbahn von Moskau bis nach Peking. Wir kommen in Nowosibirsk, der Hauptstadt Sibiriens an.","breadcrumb":{"@id":"https:\/\/reisetier.de\/transsib\/transsibirische-eisenbahn-tagebuch\/ankunft-nowosibirsk\/#breadcrumb"},"inLanguage":"de","potentialAction":[{"@type":"ReadAction","target":["https:\/\/reisetier.de\/transsib\/transsibirische-eisenbahn-tagebuch\/ankunft-nowosibirsk\/"]}]},{"@type":"ImageObject","inLanguage":"de","@id":"https:\/\/reisetier.de\/transsib\/transsibirische-eisenbahn-tagebuch\/ankunft-nowosibirsk\/#primaryimage","url":"https:\/\/reisetier.de\/transsib\/wp-content\/uploads\/sites\/2\/2011\/07\/nowosibirsk-bahnhof.jpg","contentUrl":"https:\/\/reisetier.de\/transsib\/wp-content\/uploads\/sites\/2\/2011\/07\/nowosibirsk-bahnhof.jpg","width":800,"height":370,"caption":"Der Bahnhof von Nowosibirsk"},{"@type":"BreadcrumbList","@id":"https:\/\/reisetier.de\/transsib\/transsibirische-eisenbahn-tagebuch\/ankunft-nowosibirsk\/#breadcrumb","itemListElement":[{"@type":"ListItem","position":1,"name":"Home","item":"https:\/\/reisetier.de\/transsib\/"},{"@type":"ListItem","position":2,"name":"Transsib Tagebuch","item":"https:\/\/reisetier.de\/transsib\/transsibirische-eisenbahn-tagebuch\/"},{"@type":"ListItem","position":3,"name":"Ankunft in Nowosibirsk"}]},{"@type":"WebSite","@id":"https:\/\/reisetier.de\/transsib\/#website","url":"https:\/\/reisetier.de\/transsib\/","name":"Die Transsibirische Eisenbahn","description":"Reisen durch Russland, die Mongolei und China","potentialAction":[{"@type":"SearchAction","target":{"@type":"EntryPoint","urlTemplate":"https:\/\/reisetier.de\/transsib\/?s={search_term_string}"},"query-input":{"@type":"PropertyValueSpecification","valueRequired":true,"valueName":"search_term_string"}}],"inLanguage":"de"}]}},"_links":{"self":[{"href":"https:\/\/reisetier.de\/transsib\/wp-json\/wp\/v2\/pages\/1201","targetHints":{"allow":["GET"]}}],"collection":[{"href":"https:\/\/reisetier.de\/transsib\/wp-json\/wp\/v2\/pages"}],"about":[{"href":"https:\/\/reisetier.de\/transsib\/wp-json\/wp\/v2\/types\/page"}],"author":[{"embeddable":true,"href":"https:\/\/reisetier.de\/transsib\/wp-json\/wp\/v2\/users\/1"}],"replies":[{"embeddable":true,"href":"https:\/\/reisetier.de\/transsib\/wp-json\/wp\/v2\/comments?post=1201"}],"version-history":[{"count":0,"href":"https:\/\/reisetier.de\/transsib\/wp-json\/wp\/v2\/pages\/1201\/revisions"}],"up":[{"embeddable":true,"href":"https:\/\/reisetier.de\/transsib\/wp-json\/wp\/v2\/pages\/789"}],"wp:attachment":[{"href":"https:\/\/reisetier.de\/transsib\/wp-json\/wp\/v2\/media?parent=1201"}],"curies":[{"name":"wp","href":"https:\/\/api.w.org\/{rel}","templated":true}]}}