{"id":1180,"date":"2011-06-29T18:21:38","date_gmt":"2011-06-29T17:21:38","guid":{"rendered":"http:\/\/www.transsib-tipps.de\/?page_id=1180"},"modified":"2011-06-29T18:21:38","modified_gmt":"2011-06-29T17:21:38","slug":"transsibirische-eisenbahn-ekaterinburg-nowosibirsk","status":"publish","type":"page","link":"https:\/\/reisetier.de\/transsib\/transsibirische-eisenbahn-tagebuch\/transsibirische-eisenbahn-ekaterinburg-nowosibirsk\/","title":{"rendered":"Wieder in der Transsibirischen Eisenbahn"},"content":{"rendered":"<h2>Reisetag 7<\/h2>\n<div id=\"attachment_1184\" style=\"width: 410px\" class=\"wp-caption alignright\"><img loading=\"lazy\" decoding=\"async\" aria-describedby=\"caption-attachment-1184\" src=\"https:\/\/reisetier.de\/transsib\/wp-content\/uploads\/sites\/2\/2011\/06\/ekaterinburg-bruecke.jpg\" alt=\"Eine Br\u00fccke in Ekaterinburg\" title=\"ekaterinburg-bruecke\" width=\"400\" height=\"300\" class=\"size-full wp-image-1184\" srcset=\"https:\/\/reisetier.de\/transsib\/wp-content\/uploads\/sites\/2\/2011\/06\/ekaterinburg-bruecke.jpg 400w, https:\/\/reisetier.de\/transsib\/wp-content\/uploads\/sites\/2\/2011\/06\/ekaterinburg-bruecke-300x225.jpg 300w\" sizes=\"auto, (max-width: 400px) 100vw, 400px\" \/><p id=\"caption-attachment-1184\" class=\"wp-caption-text\">Eine Br\u00fccke \u00fcber den Zufluss zum See in Ekaterinburg<\/p><\/div>\n<p>An unserem ersten Tag in Ekaterinburg hatten wir schon alles Sehenswerte abgeklappert. Es herrschte strahlender Sonnenschein und daher beschlossen wir einen gem\u00fctlichen Chill- und Lesetag am See zu machen. Es war schwieriger als erwartet, daf\u00fcr eine geeignete Stelle zu finden. Liegewiesen wie man sie aus Deutschland kennt, schienen nicht \u00fcblich zu sein. Schlie\u00dflich fanden wir eine Bank. Dort setzten wir uns hin und lasen unsere B\u00fccher. Wir genossen die Sonne, da wir wussten, dass wir den n\u00e4chsten Tag wieder in der Transsibirischen Eisenbahn verbringen werden.<\/p>\n<p>Gegen acht Uhr abends gingen wir zur\u00fcck zum Hostel, packten unsere Sachen und verabschiedeten uns. Ich hatte aus meinen Fehlern bei der ersten Fahrt gelernt und war diesmal deutlich besser vorbereitet. So hatte ich einen <a href=\"\/transsib\/reise-im-zug\/ablauf-der-fahrt\/\" target=\"_blank\" rel=\"noopener\">Zugrucksack<\/a> gepackt, wo alles drin war, was ich in der Transsibirischen Eisenbahn ben\u00f6tigte. Wir stiegen ein und bezogen diesmal unser eigenes Abteil. Wir fuhren wieder in der 3. Klasse, hatten also keine T\u00fcr. Aber endlich gab es Platz f\u00fcr unsere Sachen und einen gro\u00dfen Tisch, wo wir uns ausbreiten konnten.<\/p>\n<p>Wir lernten an dem Abend noch das Kartenspiel <a href=\"\/transsib\/russland\/durak\/\" target=\"_blank\" rel=\"noopener\">Durak<\/a>, was wohl jeder in Russland kennt. David konnte das Spiel und spielte es zun\u00e4chst mit einigen Einheimischen und erkl\u00e4rte uns dabei die Regeln. Sp\u00e4ter stiegen wir dann ein. Das Spiel macht wirklich Spa\u00df und ist eine gute M\u00f6glichkeit das ber\u00fchmte Eis zu brechen. Auch wenn wir unsere russischen Mitreisenden nicht verstanden, hatten wir so irgendwie eine Gemeinsamkeit.<\/p>\n<p>Bei dieser Fahrt f\u00fchlten wir uns richtig wohl in der Transsibirischen Eisenbahn. Wir hatten das Gef\u00fchl, wir k\u00f6nnten noch mehrere Tage so weiter fahren.<\/p>\n","protected":false},"excerpt":{"rendered":"<p>Reisetag 7 An unserem ersten Tag in Ekaterinburg hatten wir schon alles Sehenswerte abgeklappert. Es herrschte strahlender Sonnenschein und daher beschlossen wir einen gem\u00fctlichen Chill- und Lesetag am See zu machen. Es war schwieriger als erwartet, daf\u00fcr eine geeignete Stelle zu finden. Liegewiesen wie man sie aus Deutschland kennt, schienen nicht \u00fcblich zu sein. Schlie\u00dflich &#038;hellip <a class=\"read-excerpt\" href=\"https:\/\/reisetier.de\/transsib\/transsibirische-eisenbahn-tagebuch\/transsibirische-eisenbahn-ekaterinburg-nowosibirsk\/\">Continue reading <span class=\"meta-nav\">&raquo;<\/span><\/a><\/p>\n","protected":false},"author":1,"featured_media":0,"parent":789,"menu_order":162,"comment_status":"open","ping_status":"open","template":"","meta":{"footnotes":""},"class_list":["post-1180","page","type-page","status-publish","hentry"],"yoast_head":"<!-- This site is optimized with the Yoast SEO plugin v27.5 - https:\/\/yoast.com\/product\/yoast-seo-wordpress\/ -->\n<title>Wieder in der Transsibirischen Eisenbahn<\/title>\n<meta name=\"description\" content=\"Den siebten Tag unserer Reise mit der Transsibirischen Eisenbahn haben wir recht gem\u00fctlich verbracht. Abends sind wir dann wieder in die Transsib eingesteigen.\" \/>\n<meta name=\"robots\" content=\"index, follow, max-snippet:-1, max-image-preview:large, max-video-preview:-1\" \/>\n<link rel=\"canonical\" href=\"https:\/\/reisetier.de\/transsib\/transsibirische-eisenbahn-tagebuch\/transsibirische-eisenbahn-ekaterinburg-nowosibirsk\/\" \/>\n<meta property=\"og:locale\" content=\"de_DE\" \/>\n<meta property=\"og:type\" content=\"article\" \/>\n<meta property=\"og:title\" content=\"Wieder in der Transsibirischen Eisenbahn\" \/>\n<meta property=\"og:description\" content=\"Den siebten Tag unserer Reise mit der Transsibirischen Eisenbahn haben wir recht gem\u00fctlich verbracht. Abends sind wir dann wieder in die Transsib eingesteigen.\" \/>\n<meta property=\"og:url\" content=\"https:\/\/reisetier.de\/transsib\/transsibirische-eisenbahn-tagebuch\/transsibirische-eisenbahn-ekaterinburg-nowosibirsk\/\" \/>\n<meta property=\"og:site_name\" content=\"Die Transsibirische Eisenbahn\" \/>\n<meta property=\"og:image\" content=\"https:\/\/reisetier.de\/transsib\/wp-content\/uploads\/sites\/2\/2011\/06\/ekaterinburg-bruecke.jpg\" \/>\n<meta name=\"twitter:card\" content=\"summary_large_image\" \/>\n<meta name=\"twitter:label1\" content=\"Gesch\u00e4tzte Lesezeit\" \/>\n\t<meta name=\"twitter:data1\" content=\"1\u00a0Minute\" \/>\n<script type=\"application\/ld+json\" class=\"yoast-schema-graph\">{\"@context\":\"https:\\\/\\\/schema.org\",\"@graph\":[{\"@type\":\"WebPage\",\"@id\":\"https:\\\/\\\/reisetier.de\\\/transsib\\\/transsibirische-eisenbahn-tagebuch\\\/transsibirische-eisenbahn-ekaterinburg-nowosibirsk\\\/\",\"url\":\"https:\\\/\\\/reisetier.de\\\/transsib\\\/transsibirische-eisenbahn-tagebuch\\\/transsibirische-eisenbahn-ekaterinburg-nowosibirsk\\\/\",\"name\":\"Wieder in der Transsibirischen Eisenbahn\",\"isPartOf\":{\"@id\":\"https:\\\/\\\/reisetier.de\\\/transsib\\\/#website\"},\"primaryImageOfPage\":{\"@id\":\"https:\\\/\\\/reisetier.de\\\/transsib\\\/transsibirische-eisenbahn-tagebuch\\\/transsibirische-eisenbahn-ekaterinburg-nowosibirsk\\\/#primaryimage\"},\"image\":{\"@id\":\"https:\\\/\\\/reisetier.de\\\/transsib\\\/transsibirische-eisenbahn-tagebuch\\\/transsibirische-eisenbahn-ekaterinburg-nowosibirsk\\\/#primaryimage\"},\"thumbnailUrl\":\"https:\\\/\\\/reisetier.de\\\/transsib\\\/wp-content\\\/uploads\\\/sites\\\/2\\\/2011\\\/06\\\/ekaterinburg-bruecke.jpg\",\"datePublished\":\"2011-06-29T17:21:38+00:00\",\"description\":\"Den siebten Tag unserer Reise mit der Transsibirischen Eisenbahn haben wir recht gem\u00fctlich verbracht. Abends sind wir dann wieder in die Transsib eingesteigen.\",\"breadcrumb\":{\"@id\":\"https:\\\/\\\/reisetier.de\\\/transsib\\\/transsibirische-eisenbahn-tagebuch\\\/transsibirische-eisenbahn-ekaterinburg-nowosibirsk\\\/#breadcrumb\"},\"inLanguage\":\"de\",\"potentialAction\":[{\"@type\":\"ReadAction\",\"target\":[\"https:\\\/\\\/reisetier.de\\\/transsib\\\/transsibirische-eisenbahn-tagebuch\\\/transsibirische-eisenbahn-ekaterinburg-nowosibirsk\\\/\"]}]},{\"@type\":\"ImageObject\",\"inLanguage\":\"de\",\"@id\":\"https:\\\/\\\/reisetier.de\\\/transsib\\\/transsibirische-eisenbahn-tagebuch\\\/transsibirische-eisenbahn-ekaterinburg-nowosibirsk\\\/#primaryimage\",\"url\":\"https:\\\/\\\/reisetier.de\\\/transsib\\\/wp-content\\\/uploads\\\/sites\\\/2\\\/2011\\\/06\\\/ekaterinburg-bruecke.jpg\",\"contentUrl\":\"https:\\\/\\\/reisetier.de\\\/transsib\\\/wp-content\\\/uploads\\\/sites\\\/2\\\/2011\\\/06\\\/ekaterinburg-bruecke.jpg\",\"width\":400,\"height\":300,\"caption\":\"Eine Br\u00fccke \u00fcber den Zufluss zum See in Ekaterinburg\"},{\"@type\":\"BreadcrumbList\",\"@id\":\"https:\\\/\\\/reisetier.de\\\/transsib\\\/transsibirische-eisenbahn-tagebuch\\\/transsibirische-eisenbahn-ekaterinburg-nowosibirsk\\\/#breadcrumb\",\"itemListElement\":[{\"@type\":\"ListItem\",\"position\":1,\"name\":\"Home\",\"item\":\"https:\\\/\\\/reisetier.de\\\/transsib\\\/\"},{\"@type\":\"ListItem\",\"position\":2,\"name\":\"Transsib Tagebuch\",\"item\":\"https:\\\/\\\/reisetier.de\\\/transsib\\\/transsibirische-eisenbahn-tagebuch\\\/\"},{\"@type\":\"ListItem\",\"position\":3,\"name\":\"Wieder in der Transsibirischen Eisenbahn\"}]},{\"@type\":\"WebSite\",\"@id\":\"https:\\\/\\\/reisetier.de\\\/transsib\\\/#website\",\"url\":\"https:\\\/\\\/reisetier.de\\\/transsib\\\/\",\"name\":\"Die Transsibirische Eisenbahn\",\"description\":\"Reisen durch Russland, die Mongolei und China\",\"potentialAction\":[{\"@type\":\"SearchAction\",\"target\":{\"@type\":\"EntryPoint\",\"urlTemplate\":\"https:\\\/\\\/reisetier.de\\\/transsib\\\/?s={search_term_string}\"},\"query-input\":{\"@type\":\"PropertyValueSpecification\",\"valueRequired\":true,\"valueName\":\"search_term_string\"}}],\"inLanguage\":\"de\"}]}<\/script>\n<!-- \/ Yoast SEO plugin. -->","yoast_head_json":{"title":"Wieder in der Transsibirischen Eisenbahn","description":"Den siebten Tag unserer Reise mit der Transsibirischen Eisenbahn haben wir recht gem\u00fctlich verbracht. Abends sind wir dann wieder in die Transsib eingesteigen.","robots":{"index":"index","follow":"follow","max-snippet":"max-snippet:-1","max-image-preview":"max-image-preview:large","max-video-preview":"max-video-preview:-1"},"canonical":"https:\/\/reisetier.de\/transsib\/transsibirische-eisenbahn-tagebuch\/transsibirische-eisenbahn-ekaterinburg-nowosibirsk\/","og_locale":"de_DE","og_type":"article","og_title":"Wieder in der Transsibirischen Eisenbahn","og_description":"Den siebten Tag unserer Reise mit der Transsibirischen Eisenbahn haben wir recht gem\u00fctlich verbracht. Abends sind wir dann wieder in die Transsib eingesteigen.","og_url":"https:\/\/reisetier.de\/transsib\/transsibirische-eisenbahn-tagebuch\/transsibirische-eisenbahn-ekaterinburg-nowosibirsk\/","og_site_name":"Die Transsibirische Eisenbahn","og_image":[{"url":"https:\/\/reisetier.de\/transsib\/wp-content\/uploads\/sites\/2\/2011\/06\/ekaterinburg-bruecke.jpg","type":"","width":"","height":""}],"twitter_card":"summary_large_image","twitter_misc":{"Gesch\u00e4tzte Lesezeit":"1\u00a0Minute"},"schema":{"@context":"https:\/\/schema.org","@graph":[{"@type":"WebPage","@id":"https:\/\/reisetier.de\/transsib\/transsibirische-eisenbahn-tagebuch\/transsibirische-eisenbahn-ekaterinburg-nowosibirsk\/","url":"https:\/\/reisetier.de\/transsib\/transsibirische-eisenbahn-tagebuch\/transsibirische-eisenbahn-ekaterinburg-nowosibirsk\/","name":"Wieder in der Transsibirischen Eisenbahn","isPartOf":{"@id":"https:\/\/reisetier.de\/transsib\/#website"},"primaryImageOfPage":{"@id":"https:\/\/reisetier.de\/transsib\/transsibirische-eisenbahn-tagebuch\/transsibirische-eisenbahn-ekaterinburg-nowosibirsk\/#primaryimage"},"image":{"@id":"https:\/\/reisetier.de\/transsib\/transsibirische-eisenbahn-tagebuch\/transsibirische-eisenbahn-ekaterinburg-nowosibirsk\/#primaryimage"},"thumbnailUrl":"https:\/\/reisetier.de\/transsib\/wp-content\/uploads\/sites\/2\/2011\/06\/ekaterinburg-bruecke.jpg","datePublished":"2011-06-29T17:21:38+00:00","description":"Den siebten Tag unserer Reise mit der Transsibirischen Eisenbahn haben wir recht gem\u00fctlich verbracht. Abends sind wir dann wieder in die Transsib eingesteigen.","breadcrumb":{"@id":"https:\/\/reisetier.de\/transsib\/transsibirische-eisenbahn-tagebuch\/transsibirische-eisenbahn-ekaterinburg-nowosibirsk\/#breadcrumb"},"inLanguage":"de","potentialAction":[{"@type":"ReadAction","target":["https:\/\/reisetier.de\/transsib\/transsibirische-eisenbahn-tagebuch\/transsibirische-eisenbahn-ekaterinburg-nowosibirsk\/"]}]},{"@type":"ImageObject","inLanguage":"de","@id":"https:\/\/reisetier.de\/transsib\/transsibirische-eisenbahn-tagebuch\/transsibirische-eisenbahn-ekaterinburg-nowosibirsk\/#primaryimage","url":"https:\/\/reisetier.de\/transsib\/wp-content\/uploads\/sites\/2\/2011\/06\/ekaterinburg-bruecke.jpg","contentUrl":"https:\/\/reisetier.de\/transsib\/wp-content\/uploads\/sites\/2\/2011\/06\/ekaterinburg-bruecke.jpg","width":400,"height":300,"caption":"Eine Br\u00fccke \u00fcber den Zufluss zum See in Ekaterinburg"},{"@type":"BreadcrumbList","@id":"https:\/\/reisetier.de\/transsib\/transsibirische-eisenbahn-tagebuch\/transsibirische-eisenbahn-ekaterinburg-nowosibirsk\/#breadcrumb","itemListElement":[{"@type":"ListItem","position":1,"name":"Home","item":"https:\/\/reisetier.de\/transsib\/"},{"@type":"ListItem","position":2,"name":"Transsib Tagebuch","item":"https:\/\/reisetier.de\/transsib\/transsibirische-eisenbahn-tagebuch\/"},{"@type":"ListItem","position":3,"name":"Wieder in der Transsibirischen Eisenbahn"}]},{"@type":"WebSite","@id":"https:\/\/reisetier.de\/transsib\/#website","url":"https:\/\/reisetier.de\/transsib\/","name":"Die Transsibirische Eisenbahn","description":"Reisen durch Russland, die Mongolei und China","potentialAction":[{"@type":"SearchAction","target":{"@type":"EntryPoint","urlTemplate":"https:\/\/reisetier.de\/transsib\/?s={search_term_string}"},"query-input":{"@type":"PropertyValueSpecification","valueRequired":true,"valueName":"search_term_string"}}],"inLanguage":"de"}]}},"_links":{"self":[{"href":"https:\/\/reisetier.de\/transsib\/wp-json\/wp\/v2\/pages\/1180","targetHints":{"allow":["GET"]}}],"collection":[{"href":"https:\/\/reisetier.de\/transsib\/wp-json\/wp\/v2\/pages"}],"about":[{"href":"https:\/\/reisetier.de\/transsib\/wp-json\/wp\/v2\/types\/page"}],"author":[{"embeddable":true,"href":"https:\/\/reisetier.de\/transsib\/wp-json\/wp\/v2\/users\/1"}],"replies":[{"embeddable":true,"href":"https:\/\/reisetier.de\/transsib\/wp-json\/wp\/v2\/comments?post=1180"}],"version-history":[{"count":0,"href":"https:\/\/reisetier.de\/transsib\/wp-json\/wp\/v2\/pages\/1180\/revisions"}],"up":[{"embeddable":true,"href":"https:\/\/reisetier.de\/transsib\/wp-json\/wp\/v2\/pages\/789"}],"wp:attachment":[{"href":"https:\/\/reisetier.de\/transsib\/wp-json\/wp\/v2\/media?parent=1180"}],"curies":[{"name":"wp","href":"https:\/\/api.w.org\/{rel}","templated":true}]}}